{"id":9854,"date":"2020-07-21T22:18:24","date_gmt":"2020-07-21T20:18:24","guid":{"rendered":"https:\/\/dadade.eu\/?post_type=product&#038;p=9854"},"modified":"2023-09-11T16:10:31","modified_gmt":"2023-09-11T14:10:31","slug":"tuerstopper-elefant-der-klemmschutz-h607","status":"publish","type":"product","link":"https:\/\/dadade.eu\/?product=tuerstopper-elefant-der-klemmschutz-h607","title":{"rendered":"T\u00fcrstopper Elefant, der Klemmschutz (H607)"},"content":{"rendered":"<p>Mit dem Kauf erh\u00e4lt man eine leicht verst\u00e4ndliche H\u00e4kelanleitung im praktischen PDF-Format.<\/p>\n<p>Die Anleitung ist jedoch ausf\u00fchrlich mit vielen Bildern hinterlegt<\/p>\n<p>und wird auf ca 15 Seiten Schritt-f\u00fcr-Schritt beschrieben!<\/p>\n<p>Die Anleitung ist auch schon f\u00fcr Anf\u00e4nger geeignet.<\/p>\n<p>Die T\u00fcrstopper-Tiere kann man auch in meine Kr\u00e4nze h\u00e4ngen<\/p>\n<p>mehr Bilder von Haus und Deko<\/p>\n<p><strong><a href=\"https:\/\/dadade.eu\/?p=6620\">KLICKE HIER<\/a><\/strong><\/p>\n<p>&nbsp;<\/p>\n<p>&nbsp;<\/p>\n<p>&nbsp;<\/p>\n","protected":false},"excerpt":{"rendered":"<div id=\"cc-m-13954443088\" class=\"j-module n j-text \">\n<p>Hier kauft man nur die H\u00e4kelanleitung f\u00fcr diesen tierischen T\u00fcrstopper.<\/p>\n<p>Der Elefant h\u00e4ngt als Fingerklemmschutz einfach so rum, spielt ein bisschen mit der Maus und erf\u00fcllt l\u00e4ssig seine Aufgabe.<\/p>\n<p>Ist er an der T\u00fcr bedeutet eine Sorge weniger, denn es sch\u00fctzt die Kleinen vor Verletzungen.<\/p>\n<p>Er ist ein Unikat, ein absolutes Muss f\u00fcr alle Handarbeits-Freunde,<\/p>\n<p>Ein besonderes Geschenk, ob f\u00fcr Muttertag, einen Geburtstag, oder einfach als Mitbringsel.<\/p>\n<p>Diese praktischen, tierischen Freunde sind \u00fcberall herzlich Willkommen,<\/p>\n<p>Dieser T\u00fcrstopper ist mit der Nadelst\u00e4rke 3 geh\u00e4kelt, aber auch mit weicher Chenille-Wolle ist er der absolute Hit,<\/p>\n<p>Beim Kauf ab 3 Praktischen Helfer, im Warenkorb einfach den Gutschein-Code\u00a0<strong><span style=\"color: #ff0000;\">Praktische Helfer<\/span>\u00a0<\/strong>eingeben und schon bekommt ihr 20% Mengenrabatt auf die Praktischen Helfer.<\/p>\n<\/div>\n","protected":false},"featured_media":9858,"template":"","meta":[],"product_brand":[],"product_cat":[55,48,385],"product_tag":[242,649,650,660,322,87,94,93,194,92,321,181,632,633,195,320,95,96],"class_list":{"0":"post-9854","1":"product","2":"type-product","3":"status-publish","4":"has-post-thumbnail","6":"product_cat-1sehr-einfach","7":"product_cat-haus-deko","8":"product_cat-praktische-helfer","9":"product_tag-dekoration-haekeln","10":"product_tag-elefant","11":"product_tag-elefant-haekeln","12":"product_tag-elefant-mit-maus","13":"product_tag-fingerklemmschutz","14":"product_tag-geschenk","15":"product_tag-haekelanleitung","16":"product_tag-haekeln","17":"product_tag-kind","18":"product_tag-kinder","19":"product_tag-klemmschutz","20":"product_tag-lustig","21":"product_tag-maus","22":"product_tag-maus-haekeln","23":"product_tag-praesent","24":"product_tag-tuerstopper","25":"product_tag-wolle","26":"product_tag-wollreste","28":"first","29":"instock","30":"downloadable","31":"shipping-taxable","32":"purchasable","33":"product-type-simple"},"_links":{"self":[{"href":"https:\/\/dadade.eu\/index.php?rest_route=\/wp\/v2\/product\/9854","targetHints":{"allow":["GET"]}}],"collection":[{"href":"https:\/\/dadade.eu\/index.php?rest_route=\/wp\/v2\/product"}],"about":[{"href":"https:\/\/dadade.eu\/index.php?rest_route=\/wp\/v2\/types\/product"}],"wp:featuredmedia":[{"embeddable":true,"href":"https:\/\/dadade.eu\/index.php?rest_route=\/wp\/v2\/media\/9858"}],"wp:attachment":[{"href":"https:\/\/dadade.eu\/index.php?rest_route=%2Fwp%2Fv2%2Fmedia&parent=9854"}],"wp:term":[{"taxonomy":"product_brand","embeddable":true,"href":"https:\/\/dadade.eu\/index.php?rest_route=%2Fwp%2Fv2%2Fproduct_brand&post=9854"},{"taxonomy":"product_cat","embeddable":true,"href":"https:\/\/dadade.eu\/index.php?rest_route=%2Fwp%2Fv2%2Fproduct_cat&post=9854"},{"taxonomy":"product_tag","embeddable":true,"href":"https:\/\/dadade.eu\/index.php?rest_route=%2Fwp%2Fv2%2Fproduct_tag&post=9854"}],"curies":[{"name":"wp","href":"https:\/\/api.w.org\/{rel}","templated":true}]}}