{"id":9644,"date":"2017-02-18T19:21:56","date_gmt":"2017-02-18T18:21:56","guid":{"rendered":"https:\/\/dadade.eu\/?post_type=product&#038;p=9644"},"modified":"2023-03-31T03:50:22","modified_gmt":"2023-03-31T01:50:22","slug":"schaf-scheila-und-scharif-a130","status":"publish","type":"product","link":"https:\/\/dadade.eu\/?product=schaf-scheila-und-scharif-a130","title":{"rendered":"Schaf Scheila und Scharif  (A130)"},"content":{"rendered":"<p>die Beiden mal als Kuscheltier oder als Dekoration<\/p>\n<p><img decoding=\"async\" class=\"alignnone wp-image-9647\" src=\"https:\/\/dadade.eu\/wp-content\/uploads\/2023\/02\/Schaf-Scheila-und-Scharif-3-300x225.jpg\" alt=\"\" width=\"217\" height=\"163\" srcset=\"https:\/\/dadade.eu\/wp-content\/uploads\/2023\/02\/Schaf-Scheila-und-Scharif-3-300x225.jpg 300w, https:\/\/dadade.eu\/wp-content\/uploads\/2023\/02\/Schaf-Scheila-und-Scharif-3-600x450.jpg 600w, https:\/\/dadade.eu\/wp-content\/uploads\/2023\/02\/Schaf-Scheila-und-Scharif-3-64x48.jpg 64w, https:\/\/dadade.eu\/wp-content\/uploads\/2023\/02\/Schaf-Scheila-und-Scharif-3-1024x768.jpg 1024w, https:\/\/dadade.eu\/wp-content\/uploads\/2023\/02\/Schaf-Scheila-und-Scharif-3-768x576.jpg 768w, https:\/\/dadade.eu\/wp-content\/uploads\/2023\/02\/Schaf-Scheila-und-Scharif-3-1536x1152.jpg 1536w, https:\/\/dadade.eu\/wp-content\/uploads\/2023\/02\/Schaf-Scheila-und-Scharif-3-2048x1536.jpg 2048w\" sizes=\"(max-width: 217px) 100vw, 217px\" \/>die Beiden als Dekoration f\u00fcr Fr\u00fchling und Ostern<\/p>\n<p><img decoding=\"async\" class=\"alignnone wp-image-9664\" src=\"https:\/\/dadade.eu\/wp-content\/uploads\/2023\/02\/Schaf-Scheila-und-Scharif-Valentin-5-300x225.jpg\" alt=\"\" width=\"214\" height=\"161\" srcset=\"https:\/\/dadade.eu\/wp-content\/uploads\/2023\/02\/Schaf-Scheila-und-Scharif-Valentin-5-300x225.jpg 300w, https:\/\/dadade.eu\/wp-content\/uploads\/2023\/02\/Schaf-Scheila-und-Scharif-Valentin-5-600x450.jpg 600w, https:\/\/dadade.eu\/wp-content\/uploads\/2023\/02\/Schaf-Scheila-und-Scharif-Valentin-5-64x48.jpg 64w, https:\/\/dadade.eu\/wp-content\/uploads\/2023\/02\/Schaf-Scheila-und-Scharif-Valentin-5-1024x768.jpg 1024w, https:\/\/dadade.eu\/wp-content\/uploads\/2023\/02\/Schaf-Scheila-und-Scharif-Valentin-5-768x576.jpg 768w, https:\/\/dadade.eu\/wp-content\/uploads\/2023\/02\/Schaf-Scheila-und-Scharif-Valentin-5-1536x1152.jpg 1536w, https:\/\/dadade.eu\/wp-content\/uploads\/2023\/02\/Schaf-Scheila-und-Scharif-Valentin-5-2048x1536.jpg 2048w\" sizes=\"(max-width: 214px) 100vw, 214px\" \/>oder die Beiden mal zu Hochzeit oder Valentin verschenken<\/p>\n<p>Die Anleitung\u00a0 ist ausf\u00fchrlich mit vielen Bildern hinterlegt und wird auf je 25 Seiten Schritt-f\u00fcr-Schritt beschrieben!<\/p>\n<p>Sie ist auch schon f\u00fcr Anf\u00e4nger geeignet. Allerdings brauchen das H\u00e4keln der Noppen etwas \u00dcbung.<\/p>\n<p>&nbsp;<\/p>\n<p>MEHR VARIANTEN UND IDEEN von flei\u00dfigen Helfer und H\u00e4nden?<\/p>\n<p><a href=\"https:\/\/dadade.eu\/?p=11668\"><b>Klicke hier<\/b><\/a><\/p>\n<p>&nbsp;<\/p>\n<p>&nbsp;<\/p>\n<p>&nbsp;<\/p>\n","protected":false},"excerpt":{"rendered":"<div id=\"cc-m-13954443088\">\n<p>Hier kauft man die H\u00e4kelanleitung f\u00fcr das verliebte Schaf-Paar Frau Schaf Scheila, sowie Herr Schaf Scharif.<\/p>\n<p>Die Dekoration, z.b.<\/p>\n<p>-mit Herzen f\u00fcr Valentin,<\/p>\n<p>-f\u00fcr den Fr\u00fchling mit Gartenger\u00e4ten<\/p>\n<p>-oder f\u00fcr Ostern.<\/p>\n<p>Oder man h\u00e4kelt die Beiden mal mit Chenille-Wolle, einfach zum Spielen.<\/p>\n<p>Du brauchst ein witziges Geschenk, auch daf\u00fcr sind die Beiden bereit.<\/p>\n<p>&nbsp;<\/p>\n<p>Die Schafe sind mit der Nadelst\u00e4rke 2 geh\u00e4kelt ungef\u00e4hr 15cm hoch,<\/p>\n<p>&nbsp;<\/p>\n<p>Mit dem Kauf erh\u00e4ltst du eine leicht verst\u00e4ndliche H\u00e4kelanleitung im praktischen PDF-Format.<\/p>\n<p>Die Anleitung ist auch schon f\u00fcr Anf\u00e4nger geeignet.<\/p>\n<\/div>\n","protected":false},"featured_media":9660,"template":"","meta":[],"product_brand":[],"product_cat":[57,35,39,501,66],"product_tag":[90,622,242,616,182,617,613,87,610,94,93,92,489,245,345,180,88,243,244,181,114,91,392,506,426,624,623,390,183,95,96],"class_list":{"0":"post-9644","1":"product","2":"type-product","3":"status-publish","4":"has-post-thumbnail","6":"product_cat-3mittel","7":"product_cat-amigurumi","8":"product_cat-amigurumis-zum-kuscheln","9":"product_cat-ostern-amigurumi","10":"product_cat-mini","11":"product_tag-amigurumi","12":"product_tag-dadade","13":"product_tag-dekoration-haekeln","14":"product_tag-easter","15":"product_tag-fein","16":"product_tag-fest","17":"product_tag-funny","18":"product_tag-geschenk","19":"product_tag-gift","20":"product_tag-haekelanleitung","21":"product_tag-haekeln","22":"product_tag-kinder","23":"product_tag-kleid","24":"product_tag-kuschelige-haekeltiere","25":"product_tag-kuscheln","26":"product_tag-kuscheltier","27":"product_tag-kuscheltier-haekeln","28":"product_tag-kuschelwolle","29":"product_tag-kuschelwolle-haekeln","30":"product_tag-lustig","31":"product_tag-ostern","32":"product_tag-plueschtier","33":"product_tag-plueschtier-haekeln","34":"product_tag-regenbogen","35":"product_tag-schaf","36":"product_tag-schaefchen-haekeln","37":"product_tag-schaefchen-schaf-haekeln","38":"product_tag-schmetterling","39":"product_tag-witzig","40":"product_tag-wolle","41":"product_tag-wollreste","43":"first","44":"instock","45":"downloadable","46":"shipping-taxable","47":"purchasable","48":"product-type-simple"},"_links":{"self":[{"href":"https:\/\/dadade.eu\/index.php?rest_route=\/wp\/v2\/product\/9644","targetHints":{"allow":["GET"]}}],"collection":[{"href":"https:\/\/dadade.eu\/index.php?rest_route=\/wp\/v2\/product"}],"about":[{"href":"https:\/\/dadade.eu\/index.php?rest_route=\/wp\/v2\/types\/product"}],"wp:featuredmedia":[{"embeddable":true,"href":"https:\/\/dadade.eu\/index.php?rest_route=\/wp\/v2\/media\/9660"}],"wp:attachment":[{"href":"https:\/\/dadade.eu\/index.php?rest_route=%2Fwp%2Fv2%2Fmedia&parent=9644"}],"wp:term":[{"taxonomy":"product_brand","embeddable":true,"href":"https:\/\/dadade.eu\/index.php?rest_route=%2Fwp%2Fv2%2Fproduct_brand&post=9644"},{"taxonomy":"product_cat","embeddable":true,"href":"https:\/\/dadade.eu\/index.php?rest_route=%2Fwp%2Fv2%2Fproduct_cat&post=9644"},{"taxonomy":"product_tag","embeddable":true,"href":"https:\/\/dadade.eu\/index.php?rest_route=%2Fwp%2Fv2%2Fproduct_tag&post=9644"}],"curies":[{"name":"wp","href":"https:\/\/api.w.org\/{rel}","templated":true}]}}