{"id":9375,"date":"2016-01-15T23:53:21","date_gmt":"2016-01-15T22:53:21","guid":{"rendered":"https:\/\/dadade.eu\/?post_type=product&#038;p=9375"},"modified":"2025-02-24T14:27:32","modified_gmt":"2025-02-24T13:27:32","slug":"trio-tisch-set-hase-bestecktasche-eierwaermer-serviettenhalter-geschenk-hase-h201","status":"publish","type":"product","link":"https:\/\/dadade.eu\/?product=trio-tisch-set-hase-bestecktasche-eierwaermer-serviettenhalter-geschenk-hase-h201","title":{"rendered":"Tisch-Set Hase, Bestecktasche, Eierw\u00e4rmer, Serviettenhalter + Geschenk-Hase (H201)"},"content":{"rendered":"<p><img decoding=\"async\" class=\"alignnone wp-image-9380\" src=\"https:\/\/dadade.eu\/wp-content\/uploads\/2023\/02\/Bestecktasche-Hase-4-300x225.jpg\" alt=\"\" width=\"221\" height=\"166\" srcset=\"https:\/\/dadade.eu\/wp-content\/uploads\/2023\/02\/Bestecktasche-Hase-4-300x225.jpg 300w, https:\/\/dadade.eu\/wp-content\/uploads\/2023\/02\/Bestecktasche-Hase-4-600x450.jpg 600w, https:\/\/dadade.eu\/wp-content\/uploads\/2023\/02\/Bestecktasche-Hase-4-64x48.jpg 64w, https:\/\/dadade.eu\/wp-content\/uploads\/2023\/02\/Bestecktasche-Hase-4-1024x768.jpg 1024w, https:\/\/dadade.eu\/wp-content\/uploads\/2023\/02\/Bestecktasche-Hase-4-768x576.jpg 768w, https:\/\/dadade.eu\/wp-content\/uploads\/2023\/02\/Bestecktasche-Hase-4.jpg 1400w\" sizes=\"(max-width: 221px) 100vw, 221px\" \/> 1.Der Hase ist eine ganz besondere <strong>Bestecktasche<\/strong>. Der Hase kann das Besteck, und etwas S\u00fc\u00dfes festhalten, oder du steckst die Serviette vorne in die H\u00e4nde.<\/p>\n<p><img decoding=\"async\" class=\"alignnone wp-image-9381\" src=\"https:\/\/dadade.eu\/wp-content\/uploads\/2023\/02\/Eierwaermer-Hase-4-300x225.jpg\" alt=\"\" width=\"216\" height=\"162\" srcset=\"https:\/\/dadade.eu\/wp-content\/uploads\/2023\/02\/Eierwaermer-Hase-4-300x225.jpg 300w, https:\/\/dadade.eu\/wp-content\/uploads\/2023\/02\/Eierwaermer-Hase-4-600x450.jpg 600w, https:\/\/dadade.eu\/wp-content\/uploads\/2023\/02\/Eierwaermer-Hase-4-64x48.jpg 64w, https:\/\/dadade.eu\/wp-content\/uploads\/2023\/02\/Eierwaermer-Hase-4-1024x768.jpg 1024w, https:\/\/dadade.eu\/wp-content\/uploads\/2023\/02\/Eierwaermer-Hase-4-768x576.jpg 768w, https:\/\/dadade.eu\/wp-content\/uploads\/2023\/02\/Eierwaermer-Hase-4.jpg 1400w\" sizes=\"(max-width: 216px) 100vw, 216px\" \/>2.Der Hase, der witziger <strong>Eierw\u00e4rmer<\/strong>. Der Hase kann auch noch den Eierl\u00f6ffel halten, oder du steckst die Serviette vorne in die Arme. Die Eierw\u00e4rmer sind auch tolle Kantenhocker.<\/p>\n<p><img decoding=\"async\" class=\"alignnone wp-image-9382\" src=\"https:\/\/dadade.eu\/wp-content\/uploads\/2023\/02\/Servietten-Hase2-300x225.jpg\" alt=\"\" width=\"216\" height=\"162\" srcset=\"https:\/\/dadade.eu\/wp-content\/uploads\/2023\/02\/Servietten-Hase2-300x225.jpg 300w, https:\/\/dadade.eu\/wp-content\/uploads\/2023\/02\/Servietten-Hase2-600x450.jpg 600w, https:\/\/dadade.eu\/wp-content\/uploads\/2023\/02\/Servietten-Hase2-64x48.jpg 64w, https:\/\/dadade.eu\/wp-content\/uploads\/2023\/02\/Servietten-Hase2-1024x768.jpg 1024w, https:\/\/dadade.eu\/wp-content\/uploads\/2023\/02\/Servietten-Hase2-768x576.jpg 768w, https:\/\/dadade.eu\/wp-content\/uploads\/2023\/02\/Servietten-Hase2.jpg 1400w\" sizes=\"(max-width: 216px) 100vw, 216px\" \/>3.Der <strong>Serviettenhalter<\/strong> Hase; der Hase gibt es in 3 verschiedenen Varianten, jeder Hase hat andere Ohren, auch ideal f\u00fcr Wollreste zu verarbeiten. Diese Figuren kann man auch in meine Kr\u00e4nze setzen.<\/p>\n<p><img loading=\"lazy\" decoding=\"async\" class=\"alignnone wp-image-9385\" src=\"https:\/\/dadade.eu\/wp-content\/uploads\/2023\/02\/Geschenkverpackung4-300x225.jpg\" alt=\"\" width=\"211\" height=\"158\" srcset=\"https:\/\/dadade.eu\/wp-content\/uploads\/2023\/02\/Geschenkverpackung4-300x225.jpg 300w, https:\/\/dadade.eu\/wp-content\/uploads\/2023\/02\/Geschenkverpackung4-600x450.jpg 600w, https:\/\/dadade.eu\/wp-content\/uploads\/2023\/02\/Geschenkverpackung4-64x48.jpg 64w, https:\/\/dadade.eu\/wp-content\/uploads\/2023\/02\/Geschenkverpackung4-1024x768.jpg 1024w, https:\/\/dadade.eu\/wp-content\/uploads\/2023\/02\/Geschenkverpackung4-768x576.jpg 768w, https:\/\/dadade.eu\/wp-content\/uploads\/2023\/02\/Geschenkverpackung4-1536x1152.jpg 1536w, https:\/\/dadade.eu\/wp-content\/uploads\/2023\/02\/Geschenkverpackung4-2048x1536.jpg 2048w\" sizes=\"(max-width: 211px) 100vw, 211px\" \/>4.Der <strong>Geschenke Hase<\/strong>; der gro\u00dfe Hase ist f\u00fcr Geschenke und Geldgeschenke,\u00a0 Die Anleitung f\u00fcr den gefalteten Schmetterling ist auch dabei.<\/p>\n<p>Oder man kann Ihn auch in ein Osterk\u00f6rbchen setzten und als Tischdekoration in die Mitte stellen.<\/p>\n<p>Jede Anleitung ist jedoch ausf\u00fchrlich mit vielen Bildern hinterlegt und wird auf je 17 Seiten Schritt-f\u00fcr-Schritt beschrieben!<\/p>\n<p>mehr Bilder von Haus und Deko<\/p>\n<p><a href=\"https:\/\/dadade.eu\/?p=6620\"><strong>KLICKE HIER<\/strong><\/a><\/p>\n<p>&nbsp;<\/p>\n<p>&nbsp;<\/p>\n<p>&nbsp;<\/p>\n","protected":false},"excerpt":{"rendered":"<div id=\"cc-m-13954443088\" class=\"j-module n j-text \">\n<p>Hier kauft man nur die H\u00e4kelanleitung f\u00fcr dieses tolle Tischset, ob einzeln oder das ganze Set &#8211; hier hat man die Wahl.<\/p>\n<p>Bestecktasche, Eierw\u00e4rmer und der Serviettenhalter in 3 Varianten + der Geschenke-Hase (mit gefalteten Schmetterling)<\/p>\n<p>Die 3 verschiedenen Ohren k\u00f6nnen auch f\u00fcr den Eierw\u00e4rmer und die Bestecktasche genutzt werden.<\/p>\n<p>Jedes Fr\u00fchst\u00fcck, nicht nur an Ostern, wird mit diesen Hasen bunt und lustig.<\/p>\n<p>Ob einzeln oder alle zusammen, da wird das gemeinsame Essen zum richtigen Spa\u00df.<\/p>\n<p>Dieses Projekt ist auch prima geeignet, um Wollreste zu verarbeiten!<\/p>\n<p>&nbsp;<\/p>\n<p>Das Hase wird ; ungef\u00e4hr 15cm hoch<\/p>\n<p>die Geschenkverpackung 18cm<\/p>\n<p>&nbsp;<\/p>\n<\/div>\n","protected":false},"featured_media":9400,"template":"","meta":[],"product_brand":[],"product_cat":[56,51,48,387,383],"product_tag":[90,295,300,233,242,304,260,87,299,298,94,93,113,110,194,92,245,181,294,280,592,303,596,419,114,195,291,297,293,296,292,302,183,95,96],"class_list":{"0":"post-9375","1":"product","2":"type-product","3":"status-publish","4":"has-post-thumbnail","6":"product_cat-2einfach","7":"product_cat-fruehling-ostern","8":"product_cat-haus-deko","9":"product_cat-muttertag","10":"product_cat-tisch-dekoration","11":"product_tag-amigurumi","12":"product_tag-anleitung","13":"product_tag-bestecktasche","14":"product_tag-dekoration","15":"product_tag-dekoration-haekeln","16":"product_tag-eierwaermer","17":"product_tag-fruehling","18":"product_tag-geschenk","19":"product_tag-geschenkidee","20":"product_tag-geschenkverpackung","21":"product_tag-haekelanleitung","22":"product_tag-haekeln","23":"product_tag-hase","24":"product_tag-hase-haekeln","25":"product_tag-kind","26":"product_tag-kinder","27":"product_tag-kuschelige-haekeltiere","28":"product_tag-lustig","29":"product_tag-mitbringsel","30":"product_tag-muttertag","31":"product_tag-muttertag-haekeln","32":"product_tag-nest","33":"product_tag-osterhase","34":"product_tag-osterhase-haekeln","35":"product_tag-ostern","36":"product_tag-praesent","37":"product_tag-servietten","38":"product_tag-serviettenhalter","39":"product_tag-serviettenring","40":"product_tag-sommer","41":"product_tag-tischdekoration","42":"product_tag-winter","43":"product_tag-witzig","44":"product_tag-wolle","45":"product_tag-wollreste","47":"first","48":"instock","49":"shipping-taxable","50":"purchasable","51":"product-type-variable"},"_links":{"self":[{"href":"https:\/\/dadade.eu\/index.php?rest_route=\/wp\/v2\/product\/9375","targetHints":{"allow":["GET"]}}],"collection":[{"href":"https:\/\/dadade.eu\/index.php?rest_route=\/wp\/v2\/product"}],"about":[{"href":"https:\/\/dadade.eu\/index.php?rest_route=\/wp\/v2\/types\/product"}],"wp:featuredmedia":[{"embeddable":true,"href":"https:\/\/dadade.eu\/index.php?rest_route=\/wp\/v2\/media\/9400"}],"wp:attachment":[{"href":"https:\/\/dadade.eu\/index.php?rest_route=%2Fwp%2Fv2%2Fmedia&parent=9375"}],"wp:term":[{"taxonomy":"product_brand","embeddable":true,"href":"https:\/\/dadade.eu\/index.php?rest_route=%2Fwp%2Fv2%2Fproduct_brand&post=9375"},{"taxonomy":"product_cat","embeddable":true,"href":"https:\/\/dadade.eu\/index.php?rest_route=%2Fwp%2Fv2%2Fproduct_cat&post=9375"},{"taxonomy":"product_tag","embeddable":true,"href":"https:\/\/dadade.eu\/index.php?rest_route=%2Fwp%2Fv2%2Fproduct_tag&post=9375"}],"curies":[{"name":"wp","href":"https:\/\/api.w.org\/{rel}","templated":true}]}}