{"id":9239,"date":"2021-02-14T14:46:18","date_gmt":"2021-02-14T13:46:18","guid":{"rendered":"https:\/\/dadade.eu\/?post_type=product&#038;p=9239"},"modified":"2023-05-26T11:18:15","modified_gmt":"2023-05-26T09:18:15","slug":"esel-esmeralda-will-ein-einhorn-sein-a160","status":"publish","type":"product","link":"https:\/\/dadade.eu\/?product=esel-esmeralda-will-ein-einhorn-sein-a160","title":{"rendered":"ESEL Esmeralda, will ein Einhorn sein (A160)"},"content":{"rendered":"<p>Die Anleitung ist ausf\u00fchrlich mit vielen Bildern hinterlegt<\/p>\n<p>und wird auf 26 Seiten Schritt-f\u00fcr-Schritt beschrieben!<\/p>\n<p>Sie ist auch schon f\u00fcr Anf\u00e4nger geeignet.<\/p>\n<p>Hier findest du die ganze\u00a0 <span style=\"color: #339966;\"><strong><a style=\"color: #339966;\" href=\"https:\/\/dadade.eu\/?p=13808\">Geschichte der Esmeralda<\/a> <\/strong><\/span>von Esmeralda.<\/p>\n<p>&nbsp;<\/p>\n<p>MEHR VARIANTEN UND IDEEN von flei\u00dfigen Helfer und H\u00e4nden?<\/p>\n<p><a href=\"https:\/\/dadade.eu\/?p=6303\"><b>Klicke hier<\/b><\/a><\/p>\n<p>&nbsp;<\/p>\n<p>&nbsp;<\/p>\n<p>&nbsp;<\/p>\n","protected":false},"excerpt":{"rendered":"<div id=\"cc-m-13954443088\">\n<p>Hier kauft man die H\u00e4kelanleitung f\u00fcr dieses traurige, vertr\u00e4umte Eselchen,<\/p>\n<p>Esmeralda ist traurig, sie m\u00f6chte so gerne ein Einhorn sein.<\/p>\n<p>Als sie den Osterhasen mit den Farben sieht, hat sie eine Idee. Sie schnappt sich die Farben und malt sich selber an, bis sie so bunt wie ein Regenbogen-Einhorn ist. Und am Schlu\u00df bekommt sie auch noch ein Horn.<\/p>\n<p>Zu der Anleitung geh\u00f6ren auch die Farbt\u00f6pfe und die ganze <a href=\"https:\/\/dadade.eu\/?p=13808\"><strong>Geschichte von Esmeralda<\/strong><\/a>.<\/p>\n<p>Das Eselchen und die Geschichte wird von den Kindern und Eltern, geliebt.<\/p>\n<p>Mit dem Kauf erh\u00e4lt man eine leicht verst\u00e4ndliche H\u00e4kelanleitung im praktischen PDF-Format.<\/p>\n<p>Die Anleitung ist auch schon f\u00fcr Anf\u00e4nger geeignet.<\/p>\n<\/div>\n<div id=\"cc-m-13954443188\" class=\"j-module n j-text \">\n<p>&nbsp;<\/p>\n<p>Mit Nadelst\u00e4rke 4 geh\u00e4kelt, wird Esmeralda im Sitzen ungef\u00e4hr; 35 cm hoch<\/p>\n<p>&nbsp;<\/p>\n<\/div>\n","protected":false},"featured_media":9248,"template":"","meta":[],"product_brand":[],"product_cat":[56,35,39,69],"product_tag":[90,89,242,251,571,569,570,87,573,94,93,92,245,180,88,243,244,572,91,392,506,95,96],"class_list":{"0":"post-9239","1":"product","2":"type-product","3":"status-publish","4":"has-post-thumbnail","6":"product_cat-2einfach","7":"product_cat-amigurumi","8":"product_cat-amigurumis-zum-kuscheln","9":"product_cat-mittel","10":"product_tag-amigurumi","11":"product_tag-baby","12":"product_tag-dekoration-haekeln","13":"product_tag-einhorn","14":"product_tag-esel","15":"product_tag-esel-haekeln","16":"product_tag-eselchen-haekeln","17":"product_tag-geschenk","18":"product_tag-geschichte","19":"product_tag-haekelanleitung","20":"product_tag-haekeln","21":"product_tag-kinder","22":"product_tag-kuschelige-haekeltiere","23":"product_tag-kuscheltier","24":"product_tag-kuscheltier-haekeln","25":"product_tag-kuschelwolle","26":"product_tag-kuschelwolle-haekeln","27":"product_tag-maerchen","28":"product_tag-plueschtier","29":"product_tag-plueschtier-haekeln","30":"product_tag-regenbogen","31":"product_tag-wolle","32":"product_tag-wollreste","34":"first","35":"instock","36":"downloadable","37":"shipping-taxable","38":"purchasable","39":"product-type-simple"},"_links":{"self":[{"href":"https:\/\/dadade.eu\/index.php?rest_route=\/wp\/v2\/product\/9239","targetHints":{"allow":["GET"]}}],"collection":[{"href":"https:\/\/dadade.eu\/index.php?rest_route=\/wp\/v2\/product"}],"about":[{"href":"https:\/\/dadade.eu\/index.php?rest_route=\/wp\/v2\/types\/product"}],"wp:featuredmedia":[{"embeddable":true,"href":"https:\/\/dadade.eu\/index.php?rest_route=\/wp\/v2\/media\/9248"}],"wp:attachment":[{"href":"https:\/\/dadade.eu\/index.php?rest_route=%2Fwp%2Fv2%2Fmedia&parent=9239"}],"wp:term":[{"taxonomy":"product_brand","embeddable":true,"href":"https:\/\/dadade.eu\/index.php?rest_route=%2Fwp%2Fv2%2Fproduct_brand&post=9239"},{"taxonomy":"product_cat","embeddable":true,"href":"https:\/\/dadade.eu\/index.php?rest_route=%2Fwp%2Fv2%2Fproduct_cat&post=9239"},{"taxonomy":"product_tag","embeddable":true,"href":"https:\/\/dadade.eu\/index.php?rest_route=%2Fwp%2Fv2%2Fproduct_tag&post=9239"}],"curies":[{"name":"wp","href":"https:\/\/api.w.org\/{rel}","templated":true}]}}