{"id":8689,"date":"2023-01-11T23:21:55","date_gmt":"2023-01-11T22:21:55","guid":{"rendered":"https:\/\/dadade.eu\/?post_type=product&#038;p=8689"},"modified":"2024-01-15T15:22:09","modified_gmt":"2024-01-15T14:22:09","slug":"h000-12-viele-verschiedene-kraenze-fuer-ostern","status":"publish","type":"product","link":"https:\/\/dadade.eu\/?product=h000-12-viele-verschiedene-kraenze-fuer-ostern","title":{"rendered":"H000-12 &#8211; viele verschiedene Kr\u00e4nze f\u00fcr Ostern"},"content":{"rendered":"<p><strong>ganz viele Kr\u00e4nze, <\/strong><strong>mit vielen tolle Dekorations-Ideen und Tieren<\/strong><\/p>\n<p><strong>die Kr\u00e4nze findet ihr bei <a href=\"https:\/\/dadade.eu\/?product_cat=haus-deko\">Haus &amp; Deko<\/a><\/strong><\/p>\n<p><a href=\"https:\/\/dadade.eu\/?product=kranz-deko-moni-moehrchen-h000\"><strong><u>H000 Moni M\u00f6hrchen<\/u><\/strong><\/a><\/p>\n<p><a href=\"https:\/\/dadade.eu\/?product=kleiner-tannen-kranz-h001\"><strong><u>H001 kleiner Tannen-Kranz<\/u><\/strong><\/a><\/p>\n<p><a href=\"https:\/\/dadade.eu\/?product=grosser-tannen-kranz-h002\"><strong><u>H002 gro\u00dfer Tannen-Kranz<\/u><\/strong><\/a><\/p>\n<p><a href=\"https:\/\/dadade.eu\/?product=kranz-kleeblatt-h003\"><strong><u>H003 Kranz Kleeblatt<\/u><\/strong><\/a><\/p>\n<p><a href=\"https:\/\/dadade.eu\/?product=kranz-blume-h004\"><strong><u>H004 Kranz Blume<\/u><\/strong><\/a><\/p>\n<p><a href=\"https:\/\/dadade.eu\/?product=kranz-regenbogen-h005\"><strong><u>H005 Kranz Regenbogen<\/u><\/strong><\/a><\/p>\n<p><a href=\"https:\/\/dadade.eu\/?product=kranz-narzisse-h006\"><strong><u>H006 Kranz Narzisse<\/u><\/strong><\/a><\/p>\n<p><a href=\"https:\/\/dadade.eu\/?product=kranz-rund-h007\"><strong><u>H007 Kranz rund<\/u><\/strong><\/a><\/p>\n<p><u><\/u><strong><u><a href=\"https:\/\/dadade.eu\/?product=kranz-kleines-herz-h008\">H008 Kranz kleines Herz<\/a><\/u><\/strong><\/p>\n<p><a href=\"https:\/\/dadade.eu\/?product=kranz-grosses-herz-h009\"><strong><u>H009 Kranz gro\u00dfes Herz<\/u><\/strong><\/a><\/p>\n<p><strong><u><a href=\"https:\/\/dadade.eu\/?product=kranz-kleiner-stern-h011\">H011 Kranz kleiner Stern<\/a><\/u><\/strong><\/p>\n<p><a href=\"https:\/\/dadade.eu\/?product=kranz-grosser-stern-h012\"><strong><u>H012 Kranz gro\u00dfer Stern<\/u><\/strong><\/a><\/p>\n<p>&nbsp;<\/p>\n<p>mehr Bilder von den Kr\u00e4nzen, von flei\u00dfigen Helfer und H\u00e4nde findet ihr hier<\/p>\n<p><strong><a href=\"https:\/\/dadade.eu\/?p=6679\">KLICKE HIER<\/a><\/strong><\/p>\n<p>&nbsp;<\/p>\n<p>&nbsp;<\/p>\n","protected":false},"excerpt":{"rendered":"<div id=\"cc-m-13954443088\" class=\"j-module n j-text \">\n<p>hier gibt es viele verschiedene Kr\u00e4nze nicht nur f\u00fcr Ostern, sie sind alle geh\u00e4kelt,<\/p>\n<p>dazu gibt es verschiedene Kranz-Deko-Tiere, diese Tiere sind alle f\u00fcr die Kr\u00e4nze entworfen worden. Tiere und Kr\u00e4nze kann man kombinieren, wie man will.<\/p>\n<p>Lass deiner Fantasie freien Lauf, und dekorier das Herz nach Lust und Laune.<\/p>\n<p><strong>Warum die Kr\u00e4nze h\u00e4keln??<\/strong><\/p>\n<p>man kann sie immer wieder leicht umdekorieren<\/p>\n<p>diese Kr\u00e4nze kann man waschen<\/p>\n<p>die Kr\u00e4nze haben mal eine ungew\u00f6hnliche Form<\/p>\n<p>diese geh\u00e4kelten Kr\u00e4nze bietet viele Deko-M\u00f6glichkeiten, als T\u00fcrkranz oder als Tischdeko<\/p>\n<p>Die Tiere dienen nur zu Dekorationszwecken, die Anleitungen f\u00fcr die verschiedenen Tiere kann man auch bei mir erwerben.<\/p>\n<p><strong><a href=\"https:\/\/dadade.eu\/?p=8021\">mehr Bilder findet ihr hier<\/a><\/strong>\u00a0mit noch vielen tolle Deko-Ideen<\/p>\n<p>&nbsp;<\/p>\n<p>&nbsp;<\/p>\n<\/div>\n","protected":false},"featured_media":8741,"template":"","meta":[],"product_brand":[],"product_cat":[51,382],"product_tag":[90,242,260,87,94,93,126,279,278,281,257,256,541,243,244,181,280,542,114,195,296,258,274,276,302,95,96],"class_list":{"0":"post-8689","1":"product","2":"type-product","3":"status-publish","4":"has-post-thumbnail","6":"product_cat-fruehling-ostern","7":"product_cat-kraenze","8":"product_tag-amigurumi","9":"product_tag-dekoration-haekeln","10":"product_tag-fruehling","11":"product_tag-geschenk","12":"product_tag-haekelanleitung","13":"product_tag-haekeln","14":"product_tag-herbst","15":"product_tag-herz","16":"product_tag-herz-haekeln","17":"product_tag-hochzeit","18":"product_tag-kranz","19":"product_tag-kranz-haekeln","20":"product_tag-kraenze-fuer-ostern","21":"product_tag-kuschelwolle","22":"product_tag-kuschelwolle-haekeln","23":"product_tag-lustig","24":"product_tag-muttertag","25":"product_tag-osterdekoration","26":"product_tag-ostern","27":"product_tag-praesent","28":"product_tag-sommer","29":"product_tag-tuerkranz-haekeln","30":"product_tag-tuerkranz-muttertag","31":"product_tag-valentin","32":"product_tag-winter","33":"product_tag-wolle","34":"product_tag-wollreste","36":"first","37":"instock","38":"shipping-taxable","39":"product-type-simple"},"_links":{"self":[{"href":"https:\/\/dadade.eu\/index.php?rest_route=\/wp\/v2\/product\/8689","targetHints":{"allow":["GET"]}}],"collection":[{"href":"https:\/\/dadade.eu\/index.php?rest_route=\/wp\/v2\/product"}],"about":[{"href":"https:\/\/dadade.eu\/index.php?rest_route=\/wp\/v2\/types\/product"}],"wp:featuredmedia":[{"embeddable":true,"href":"https:\/\/dadade.eu\/index.php?rest_route=\/wp\/v2\/media\/8741"}],"wp:attachment":[{"href":"https:\/\/dadade.eu\/index.php?rest_route=%2Fwp%2Fv2%2Fmedia&parent=8689"}],"wp:term":[{"taxonomy":"product_brand","embeddable":true,"href":"https:\/\/dadade.eu\/index.php?rest_route=%2Fwp%2Fv2%2Fproduct_brand&post=8689"},{"taxonomy":"product_cat","embeddable":true,"href":"https:\/\/dadade.eu\/index.php?rest_route=%2Fwp%2Fv2%2Fproduct_cat&post=8689"},{"taxonomy":"product_tag","embeddable":true,"href":"https:\/\/dadade.eu\/index.php?rest_route=%2Fwp%2Fv2%2Fproduct_tag&post=8689"}],"curies":[{"name":"wp","href":"https:\/\/api.w.org\/{rel}","templated":true}]}}