{"id":8469,"date":"2021-02-11T10:39:45","date_gmt":"2021-02-11T09:39:45","guid":{"rendered":"https:\/\/dadade.eu\/?post_type=product&#038;p=8469"},"modified":"2025-12-14T11:51:02","modified_gmt":"2025-12-14T10:51:02","slug":"deko-schwein-kranz-h051","status":"publish","type":"product","link":"https:\/\/dadade.eu\/?product=deko-schwein-kranz-h051","title":{"rendered":"Deko &#8211; Schwein &#038; Kranz (H051)"},"content":{"rendered":"<p>einfach einen Kranz ausw\u00e4hlen und schon wandern Kranz und Deko-Tier Schwein in den Warenkorb<\/p>\n<p><img decoding=\"async\" class=\"alignnone wp-image-8560\" src=\"https:\/\/dadade.eu\/wp-content\/uploads\/2023\/02\/xkranz-kleeblatt-mit-Schwein-22-300x225.jpg\" alt=\"\" width=\"243\" height=\"182\" srcset=\"https:\/\/dadade.eu\/wp-content\/uploads\/2023\/02\/xkranz-kleeblatt-mit-Schwein-22-300x225.jpg 300w, https:\/\/dadade.eu\/wp-content\/uploads\/2023\/02\/xkranz-kleeblatt-mit-Schwein-22-600x450.jpg 600w, https:\/\/dadade.eu\/wp-content\/uploads\/2023\/02\/xkranz-kleeblatt-mit-Schwein-22-64x48.jpg 64w, https:\/\/dadade.eu\/wp-content\/uploads\/2023\/02\/xkranz-kleeblatt-mit-Schwein-22-1024x768.jpg 1024w, https:\/\/dadade.eu\/wp-content\/uploads\/2023\/02\/xkranz-kleeblatt-mit-Schwein-22-768x576.jpg 768w, https:\/\/dadade.eu\/wp-content\/uploads\/2023\/02\/xkranz-kleeblatt-mit-Schwein-22.jpg 1400w\" sizes=\"(max-width: 243px) 100vw, 243px\" \/>Die Deko-Tiere sind <span style=\"color: #ff0000;\"><strong>keine<\/strong><\/span> vollst\u00e4ndiges Kuscheltiere. Das vollst\u00e4ndige Kuscheltier <strong><a href=\"https:\/\/dadade.eu\/?product=schwein-scharlie-schlau-zum-kuscheln-a151\">Schwein Scharlie Schlau<\/a><\/strong> findet ihr hier.<\/p>\n<p>Die Anleitung ist ausf\u00fchrlich mit vielen Bildern hinterlegt und wird auf 14 Seiten Schritt-f\u00fcr-Schritt beschrieben!<\/p>\n<p>Mit dem Kauf erh\u00e4lt man eine leicht verst\u00e4ndliche H\u00e4kelanleitung im praktischen PDF-Format.<\/p>\n<p>Die Anleitung ist auch schon f\u00fcr Anf\u00e4nger geeignet.<\/p>\n<p>&nbsp;<\/p>\n<p>MEHR VARIANTEN UND IDEEN FINDET IHR HIER<\/p>\n<p><strong>die Kr\u00e4nze findet ihr auch einzeln mit vielen Bildern bei <a href=\"https:\/\/dadade.eu\/?product_cat=kraenze\">Kr\u00e4nze<\/a><\/strong><\/p>\n<p>mehr Bilder von den Kr\u00e4nzen, von flei\u00dfigen Helfer und H\u00e4nde findet ihr hier<\/p>\n<p><strong><a href=\"https:\/\/dadade.eu\/?p=6679\">KLICKE HIER<\/a><\/strong><\/p>\n","protected":false},"excerpt":{"rendered":"<p>Hier kauft man <strong>2 H\u00e4kelanleitungen<\/strong> zusammen<\/p>\n<ol>\n<li>f\u00fcr dieses verr\u00fcckte Schwein, dieses Schwein ist nur zur Dekoration meiner Kr\u00e4nze entworfen worden. Es ist <span style=\"color: #ff0000;\"><strong>kein<\/strong><\/span> vollst\u00e4ndiges Kuscheltier.<\/li>\n<li>eine Anleitung f\u00fcr einen meiner Kr\u00e4nzen, den man sich aus verschiedenen Kr\u00e4nzen, aussuchen kann.<\/li>\n<\/ol>\n<p>Das Schwein h\u00e4ngt einfach so im Kranz rum und sieht aus, als h\u00e4tte es schon zu tief ins Glas geguckt. Es hei\u00dft, als T\u00fcrkranz, jeden Gast herzlich willkommen.<\/p>\n<p>vor allem f\u00fcr Silvester ist es als Tischdeko oder T\u00fcrkranz der Hammer, die Anleitung f\u00fcr den Zylinder liegt auch dabei.<\/p>\n<p>Das Schwein f\u00fchlt sich auch das ganze Jahr \u00fcber im Kinderzimmer wohl \u2013 vielleicht sogar als T\u00fcrschild mit Namen.<\/p>\n<p>Lass deiner Fantasie freien Lauf, und dekorier den Kranz nach Lust und Laune.<\/p>\n<p><strong><a href=\"https:\/\/dadade.eu\/?p=8021\">mehr Bilder findet ihr hier<\/a><\/strong>\u00a0mit noch vielen tolle Deko-Ideen<\/p>\n<p>&nbsp;<\/p>\n<p>Mit der Nadelst\u00e4rke 4 wird das Schwein ungef\u00e4hr; 30cm hoch<\/p>\n","protected":false},"featured_media":8487,"template":"","meta":[],"product_brand":[],"product_cat":[56,48,382,69,386,384],"product_tag":[282,233,242,260,87,529,257,256,531,180,243,271,114,506,422,533,135,534,519,526,284,258,530,527,273,525,528],"class_list":{"0":"post-8469","1":"product","2":"type-product","3":"status-publish","4":"has-post-thumbnail","6":"product_cat-2einfach","7":"product_cat-haus-deko","8":"product_cat-kraenze","9":"product_cat-mittel","10":"product_cat-silvester","11":"product_cat-winter-weihnachten","12":"product_tag-blume","13":"product_tag-dekoration","14":"product_tag-dekoration-haekeln","15":"product_tag-fruehling","16":"product_tag-geschenk","17":"product_tag-kleeblatt","18":"product_tag-kranz","19":"product_tag-kranz-haekeln","20":"product_tag-kranz-regenbogen","21":"product_tag-kuscheltier","22":"product_tag-kuschelwolle","23":"product_tag-narzisse","24":"product_tag-ostern","25":"product_tag-regenbogen","26":"product_tag-schwein","27":"product_tag-schwein-haekeln","28":"product_tag-silvester","29":"product_tag-silvester-tischdekoration","30":"product_tag-tannenkranz","31":"product_tag-tuerkranz","32":"product_tag-tuerkranz-blume","33":"product_tag-tuerkranz-haekeln","34":"product_tag-tuerkranz-kleeblatt","35":"product_tag-tuerkranz-moehre","36":"product_tag-tuerkranz-narzisse","37":"product_tag-tuerkranz-schaf","38":"product_tag-tuerkranz-tanne","40":"first","41":"instock","42":"shipping-taxable","43":"purchasable","44":"product-type-variable"},"_links":{"self":[{"href":"https:\/\/dadade.eu\/index.php?rest_route=\/wp\/v2\/product\/8469","targetHints":{"allow":["GET"]}}],"collection":[{"href":"https:\/\/dadade.eu\/index.php?rest_route=\/wp\/v2\/product"}],"about":[{"href":"https:\/\/dadade.eu\/index.php?rest_route=\/wp\/v2\/types\/product"}],"wp:featuredmedia":[{"embeddable":true,"href":"https:\/\/dadade.eu\/index.php?rest_route=\/wp\/v2\/media\/8487"}],"wp:attachment":[{"href":"https:\/\/dadade.eu\/index.php?rest_route=%2Fwp%2Fv2%2Fmedia&parent=8469"}],"wp:term":[{"taxonomy":"product_brand","embeddable":true,"href":"https:\/\/dadade.eu\/index.php?rest_route=%2Fwp%2Fv2%2Fproduct_brand&post=8469"},{"taxonomy":"product_cat","embeddable":true,"href":"https:\/\/dadade.eu\/index.php?rest_route=%2Fwp%2Fv2%2Fproduct_cat&post=8469"},{"taxonomy":"product_tag","embeddable":true,"href":"https:\/\/dadade.eu\/index.php?rest_route=%2Fwp%2Fv2%2Fproduct_tag&post=8469"}],"curies":[{"name":"wp","href":"https:\/\/api.w.org\/{rel}","templated":true}]}}