{"id":8343,"date":"2020-11-10T13:03:02","date_gmt":"2020-11-10T12:03:02","guid":{"rendered":"https:\/\/dadade.eu\/?post_type=product&#038;p=8343"},"modified":"2023-02-17T00:12:32","modified_gmt":"2023-02-16T23:12:32","slug":"tuer-kranz-deko-tiere-schaf-kranz-h050","status":"publish","type":"product","link":"https:\/\/dadade.eu\/?product=tuer-kranz-deko-tiere-schaf-kranz-h050","title":{"rendered":"Deko &#8211; Schaf &#038; Kranz (H050)"},"content":{"rendered":"<p>einfach einen Kranz ausw\u00e4hlen und schon wandern Kranz und Deko-Tier Schaf in den Warenkorb<\/p>\n<p><img decoding=\"async\" class=\"alignnone wp-image-8563\" src=\"https:\/\/dadade.eu\/wp-content\/uploads\/2020\/11\/x2Schaefchen-Schantal-1-300x225.jpg\" alt=\"\" width=\"211\" height=\"158\" srcset=\"https:\/\/dadade.eu\/wp-content\/uploads\/2020\/11\/x2Schaefchen-Schantal-1-300x225.jpg 300w, https:\/\/dadade.eu\/wp-content\/uploads\/2020\/11\/x2Schaefchen-Schantal-1-600x450.jpg 600w, https:\/\/dadade.eu\/wp-content\/uploads\/2020\/11\/x2Schaefchen-Schantal-1-64x48.jpg 64w, https:\/\/dadade.eu\/wp-content\/uploads\/2020\/11\/x2Schaefchen-Schantal-1-1024x768.jpg 1024w, https:\/\/dadade.eu\/wp-content\/uploads\/2020\/11\/x2Schaefchen-Schantal-1-768x576.jpg 768w, https:\/\/dadade.eu\/wp-content\/uploads\/2020\/11\/x2Schaefchen-Schantal-1.jpg 1400w\" sizes=\"(max-width: 211px) 100vw, 211px\" \/>Die Deko-Tiere sind <span style=\"color: #ff0000;\"><strong>keine<\/strong><\/span> vollst\u00e4ndiges Kuscheltiere. Das vollst\u00e4ndige Kuscheltier <strong><a href=\"https:\/\/dadade.eu\/?product=schaf-schantal-das-schlummerschaefchen-a150\">Schaf Schantal<\/a><\/strong> findet ihr hier.<\/p>\n<p>Die Anleitung ist ausf\u00fchrlich mit vielen Bildern hinterlegt und wird auf 15 Seiten Schritt-f\u00fcr-Schritt beschrieben!<\/p>\n<p>Mit dem Kauf erh\u00e4lt man eine leicht verst\u00e4ndliche H\u00e4kelanleitung im praktischen PDF-Format.<\/p>\n<p>Die Anleitung ist auch schon f\u00fcr Anf\u00e4nger geeignet.<\/p>\n<p>&nbsp;<\/p>\n<p>MEHR VARIANTEN UND IDEEN FINDET IHR HIER<\/p>\n<p><strong>die Kr\u00e4nze findet ihr auch einzeln mit vielen Bildern bei <a href=\"https:\/\/dadade.eu\/?product_cat=kraenze\">Kr\u00e4nze<\/a><\/strong><\/p>\n<p>mehr Bilder von den Kr\u00e4nzen, von flei\u00dfigen Helfer und H\u00e4nde findet ihr hier<\/p>\n<p><strong><a href=\"https:\/\/dadade.eu\/?p=6679\">KLICKE HIER<\/a><\/strong><\/p>\n","protected":false},"excerpt":{"rendered":"<p>Hier kauft man <strong>2 H\u00e4kelanleitungen<\/strong> zusammen<\/p>\n<ol>\n<li>f\u00fcr dieses tolle Schaf, dieses Schaf ist nur zur Dekoration meiner Kr\u00e4nze entworfen worden. Es ist <span style=\"color: #ff0000;\"><strong>kein<\/strong><\/span> vollst\u00e4ndiges Kuscheltier.<\/li>\n<li>eine Anleitung f\u00fcr einen meiner Kr\u00e4nzen, den man sich aus verschiedenen Kr\u00e4nzen, aussuchen kann.<\/li>\n<\/ol>\n<p>Das Schaf \u00a0h\u00e4ngt einfach so im Kranz rum und geniest den Tag und hei\u00dft, als T\u00fcrkranz, jeden Gast herzlich willkommen.<\/p>\n<p>z.B auch f\u00fcr Weihnachten &#8211; die Anleitung f\u00fcr Weihnachts-M\u00fctze und Schal liegt auch dabei.<\/p>\n<p>Das Schaf f\u00fchlt sich auch das ganze Jahr \u00fcber im Kinderzimmer wohl \u2013 vielleicht sogar als T\u00fcrschild mit Namen.<\/p>\n<p>Der Vorteil von diesem Schaf, es wird nicht mit Noppen gearbeitet, extra f\u00fcr alle die keinen Noppen h\u00e4keln k\u00f6nnen oder wollen.<\/p>\n<p>Lass deiner Fantasie freien Lauf, und dekorier den Kranz nach Lust und Laune.<\/p>\n<p><strong><a href=\"https:\/\/dadade.eu\/?p=8021\">mehr Bilder findet ihr hier<\/a><\/strong>\u00a0mit noch vielen tolle Deko-Ideen<\/p>\n<p>&nbsp;<\/p>\n<p>Mit der Nadelst\u00e4rke 3 und 4 wird das Schaf ungef\u00e4hr; 30cm hoch<\/p>\n","protected":false},"featured_media":8348,"template":"","meta":[],"product_brand":[],"product_cat":[56,51,48,382,69,384],"product_tag":[282,233,242,260,87,511,529,257,256,531,180,243,271,114,506,426,424,519,526,284,258,530,527,273,525,528],"class_list":{"0":"post-8343","1":"product","2":"type-product","3":"status-publish","4":"has-post-thumbnail","6":"product_cat-2einfach","7":"product_cat-fruehling-ostern","8":"product_cat-haus-deko","9":"product_cat-kraenze","10":"product_cat-mittel","11":"product_cat-winter-weihnachten","12":"product_tag-blume","13":"product_tag-dekoration","14":"product_tag-dekoration-haekeln","15":"product_tag-fruehling","16":"product_tag-geschenk","17":"product_tag-karotte","18":"product_tag-kleeblatt","19":"product_tag-kranz","20":"product_tag-kranz-haekeln","21":"product_tag-kranz-regenbogen","22":"product_tag-kuscheltier","23":"product_tag-kuschelwolle","24":"product_tag-narzisse","25":"product_tag-ostern","26":"product_tag-regenbogen","27":"product_tag-schaf","28":"product_tag-schaf-haekeln","29":"product_tag-tannenkranz","30":"product_tag-tuerkranz","31":"product_tag-tuerkranz-blume","32":"product_tag-tuerkranz-haekeln","33":"product_tag-tuerkranz-kleeblatt","34":"product_tag-tuerkranz-moehre","35":"product_tag-tuerkranz-narzisse","36":"product_tag-tuerkranz-schaf","37":"product_tag-tuerkranz-tanne","39":"first","40":"instock","41":"shipping-taxable","42":"purchasable","43":"product-type-variable"},"_links":{"self":[{"href":"https:\/\/dadade.eu\/index.php?rest_route=\/wp\/v2\/product\/8343","targetHints":{"allow":["GET"]}}],"collection":[{"href":"https:\/\/dadade.eu\/index.php?rest_route=\/wp\/v2\/product"}],"about":[{"href":"https:\/\/dadade.eu\/index.php?rest_route=\/wp\/v2\/types\/product"}],"wp:featuredmedia":[{"embeddable":true,"href":"https:\/\/dadade.eu\/index.php?rest_route=\/wp\/v2\/media\/8348"}],"wp:attachment":[{"href":"https:\/\/dadade.eu\/index.php?rest_route=%2Fwp%2Fv2%2Fmedia&parent=8343"}],"wp:term":[{"taxonomy":"product_brand","embeddable":true,"href":"https:\/\/dadade.eu\/index.php?rest_route=%2Fwp%2Fv2%2Fproduct_brand&post=8343"},{"taxonomy":"product_cat","embeddable":true,"href":"https:\/\/dadade.eu\/index.php?rest_route=%2Fwp%2Fv2%2Fproduct_cat&post=8343"},{"taxonomy":"product_tag","embeddable":true,"href":"https:\/\/dadade.eu\/index.php?rest_route=%2Fwp%2Fv2%2Fproduct_tag&post=8343"}],"curies":[{"name":"wp","href":"https:\/\/api.w.org\/{rel}","templated":true}]}}