{"id":7887,"date":"2023-01-21T17:37:44","date_gmt":"2023-01-21T16:37:44","guid":{"rendered":"https:\/\/dadade.eu\/?post_type=product&#038;p=7887"},"modified":"2024-12-15T11:52:02","modified_gmt":"2024-12-15T10:52:02","slug":"einhorn-anzug-fuer-puppen-groesse-43cm-p006","status":"publish","type":"product","link":"https:\/\/dadade.eu\/?product=einhorn-anzug-fuer-puppen-groesse-43cm-p006","title":{"rendered":"Einhorn-Anzug &#038; Kuscheleinhorn, f\u00fcr Puppen-Gr\u00f6\u00dfe 43cm (P006)"},"content":{"rendered":"<p><img decoding=\"async\" class=\"alignnone wp-image-7888\" src=\"https:\/\/dadade.eu\/wp-content\/uploads\/2023\/02\/EinhornHasi-Anzug-Fasching-2-300x225.jpg\" alt=\"\" width=\"220\" height=\"165\" srcset=\"https:\/\/dadade.eu\/wp-content\/uploads\/2023\/02\/EinhornHasi-Anzug-Fasching-2-300x225.jpg 300w, https:\/\/dadade.eu\/wp-content\/uploads\/2023\/02\/EinhornHasi-Anzug-Fasching-2-600x450.jpg 600w, https:\/\/dadade.eu\/wp-content\/uploads\/2023\/02\/EinhornHasi-Anzug-Fasching-2-64x48.jpg 64w, https:\/\/dadade.eu\/wp-content\/uploads\/2023\/02\/EinhornHasi-Anzug-Fasching-2-1024x768.jpg 1024w, https:\/\/dadade.eu\/wp-content\/uploads\/2023\/02\/EinhornHasi-Anzug-Fasching-2-768x576.jpg 768w, https:\/\/dadade.eu\/wp-content\/uploads\/2023\/02\/EinhornHasi-Anzug-Fasching-2.jpg 1400w\" sizes=\"(max-width: 220px) 100vw, 220px\" \/> zu dem Einhorn-Anzug gibt es auch noch <strong><a href=\"https:\/\/dadade.eu\/?product=hasen-anzug-fuer-puppen-groesse-43cm-p007\">den Hasen-Anzug<\/a><\/strong><\/p>\n<p>Die Anleitung ist f\u00fcr Anf\u00e4nger geeignet.<\/p>\n<p>Die Anleitung ist ausf\u00fchrlich mit vielen Bildern hinterlegt und wird auf \u00fcber 19 Seiten (Anzug) und 9 Seiten (Einhorn) Schritt-f\u00fcr-Schritt beschrieben!<\/p>\n<p>Das kleine Einhorn, mit der Nadelst\u00e4rke 3 geh\u00e4kelt, ist im sitzen ca 9cm hoch<\/p>\n<p>&nbsp;<\/p>\n<p>Puppenkleider-Bilder von flei\u00dfigen Helfer und H\u00e4nden?<\/p>\n<p><strong><a href=\"https:\/\/dadade.eu\/?p=7714\">KLICKE HIER<\/a><\/strong><\/p>\n<p>&nbsp;<\/p>\n<p>&nbsp;<\/p>\n<p>&nbsp;<\/p>\n","protected":false},"excerpt":{"rendered":"<div id=\"cc-m-13954443088\" class=\"j-module n j-text \">\n<p>Hier kauft man die H\u00e4kelanleitung f\u00fcr diesen tollen Einhorn-Anzug, mit Kapuze.<\/p>\n<p>Mit Ohren und Horn, die M\u00e4hne und der Schweif sind mit Einhorn Fell angen\u00e4ht.<\/p>\n<p>Das kleine Einhorn geh\u00f6rt auch dazu, auch P\u00fcppis brauchen ein Kuscheltier.<\/p>\n<p>Die Geschenk-Idee f\u00fcr alle Puppenmuttis, f\u00fcr die Gro\u00dfen- als Deko z.B. f\u00fcr Fasching oder f\u00fcr die Kleinen &#8211; zum Spielen.<\/p>\n<p>Der Anzug kann P\u00fcppi nicht nur zum Fasching tragen, so einen kuscheligen, warmen Anzug braucht jede Puppe.<\/p>\n<p>Mit der Nadelst\u00e4rke 5 geh\u00e4kelt passt der Anzug Puppen, Gr\u00f6\u00dfe 43cm,<\/p>\n<p>Mit dem Kauf erh\u00e4lt man eine leicht verst\u00e4ndliche H\u00e4kelanleitung im praktischen PDF-Format.<\/p>\n<p>Die Anleitung ist auch schon f\u00fcr Anf\u00e4nger geeignet.<\/p>\n<p>&nbsp;<\/p>\n<\/div>\n","protected":false},"featured_media":7894,"template":"","meta":[],"product_brand":[],"product_cat":[56,42,502,428],"product_tag":[433,89,242,251,252,334,87,335,94,93,333,92,181,195,436,494,495,497,430,429,437,496,330,95,96],"class_list":{"0":"post-7887","1":"product","2":"type-product","3":"status-publish","4":"has-post-thumbnail","6":"product_cat-2einfach","7":"product_cat-baby","8":"product_cat-fasching","9":"product_cat-fuer-puppenmuttis","10":"product_tag-applikation-haekeln","11":"product_tag-baby","12":"product_tag-dekoration-haekeln","13":"product_tag-einhorn","14":"product_tag-einhorn-haekeln","15":"product_tag-geburtstag","16":"product_tag-geschenk","17":"product_tag-geschenkidee-haekeln","18":"product_tag-haekelanleitung","19":"product_tag-haekeln","20":"product_tag-handarbeitszubehoer","21":"product_tag-kinder","22":"product_tag-lustig","23":"product_tag-praesent","24":"product_tag-puppen-anzug","25":"product_tag-puppen-socken","26":"product_tag-puppen-anzug-haekeln","27":"product_tag-puppen-einhorn-anzug-haekeln","28":"product_tag-puppenkleider","29":"product_tag-puppenkleider-haekeln","30":"product_tag-socken","31":"product_tag-socken-fuer-puppen","32":"product_tag-witziges-geschenk","33":"product_tag-wolle","34":"product_tag-wollreste","36":"first","37":"instock","38":"downloadable","39":"shipping-taxable","40":"purchasable","41":"product-type-simple"},"_links":{"self":[{"href":"https:\/\/dadade.eu\/index.php?rest_route=\/wp\/v2\/product\/7887","targetHints":{"allow":["GET"]}}],"collection":[{"href":"https:\/\/dadade.eu\/index.php?rest_route=\/wp\/v2\/product"}],"about":[{"href":"https:\/\/dadade.eu\/index.php?rest_route=\/wp\/v2\/types\/product"}],"wp:featuredmedia":[{"embeddable":true,"href":"https:\/\/dadade.eu\/index.php?rest_route=\/wp\/v2\/media\/7894"}],"wp:attachment":[{"href":"https:\/\/dadade.eu\/index.php?rest_route=%2Fwp%2Fv2%2Fmedia&parent=7887"}],"wp:term":[{"taxonomy":"product_brand","embeddable":true,"href":"https:\/\/dadade.eu\/index.php?rest_route=%2Fwp%2Fv2%2Fproduct_brand&post=7887"},{"taxonomy":"product_cat","embeddable":true,"href":"https:\/\/dadade.eu\/index.php?rest_route=%2Fwp%2Fv2%2Fproduct_cat&post=7887"},{"taxonomy":"product_tag","embeddable":true,"href":"https:\/\/dadade.eu\/index.php?rest_route=%2Fwp%2Fv2%2Fproduct_tag&post=7887"}],"curies":[{"name":"wp","href":"https:\/\/api.w.org\/{rel}","templated":true}]}}