{"id":7782,"date":"2023-09-05T15:01:19","date_gmt":"2023-09-05T13:01:19","guid":{"rendered":"https:\/\/dadade.eu\/?post_type=product&#038;p=7782"},"modified":"2024-01-15T16:15:57","modified_gmt":"2024-01-15T15:15:57","slug":"h001-013kranz-viele-kraenze","status":"publish","type":"product","link":"https:\/\/dadade.eu\/?product=h001-013kranz-viele-kraenze","title":{"rendered":"H000-12 &#8211; viele verschiedene Kr\u00e4nze"},"content":{"rendered":"<p><strong>ganz viele Kr\u00e4nze, <\/strong><strong>mit vielen tolle Dekorations-Ideen und Tieren<\/strong><\/p>\n<p><strong>die Kr\u00e4nze findet ihr bei <a href=\"https:\/\/dadade.eu\/?product_cat=haus-deko\">Haus &amp; Deko<\/a><\/strong><\/p>\n<p><a href=\"https:\/\/dadade.eu\/?product=kranz-deko-moni-moehrchen-h000\"><strong><u>H000 Moni M\u00f6hrchen<\/u><\/strong><\/a><\/p>\n<p><a href=\"https:\/\/dadade.eu\/?product=kleiner-tannen-kranz-h001\"><strong><u>H001 kleiner Tannen-Kranz<\/u><\/strong><\/a><\/p>\n<p><a href=\"https:\/\/dadade.eu\/?product=grosser-tannen-kranz-h002\"><strong><u>H002 gro\u00dfer Tannen-Kranz<\/u><\/strong><\/a><\/p>\n<p><a href=\"https:\/\/dadade.eu\/?product=kranz-kleeblatt-h003\"><strong><u>H003 Kranz Kleeblatt<\/u><\/strong><\/a><\/p>\n<p><a href=\"https:\/\/dadade.eu\/?product=kranz-blume-h004\"><strong><u>H004 Kranz Blume<\/u><\/strong><\/a><\/p>\n<p><a href=\"https:\/\/dadade.eu\/?product=kranz-regenbogen-h005\"><strong><u>H005 Kranz Regenbogen<\/u><\/strong><\/a><\/p>\n<p><a href=\"https:\/\/dadade.eu\/?product=kranz-narzisse-h006\"><strong><u>H006 Kranz Narzisse<\/u><\/strong><\/a><\/p>\n<p><a href=\"https:\/\/dadade.eu\/?product=kranz-rund-h007\"><strong><u>H007 Kranz rund<\/u><\/strong><\/a><\/p>\n<p><u><\/u><strong><u><a href=\"https:\/\/dadade.eu\/?product=kranz-kleines-herz-h008\">H008 Kranz kleines Herz<\/a><\/u><\/strong><\/p>\n<p><a href=\"https:\/\/dadade.eu\/?product=kranz-grosses-herz-h009\"><strong><u>H009 Kranz gro\u00dfes Herz<\/u><\/strong><\/a><\/p>\n<p><a href=\"https:\/\/dadade.eu\/?product=kranz-erdloch-h010\"><strong><u>H010 Kranz Erdloch<\/u><\/strong><\/a><\/p>\n<p><strong><u><a href=\"https:\/\/dadade.eu\/?product=kranz-kleiner-stern-h011\">H011 Kranz kleiner Stern<\/a><\/u><\/strong><\/p>\n<p><a href=\"https:\/\/dadade.eu\/?product=kranz-grosser-stern-h012\"><strong><u>H012 Kranz gro\u00dfer Stern<\/u><\/strong><\/a><\/p>\n<p>&nbsp;<\/p>\n<p>mehr Bilder von den Kr\u00e4nzen, von flei\u00dfigen Helfer und H\u00e4nde findet ihr hier<\/p>\n<p><strong><a href=\"https:\/\/dadade.eu\/?p=6679\">KLICKE HIER<\/a><\/strong><\/p>\n<p>oder auf meiner Webseite<\/p>\n<p><strong><a href=\"https:\/\/www.dadade.de\/f0-kr%C3%A4nze-zum-kombinieren\/\">KLICKE HIER<\/a><\/strong><\/p>\n<p>&nbsp;<\/p>\n<p>&nbsp;<\/p>\n","protected":false},"excerpt":{"rendered":"<div id=\"cc-m-13954443088\" class=\"j-module n j-text \">\n<p>hier gibt es viele verschiedene Kr\u00e4nze, sie sind alle geh\u00e4kelt,<\/p>\n<p>dazu gibt es verschiedene Kranz-Deko-Tiere, diese Tiere sind alle f\u00fcr die Kr\u00e4nze entworfen worden. Tiere und Kr\u00e4nze kann man kombinieren, wie man will.<\/p>\n<p>Lass deiner Fantasie freien Lauf, und dekorier das Herz nach Lust und Laune.<\/p>\n<p><strong>Warum die Kr\u00e4nze h\u00e4keln??<\/strong><\/p>\n<p>man kann sie immer wieder leicht umdekorieren<\/p>\n<p>diese Kr\u00e4nze kann man waschen<\/p>\n<p>die Kr\u00e4nze haben mal eine ungew\u00f6hnliche Form<\/p>\n<p>diese geh\u00e4kelten Kr\u00e4nze bietet viele Deko-M\u00f6glichkeiten,<\/p>\n<ol>\n<li>z.B. f\u00fcr Muttertag, mit einem kleinen Glas-R\u00f6hrchen kann man sogar mit einer echten Blume dekorieren.<\/li>\n<li>f\u00fcr eine Hochzeit, als Geschenk, oder als Dekoration, z.B. mit Namen und Taube<\/li>\n<li>am 14.Februar ist Valentin, ein Geschenk f\u00fcr alle die uns am Herzen liegen<\/li>\n<\/ol>\n<p>Die Tiere dienen nur zu Dekorationszwecken, die Anleitungen f\u00fcr die verschiedenen Tiere kann man auch bei mir erwerben.<\/p>\n<p><strong><a href=\"https:\/\/dadade.eu\/?p=8021\">mehr Bilder findet ihr hier<\/a><\/strong>\u00a0mit noch vielen tolle Deko-Ideen<\/p>\n<p>&nbsp;<\/p>\n<p>&nbsp;<\/p>\n<\/div>\n","protected":false},"featured_media":8406,"template":"","meta":[],"product_brand":[],"product_cat":[16],"product_tag":[90,242,260,87,94,93,277,126,279,278,281,257,256,243,244,181,280,195,296,258,274,276,275,302,95,96],"class_list":{"0":"post-7782","1":"product","2":"type-product","3":"status-publish","4":"has-post-thumbnail","6":"product_cat-alle","7":"product_tag-amigurumi","8":"product_tag-dekoration-haekeln","9":"product_tag-fruehling","10":"product_tag-geschenk","11":"product_tag-haekelanleitung","12":"product_tag-haekeln","13":"product_tag-haekeln-fuer-valentin","14":"product_tag-herbst","15":"product_tag-herz","16":"product_tag-herz-haekeln","17":"product_tag-hochzeit","18":"product_tag-kranz","19":"product_tag-kranz-haekeln","20":"product_tag-kuschelwolle","21":"product_tag-kuschelwolle-haekeln","22":"product_tag-lustig","23":"product_tag-muttertag","24":"product_tag-praesent","25":"product_tag-sommer","26":"product_tag-tuerkranz-haekeln","27":"product_tag-tuerkranz-muttertag","28":"product_tag-valentin","29":"product_tag-valentinstag","30":"product_tag-winter","31":"product_tag-wolle","32":"product_tag-wollreste","34":"first","35":"instock","36":"shipping-taxable","37":"product-type-simple"},"_links":{"self":[{"href":"https:\/\/dadade.eu\/index.php?rest_route=\/wp\/v2\/product\/7782","targetHints":{"allow":["GET"]}}],"collection":[{"href":"https:\/\/dadade.eu\/index.php?rest_route=\/wp\/v2\/product"}],"about":[{"href":"https:\/\/dadade.eu\/index.php?rest_route=\/wp\/v2\/types\/product"}],"wp:featuredmedia":[{"embeddable":true,"href":"https:\/\/dadade.eu\/index.php?rest_route=\/wp\/v2\/media\/8406"}],"wp:attachment":[{"href":"https:\/\/dadade.eu\/index.php?rest_route=%2Fwp%2Fv2%2Fmedia&parent=7782"}],"wp:term":[{"taxonomy":"product_brand","embeddable":true,"href":"https:\/\/dadade.eu\/index.php?rest_route=%2Fwp%2Fv2%2Fproduct_brand&post=7782"},{"taxonomy":"product_cat","embeddable":true,"href":"https:\/\/dadade.eu\/index.php?rest_route=%2Fwp%2Fv2%2Fproduct_cat&post=7782"},{"taxonomy":"product_tag","embeddable":true,"href":"https:\/\/dadade.eu\/index.php?rest_route=%2Fwp%2Fv2%2Fproduct_tag&post=7782"}],"curies":[{"name":"wp","href":"https:\/\/api.w.org\/{rel}","templated":true}]}}