{"id":7199,"date":"2021-03-29T18:01:20","date_gmt":"2021-03-29T16:01:20","guid":{"rendered":"https:\/\/dadade.eu\/?post_type=product&#038;p=7199"},"modified":"2023-03-04T11:25:36","modified_gmt":"2023-03-04T10:25:36","slug":"gerda-gans-zum-kuscheln-a156","status":"publish","type":"product","link":"https:\/\/dadade.eu\/?product=gerda-gans-zum-kuscheln-a156","title":{"rendered":"Gerda Gans, zum Kuscheln (A156 )"},"content":{"rendered":"<p>Die Anleitung ist ausf\u00fchrlich mit vielen Bildern hinterlegt und wird auf \u00fcber 20 Seiten Schritt-f\u00fcr-Schritt beschrieben!<\/p>\n<p><img decoding=\"async\" class=\"wp-image-7201 alignleft\" src=\"https:\/\/dadade.eu\/wp-content\/uploads\/2023\/01\/01xkleiner-Tuerkranz-Gans-4Brille-300x225.jpg\" alt=\"\" width=\"183\" height=\"137\" srcset=\"https:\/\/dadade.eu\/wp-content\/uploads\/2023\/01\/01xkleiner-Tuerkranz-Gans-4Brille-300x225.jpg 300w, https:\/\/dadade.eu\/wp-content\/uploads\/2023\/01\/01xkleiner-Tuerkranz-Gans-4Brille-600x450.jpg 600w, https:\/\/dadade.eu\/wp-content\/uploads\/2023\/01\/01xkleiner-Tuerkranz-Gans-4Brille-64x48.jpg 64w, https:\/\/dadade.eu\/wp-content\/uploads\/2023\/01\/01xkleiner-Tuerkranz-Gans-4Brille-1024x768.jpg 1024w, https:\/\/dadade.eu\/wp-content\/uploads\/2023\/01\/01xkleiner-Tuerkranz-Gans-4Brille-768x576.jpg 768w, https:\/\/dadade.eu\/wp-content\/uploads\/2023\/01\/01xkleiner-Tuerkranz-Gans-4Brille.jpg 1400w\" sizes=\"(max-width: 183px) 100vw, 183px\" \/> <img decoding=\"async\" class=\"wp-image-7200 alignleft\" src=\"https:\/\/dadade.eu\/wp-content\/uploads\/2023\/01\/01x2x-Gans-1-300x225.jpg\" alt=\"\" width=\"179\" height=\"134\" srcset=\"https:\/\/dadade.eu\/wp-content\/uploads\/2023\/01\/01x2x-Gans-1-300x225.jpg 300w, https:\/\/dadade.eu\/wp-content\/uploads\/2023\/01\/01x2x-Gans-1-600x450.jpg 600w, https:\/\/dadade.eu\/wp-content\/uploads\/2023\/01\/01x2x-Gans-1-64x48.jpg 64w, https:\/\/dadade.eu\/wp-content\/uploads\/2023\/01\/01x2x-Gans-1-1024x768.jpg 1024w, https:\/\/dadade.eu\/wp-content\/uploads\/2023\/01\/01x2x-Gans-1-768x576.jpg 768w, https:\/\/dadade.eu\/wp-content\/uploads\/2023\/01\/01x2x-Gans-1.jpg 1400w\" sizes=\"(max-width: 179px) 100vw, 179px\" \/><\/p>\n<p>&nbsp;<\/p>\n<p>es gibt auch eine Gans im Kranz, z.B. hier der kleine Tannenkranz<\/p>\n<p>Kranz ist nur Deko- er ist nicht in der Anleitung enthalten<\/p>\n<p>&nbsp;<\/p>\n<p><img decoding=\"async\" class=\"wp-image-7216 alignleft\" src=\"https:\/\/dadade.eu\/wp-content\/uploads\/2023\/01\/xGerda-Gans-Karotte-3-300x225.jpg\" alt=\"\" width=\"177\" height=\"133\" srcset=\"https:\/\/dadade.eu\/wp-content\/uploads\/2023\/01\/xGerda-Gans-Karotte-3-300x225.jpg 300w, https:\/\/dadade.eu\/wp-content\/uploads\/2023\/01\/xGerda-Gans-Karotte-3-600x450.jpg 600w, https:\/\/dadade.eu\/wp-content\/uploads\/2023\/01\/xGerda-Gans-Karotte-3-64x48.jpg 64w, https:\/\/dadade.eu\/wp-content\/uploads\/2023\/01\/xGerda-Gans-Karotte-3-1024x768.jpg 1024w, https:\/\/dadade.eu\/wp-content\/uploads\/2023\/01\/xGerda-Gans-Karotte-3-768x576.jpg 768w, https:\/\/dadade.eu\/wp-content\/uploads\/2023\/01\/xGerda-Gans-Karotte-3.jpg 1400w\" sizes=\"(max-width: 177px) 100vw, 177px\" \/><\/p>\n<p>&nbsp;<\/p>\n<p>oder auch die M\u00f6hre einzeln<\/p>\n<p>M\u00f6hre ist nur Deko- sie ist nicht in der Anleitung enthalten<\/p>\n<p>&nbsp;<\/p>\n<p>&nbsp;<\/p>\n<p>mehr Bilder, der Rasselbande findet ihr hier<\/p>\n<p><strong><a href=\"https:\/\/dadade.eu\/?p=7268\">KLICKE HIER<\/a><\/strong><\/p>\n<p>MEHR Bilder von flei\u00dfigen Helfern und H\u00e4nden<\/p>\n<p><strong><a href=\"https:\/\/dadade.eu\/?p=7144\">VIELE TOLLE BILDER<\/a><\/strong><\/p>\n<p>&nbsp;<\/p>\n<p>&nbsp;<\/p>\n<p>&nbsp;<\/p>\n","protected":false},"excerpt":{"rendered":"<div id=\"cc-m-13954443088\">\n<p>Hier kauft man die H\u00e4kelanleitung f\u00fcr diese niedliche Gans,<\/p>\n<p>Eine Gans im Osternest, das w\u00e4re doch mal etwas anderes.<\/p>\n<p>Gerda einen Hut auf und eine Weste an, Sie ist somit allzeit zum Spielen bereit, nicht nur f\u00fcr Ostern.<\/p>\n<p>Mit dem Kauf erh\u00e4lt man eine leicht verst\u00e4ndliche H\u00e4kelanleitung im praktischen PDF-Format.<\/p>\n<p>Die Anleitung ist auch schon f\u00fcr Anf\u00e4nger geeignet.<\/p>\n<p>&nbsp;<\/p>\n<p>Mit Nadelst\u00e4rke 4 geh\u00e4kelt, wird Gerda ungef\u00e4hr;<\/p>\n<p>30 cm hoch, im Sitzen.<\/p>\n<p>Der Kranz dient nur zu Dekorationszwecken, <strong><a href=\"https:\/\/dadade.eu\/?product=h001-013kranz-viele-kraenze\">die Anleitung<\/a><\/strong> kann man auch bei mir erwerben.<\/p>\n<p>&nbsp;<\/p>\n<\/div>\n<div id=\"cc-m-13954443188\" class=\"j-module n j-text \">\n<p>&nbsp;<\/p>\n<p>&nbsp;<\/p>\n<p>&nbsp;<\/p>\n<\/div>\n","protected":false},"featured_media":7202,"template":"","meta":[],"product_brand":[],"product_cat":[56,35,39,501,69],"product_tag":[90,89,242,399,402,400,87,94,93,92,245,180,88,243,244,401,114,91,392,95,96],"class_list":{"0":"post-7199","1":"product","2":"type-product","3":"status-publish","4":"has-post-thumbnail","6":"product_cat-2einfach","7":"product_cat-amigurumi","8":"product_cat-amigurumis-zum-kuscheln","9":"product_cat-ostern-amigurumi","10":"product_cat-mittel","11":"product_tag-amigurumi","12":"product_tag-baby","13":"product_tag-dekoration-haekeln","14":"product_tag-fruehlingsbote","15":"product_tag-gans","16":"product_tag-gans-haekeln","17":"product_tag-geschenk","18":"product_tag-haekelanleitung","19":"product_tag-haekeln","20":"product_tag-kinder","21":"product_tag-kuschelige-haekeltiere","22":"product_tag-kuscheltier","23":"product_tag-kuscheltier-haekeln","24":"product_tag-kuschelwolle","25":"product_tag-kuschelwolle-haekeln","26":"product_tag-ostergans-haekeln","27":"product_tag-ostern","28":"product_tag-plueschtier","29":"product_tag-plueschtier-haekeln","30":"product_tag-wolle","31":"product_tag-wollreste","33":"first","34":"instock","35":"downloadable","36":"shipping-taxable","37":"purchasable","38":"product-type-simple"},"_links":{"self":[{"href":"https:\/\/dadade.eu\/index.php?rest_route=\/wp\/v2\/product\/7199","targetHints":{"allow":["GET"]}}],"collection":[{"href":"https:\/\/dadade.eu\/index.php?rest_route=\/wp\/v2\/product"}],"about":[{"href":"https:\/\/dadade.eu\/index.php?rest_route=\/wp\/v2\/types\/product"}],"wp:featuredmedia":[{"embeddable":true,"href":"https:\/\/dadade.eu\/index.php?rest_route=\/wp\/v2\/media\/7202"}],"wp:attachment":[{"href":"https:\/\/dadade.eu\/index.php?rest_route=%2Fwp%2Fv2%2Fmedia&parent=7199"}],"wp:term":[{"taxonomy":"product_brand","embeddable":true,"href":"https:\/\/dadade.eu\/index.php?rest_route=%2Fwp%2Fv2%2Fproduct_brand&post=7199"},{"taxonomy":"product_cat","embeddable":true,"href":"https:\/\/dadade.eu\/index.php?rest_route=%2Fwp%2Fv2%2Fproduct_cat&post=7199"},{"taxonomy":"product_tag","embeddable":true,"href":"https:\/\/dadade.eu\/index.php?rest_route=%2Fwp%2Fv2%2Fproduct_tag&post=7199"}],"curies":[{"name":"wp","href":"https:\/\/api.w.org\/{rel}","templated":true}]}}