{"id":6974,"date":"2016-01-21T14:57:02","date_gmt":"2016-01-21T13:57:02","guid":{"rendered":"https:\/\/dadade.eu\/?post_type=product&#038;p=6974"},"modified":"2023-07-05T14:30:08","modified_gmt":"2023-07-05T12:30:08","slug":"clown-maedchen-bimbolina-die-kuschel-puppe-fuer-fasching-h303","status":"publish","type":"product","link":"https:\/\/dadade.eu\/?product=clown-maedchen-bimbolina-die-kuschel-puppe-fuer-fasching-h303","title":{"rendered":"Clown M\u00e4dchen Bimbolina, die Kuschel &#8211; Puppe f\u00fcr Fasching  (H303)"},"content":{"rendered":"<p><img fetchpriority=\"high\" decoding=\"async\" class=\"alignnone size-medium wp-image-15559\" src=\"https:\/\/dadade.eu\/wp-content\/uploads\/2016\/01\/2023Clown-Bimbino-13-300x225.jpg\" alt=\"\" width=\"300\" height=\"225\" srcset=\"https:\/\/dadade.eu\/wp-content\/uploads\/2016\/01\/2023Clown-Bimbino-13-300x225.jpg 300w, https:\/\/dadade.eu\/wp-content\/uploads\/2016\/01\/2023Clown-Bimbino-13-600x450.jpg 600w, https:\/\/dadade.eu\/wp-content\/uploads\/2016\/01\/2023Clown-Bimbino-13-64x48.jpg 64w, https:\/\/dadade.eu\/wp-content\/uploads\/2016\/01\/2023Clown-Bimbino-13-1024x768.jpg 1024w, https:\/\/dadade.eu\/wp-content\/uploads\/2016\/01\/2023Clown-Bimbino-13-768x576.jpg 768w, https:\/\/dadade.eu\/wp-content\/uploads\/2016\/01\/2023Clown-Bimbino-13-1536x1152.jpg 1536w, https:\/\/dadade.eu\/wp-content\/uploads\/2016\/01\/2023Clown-Bimbino-13.jpg 1702w\" sizes=\"(max-width: 300px) 100vw, 300px\" \/>Bimbolina hat auch einen Freund\u00a0<strong> <a href=\"https:\/\/dadade.eu\/?product=clown-bimbino-die-kuschel-puppe-fuer-fasching-h301\" target=\"_blank\" rel=\"noopener\">Bimbino<\/a> <\/strong><\/p>\n<p><img decoding=\"async\" class=\"alignnone size-medium wp-image-15562\" src=\"https:\/\/dadade.eu\/wp-content\/uploads\/2016\/01\/Valentin-Clowns-5j-300x225.jpg\" alt=\"\" width=\"300\" height=\"225\" srcset=\"https:\/\/dadade.eu\/wp-content\/uploads\/2016\/01\/Valentin-Clowns-5j-300x225.jpg 300w, https:\/\/dadade.eu\/wp-content\/uploads\/2016\/01\/Valentin-Clowns-5j-600x450.jpg 600w, https:\/\/dadade.eu\/wp-content\/uploads\/2016\/01\/Valentin-Clowns-5j-64x48.jpg 64w, https:\/\/dadade.eu\/wp-content\/uploads\/2016\/01\/Valentin-Clowns-5j-1024x768.jpg 1024w, https:\/\/dadade.eu\/wp-content\/uploads\/2016\/01\/Valentin-Clowns-5j-768x576.jpg 768w, https:\/\/dadade.eu\/wp-content\/uploads\/2016\/01\/Valentin-Clowns-5j-1536x1152.jpg 1536w, https:\/\/dadade.eu\/wp-content\/uploads\/2016\/01\/Valentin-Clowns-5j.jpg 1653w\" sizes=\"(max-width: 300px) 100vw, 300px\" \/>&#8211; die Beiden gibt es auch als<strong> <a href=\"https:\/\/dadade.eu\/?product=clown-bimbino-bimbino-und-bimbolina-feiern-valentin-h304\" target=\"_blank\" rel=\"noopener\">Valentins-Set, mit Extra-Zubeh\u00f6r<\/a><\/strong><\/p>\n<p>Die Anleitung ist f\u00fcr Anf\u00e4nger geeignet.<\/p>\n<p>Die Anleitung ist jedoch ausf\u00fchrlich mit vielen Bildern hinterlegt<\/p>\n<p>und wird auf 19 Seiten (Clown-Puppe) &amp; 20 Seiten (Zubeh\u00f6r) Schritt-f\u00fcr-Schritt beschrieben!<\/p>\n<p>&nbsp;<\/p>\n<p>mehr Bilder f\u00fcr Fasching<\/p>\n<p><a href=\"https:\/\/dadade.eu\/?p=6962\">KLICKE HIER<\/a><\/p>\n<p>&nbsp;<\/p>\n<p>&nbsp;<\/p>\n<p>&nbsp;<\/p>\n","protected":false},"excerpt":{"rendered":"<div id=\"cc-m-13954443088\" class=\"j-module n j-text \">\n<p>Sie kaufen hier die \u00a0Anleitung f\u00fcr den Clown Bimbolina, sowie ihren Rock, Hose, die Schuhe und den Hut!<\/p>\n<p>Das Clown-M\u00e4dchen ist 51cm gro\u00df, und wird der Freund aller Kinder werden, nicht nur an Fasching!!<\/p>\n<p>Bimbolina und ihr Freund Bimbino freuen sich schon auf \u00a0Kinder, die mit Ihnen Spielen.<\/p>\n<p>Oder du willst Bimbolina als Dekoration?? mit Nadelst\u00e4rke 2 wird\u00a0sie ca 32cm hoch<\/p>\n<p>Deiner Kreativit\u00e4t sind keine Grenzen gesetzt, die Farben sind flexibel und man kann auch gerne Wollreste verarbeiten.<\/p>\n<p>&nbsp;<\/p>\n<p>Mit Wolle der Nadelst\u00e4rke 3 &#8211; 4 wird das Clown-M\u00e4dchen ungef\u00e4hr; 51cm hoch, eine Arbeit die sich lohnt<\/p>\n<\/div>\n","protected":false},"featured_media":15546,"template":"","meta":[],"product_brand":[],"product_cat":[56,50,70],"product_tag":[90,295,229,357,233,242,341,343,87,94,93,342,194,92,346,347,345,180,344,181,294,195,159,140,302,183,95,96],"class_list":{"0":"post-6974","1":"product","2":"type-product","3":"status-publish","4":"has-post-thumbnail","6":"product_cat-2einfach","7":"product_cat-fasching-die-5-jahreszeit","8":"product_cat-maxi","9":"product_tag-amigurumi","10":"product_tag-anleitung","11":"product_tag-clown","12":"product_tag-clown-maedchen","13":"product_tag-dekoration","14":"product_tag-dekoration-haekeln","15":"product_tag-fasching","16":"product_tag-fasnacht","17":"product_tag-geschenk","18":"product_tag-haekelanleitung","19":"product_tag-haekeln","20":"product_tag-karneval","21":"product_tag-kind","22":"product_tag-kinder","23":"product_tag-kuschel-puppe","24":"product_tag-kuschel-puppe-haekeln","25":"product_tag-kuscheln","26":"product_tag-kuscheltier","27":"product_tag-lieb","28":"product_tag-lustig","29":"product_tag-mitbringsel","30":"product_tag-praesent","31":"product_tag-puppe","32":"product_tag-puppe-haekeln","33":"product_tag-winter","34":"product_tag-witzig","35":"product_tag-wolle","36":"product_tag-wollreste","38":"first","39":"instock","40":"downloadable","41":"shipping-taxable","42":"purchasable","43":"product-type-simple"},"_links":{"self":[{"href":"https:\/\/dadade.eu\/index.php?rest_route=\/wp\/v2\/product\/6974","targetHints":{"allow":["GET"]}}],"collection":[{"href":"https:\/\/dadade.eu\/index.php?rest_route=\/wp\/v2\/product"}],"about":[{"href":"https:\/\/dadade.eu\/index.php?rest_route=\/wp\/v2\/types\/product"}],"wp:featuredmedia":[{"embeddable":true,"href":"https:\/\/dadade.eu\/index.php?rest_route=\/wp\/v2\/media\/15546"}],"wp:attachment":[{"href":"https:\/\/dadade.eu\/index.php?rest_route=%2Fwp%2Fv2%2Fmedia&parent=6974"}],"wp:term":[{"taxonomy":"product_brand","embeddable":true,"href":"https:\/\/dadade.eu\/index.php?rest_route=%2Fwp%2Fv2%2Fproduct_brand&post=6974"},{"taxonomy":"product_cat","embeddable":true,"href":"https:\/\/dadade.eu\/index.php?rest_route=%2Fwp%2Fv2%2Fproduct_cat&post=6974"},{"taxonomy":"product_tag","embeddable":true,"href":"https:\/\/dadade.eu\/index.php?rest_route=%2Fwp%2Fv2%2Fproduct_tag&post=6974"}],"curies":[{"name":"wp","href":"https:\/\/api.w.org\/{rel}","templated":true}]}}