{"id":6568,"date":"2020-01-19T13:06:15","date_gmt":"2020-01-19T12:06:15","guid":{"rendered":"https:\/\/dadade.eu\/?post_type=product&#038;p=6568"},"modified":"2023-05-20T11:04:19","modified_gmt":"2023-05-20T09:04:19","slug":"__trashed","status":"publish","type":"product","link":"https:\/\/dadade.eu\/?product=__trashed","title":{"rendered":"Kissen ANNA Bienchen, das Kuschelkissen (H151)"},"content":{"rendered":"<p>Die Anleitung\u00a0 ist ausf\u00fchrlich mit vielen Bildern hinterlegt<\/p>\n<p>und wird auf 20 Seiten Schritt-f\u00fcr-Schritt beschrieben!<\/p>\n<p>Sie ist dadurch auch schon f\u00fcr Anf\u00e4nger geeignet.<\/p>\n<p>&nbsp;<\/p>\n<p>&nbsp;<\/p>\n<p>viele Bilder und Ideen von flei\u00dfigen Helfer und H\u00e4nden findet ihr hier<\/p>\n<p><strong><a href=\"https:\/\/dadade.eu\/?p=13760\">KLICKE HIER<\/a><\/strong><\/p>\n<p>&nbsp;<\/p>\n<p>&nbsp;<\/p>\n<p>&nbsp;<\/p>\n","protected":false},"excerpt":{"rendered":"<div id=\"cc-m-13954443088\" class=\"j-module n j-text \">\n<p>Hier kauft man nur die H\u00e4kelanleitung f\u00fcr dieses weiche, kuschelige Kissen.<\/p>\n<p>Das Kissen ANNA Biene ist kuschelig weich und ist eine witzige Dekoration-Idee f\u00fcr jedes Sofa und ein absolutes Muss f\u00fcr jeden Kuschelfreund, f\u00fcr Kinder und Fu\u00dfball-Fans.<\/p>\n<p>Mit diesem Geschenk wird man mit Sicherheit punkten.<\/p>\n<p>&nbsp;<\/p>\n<p>Mit Wolle der Nadelst\u00e4rke 4 hat das Kissen ungef\u00e4hr einen Durchmesser von 30cm<\/p>\n<p>z.B. auch ohne Arme<\/p>\n<\/div>\n","protected":false},"featured_media":6615,"template":"","meta":[],"product_brand":[],"product_cat":[56,48,53,70],"product_tag":[90,248,242,247,87,94,93,249,194,92,246,245,180,243,244,181,195,95,96],"class_list":{"0":"post-6568","1":"product","2":"type-product","3":"status-publish","4":"has-post-thumbnail","6":"product_cat-2einfach","7":"product_cat-haus-deko","8":"product_cat-kissen","9":"product_cat-maxi","10":"product_tag-amigurumi","11":"product_tag-biene","12":"product_tag-dekoration-haekeln","13":"product_tag-fussball","14":"product_tag-geschenk","15":"product_tag-haekelanleitung","16":"product_tag-haekeln","17":"product_tag-hummel","18":"product_tag-kind","19":"product_tag-kinder","20":"product_tag-kissen-haekeln","21":"product_tag-kuschelige-haekeltiere","22":"product_tag-kuscheltier","23":"product_tag-kuschelwolle","24":"product_tag-kuschelwolle-haekeln","25":"product_tag-lustig","26":"product_tag-praesent","27":"product_tag-wolle","28":"product_tag-wollreste","30":"first","31":"instock","32":"downloadable","33":"shipping-taxable","34":"purchasable","35":"product-type-simple"},"_links":{"self":[{"href":"https:\/\/dadade.eu\/index.php?rest_route=\/wp\/v2\/product\/6568","targetHints":{"allow":["GET"]}}],"collection":[{"href":"https:\/\/dadade.eu\/index.php?rest_route=\/wp\/v2\/product"}],"about":[{"href":"https:\/\/dadade.eu\/index.php?rest_route=\/wp\/v2\/types\/product"}],"wp:featuredmedia":[{"embeddable":true,"href":"https:\/\/dadade.eu\/index.php?rest_route=\/wp\/v2\/media\/6615"}],"wp:attachment":[{"href":"https:\/\/dadade.eu\/index.php?rest_route=%2Fwp%2Fv2%2Fmedia&parent=6568"}],"wp:term":[{"taxonomy":"product_brand","embeddable":true,"href":"https:\/\/dadade.eu\/index.php?rest_route=%2Fwp%2Fv2%2Fproduct_brand&post=6568"},{"taxonomy":"product_cat","embeddable":true,"href":"https:\/\/dadade.eu\/index.php?rest_route=%2Fwp%2Fv2%2Fproduct_cat&post=6568"},{"taxonomy":"product_tag","embeddable":true,"href":"https:\/\/dadade.eu\/index.php?rest_route=%2Fwp%2Fv2%2Fproduct_tag&post=6568"}],"curies":[{"name":"wp","href":"https:\/\/api.w.org\/{rel}","templated":true}]}}