{"id":6270,"date":"2023-09-28T13:43:48","date_gmt":"2023-09-28T11:43:48","guid":{"rendered":"https:\/\/dadade.eu\/?post_type=product&#038;p=6270"},"modified":"2024-12-26T15:44:58","modified_gmt":"2024-12-26T14:44:58","slug":"a500-die-gluecksknirpse","status":"publish","type":"product","link":"https:\/\/dadade.eu\/?product=a500-die-gluecksknirpse","title":{"rendered":"A500 die Gl\u00fccksknirpse, Amigurumis die Gl\u00fcck bringen"},"content":{"rendered":"<p>mehr von den Knipsen findet ihr hier; <a href=\"https:\/\/dadade.eu\/?product_cat=a5-die-lustigen-knirpse\"><strong>Amigurumi- die lustigen Knirpse<\/strong><\/a><\/p>\n<p><strong>zu den Gl\u00fccks-Knirpse geh\u00f6ren<\/strong><\/p>\n<p><strong><a title=\"A166 Gl\u00fccks-Ritter\" href=\"https:\/\/dadade.eu\/?product=a501-gluecks-ritter-felix\" target=\"_blank\" rel=\"noopener\">Ritter Felix Lucky<\/a><\/strong> (A501);\u00a0 auf \u00a0<strong><a href=\"https:\/\/dadade.eu\/?product=a501p-gluecks-ritter-felix-mit-pferd\" target=\"_blank\" rel=\"noopener\">Wunsch auch mit Pferd<\/a><\/strong> (A501P)<\/p>\n<p><a title=\"A166 Gl\u00fccks-K\u00e4fer\" href=\"https:\/\/dadade.eu\/?product=gluecks-kaefer-mariechen-von-den-gluecksknirpsen\" target=\"_blank\" rel=\"noopener\"><strong>der Gl\u00fccks-K\u00e4fer<\/strong><\/a> Mariechen (A502)<\/p>\n<p><a title=\"A168 Gl\u00fccks-Vogel\" href=\"https:\/\/dadade.eu\/?product=gluecks-vogel-bea-von-den-gluecksknirpsen\" target=\"_blank\" rel=\"noopener\"><strong>der Gl\u00fccks-Vogel<\/strong><\/a> Bea (A503)<\/p>\n<p><a title=\"A504 Gl\u00fccks-B\u00e4r Ben\" href=\"https:\/\/dadade.eu\/?product=baerli-ben-von-den-gluecksknirpsen-a504\"><strong>der Gl\u00fccks-B\u00e4r<\/strong><\/a> Ben (A504), nur exclusiv bei Sophie<\/p>\n<p><strong><a title=\"A505 Gl\u00fccks-Hase Yoshi\" href=\"https:\/\/dadade.eu\/?product=gluecks-hase-yoshi-von-den-gluecksknirpsen\" target=\"_blank\" rel=\"noopener\">der Gl\u00fccks-Hase<\/a><\/strong> Yosi (A505)<\/p>\n<p><strong><a title=\"A506 Gl\u00fccks-Pilz Phylicia\" href=\"https:\/\/dadade.eu\/?product=gluecks-pilz-phylicia-von-den-gluecksknirpsen\" target=\"_blank\" rel=\"noopener\">der Gl\u00fccks-Pilz<\/a> <\/strong>Phylicia (A506)<\/p>\n<p><strong><a title=\"A507 Gl\u00fccks-Schornsteinfeger Schorschi\" href=\"https:\/\/dadade.eu\/?product=gluecks-schornsteinfeger-schorschi-von-den-gluecksknirpsen\" target=\"_blank\" rel=\"noopener\">der\u00a0Schornsteinfeger<\/a><\/strong> Schorschi (A507)<\/p>\n<p><a title=\"A508 Gl\u00fccks-Sternchen Stellai\" href=\"https:\/\/dadade.eu\/?product=gluecks-sternchen-stella-von-den-gluecksknirpsen\" target=\"_blank\" rel=\"noopener\"><strong>das Gl\u00fccks-Sternchen<\/strong><\/a> Stella (A508)<\/p>\n<p><strong><a title=\"A509 Gl\u00fccks-Wichtel Nils\" href=\"https:\/\/dadade.eu\/?product=gluecks-wichtel-nils-von-den-gluecksknirpsen\" target=\"_blank\" rel=\"noopener\">der Gl\u00fccks-Wichtel<\/a><\/strong> Nils (A509)<\/p>\n<p><a title=\"A151 Schwein Scharlie\" href=\"https:\/\/dadade.eu\/?product=schwein-scharlie-schlau-zum-kuscheln-a151\" target=\"_blank\" rel=\"noopener\"><strong>das Gl\u00fccks-Schwein<\/strong><\/a> Scharlie Schlau (A151)<\/p>\n<p>&nbsp;<\/p>\n<p>viele Bilder von flei\u00dfigen Helfer und H\u00e4nde findet ihr hier<\/p>\n<p><strong><a href=\"https:\/\/dadade.eu\/?p=6244\">KLICKE HIER<\/a><\/strong><\/p>\n<p>&nbsp;<\/p>\n<p>&nbsp;<\/p>\n","protected":false},"excerpt":{"rendered":"<p>Ritter Felix Lucky mit seinen Gl\u00fccksknirpsen<\/p>\n<p>die Serie Gl\u00fccks-Knirpse, wurde\u00a0als Maskottchen f\u00fcr eine Krabbelgruppe entwickelt.<\/p>\n<p>Ich habe diese Gl\u00fccks-Knirpse extra einfach gehalten, z.B. ohne Wimper, und die Teile sind fast alle angeh\u00e4kelt, da sie von vielen kleinen Kinderh\u00e4nden bespielt werden.<\/p>\n<p>Die Hose ist extra geh\u00e4kelt, zum An- und Ausziehen, da die Kleinen dieses Spiel lieben.<\/p>\n<p>Sie haben alle eine Gl\u00fccksschleife, Kleebl\u00e4tter, Marienk\u00e4fer oder Pilz als Dekoration<\/p>\n<p>diese Knirpsen eignen sich auch super als Dekoration z.B. f\u00fcr den Herbst, Silvester usw.<\/p>\n<p>mehr von den Knipsen findet ihr hier; <a href=\"https:\/\/dadade.eu\/?product_cat=a5-die-lustigen-knirpse\"><strong>Amigurumi- die lustigen Knirpse<\/strong><\/a><\/p>\n","protected":false},"featured_media":6271,"template":"","meta":[],"product_brand":[],"product_cat":[36,16,35,48],"product_tag":[90,87,112,124,104,111,98,123,103,94,93,113,110,126,97,92,166,139,174,88,99,100,101,173,114,125,122,91,160,156,159,140,171,172,136,134,135,161,157,162,158,105,102,165,164,95,96],"class_list":{"0":"post-6270","1":"product","2":"type-product","3":"status-publish","4":"has-post-thumbnail","6":"product_cat-a5-die-lustigen-knirpse","7":"product_cat-alle","8":"product_cat-amigurumi","9":"product_cat-haus-deko","10":"product_tag-amigurumi","11":"product_tag-geschenk","12":"product_tag-gluecks-hase","13":"product_tag-gluecks-pilz","14":"product_tag-gluecks-vogel","15":"product_tag-glueckshase","16":"product_tag-glueckskaefer","17":"product_tag-glueckspilz","18":"product_tag-gluecksvogel","19":"product_tag-haekelanleitung","20":"product_tag-haekeln","21":"product_tag-hase","22":"product_tag-hase-haekeln","23":"product_tag-herbst","24":"product_tag-kaefer-haekeln","25":"product_tag-kinder","26":"product_tag-knirpse","27":"product_tag-kuschelpuppe","28":"product_tag-kuschelpuppe-haekeln","29":"product_tag-kuscheltier-haekeln","30":"product_tag-marien-kaefer","31":"product_tag-marienkaefer","32":"product_tag-marienkaefer-haekeln","33":"product_tag-mittelalter","34":"product_tag-ostern","35":"product_tag-pilz","36":"product_tag-pilz-haekeln","37":"product_tag-plueschtier","38":"product_tag-pueppchen","39":"product_tag-pueppchen-haekeln","40":"product_tag-puppe","41":"product_tag-puppe-haekeln","42":"product_tag-ritter","43":"product_tag-ritter-haekeln","44":"product_tag-schornsteinfeger","45":"product_tag-schornsteinfeger-haekeln","46":"product_tag-silvester","47":"product_tag-stern","48":"product_tag-stern-haekeln","49":"product_tag-sternchen","50":"product_tag-sternchen-haekeln","51":"product_tag-vogel","52":"product_tag-vogel-haekeln","53":"product_tag-wichtel","54":"product_tag-wichtel-haekeln","55":"product_tag-wolle","56":"product_tag-wollreste","58":"first","59":"instock","60":"shipping-taxable","61":"product-type-simple"},"_links":{"self":[{"href":"https:\/\/dadade.eu\/index.php?rest_route=\/wp\/v2\/product\/6270","targetHints":{"allow":["GET"]}}],"collection":[{"href":"https:\/\/dadade.eu\/index.php?rest_route=\/wp\/v2\/product"}],"about":[{"href":"https:\/\/dadade.eu\/index.php?rest_route=\/wp\/v2\/types\/product"}],"wp:featuredmedia":[{"embeddable":true,"href":"https:\/\/dadade.eu\/index.php?rest_route=\/wp\/v2\/media\/6271"}],"wp:attachment":[{"href":"https:\/\/dadade.eu\/index.php?rest_route=%2Fwp%2Fv2%2Fmedia&parent=6270"}],"wp:term":[{"taxonomy":"product_brand","embeddable":true,"href":"https:\/\/dadade.eu\/index.php?rest_route=%2Fwp%2Fv2%2Fproduct_brand&post=6270"},{"taxonomy":"product_cat","embeddable":true,"href":"https:\/\/dadade.eu\/index.php?rest_route=%2Fwp%2Fv2%2Fproduct_cat&post=6270"},{"taxonomy":"product_tag","embeddable":true,"href":"https:\/\/dadade.eu\/index.php?rest_route=%2Fwp%2Fv2%2Fproduct_tag&post=6270"}],"curies":[{"name":"wp","href":"https:\/\/api.w.org\/{rel}","templated":true}]}}