{"id":6254,"date":"2022-06-07T11:52:06","date_gmt":"2022-06-07T09:52:06","guid":{"rendered":"https:\/\/dadade.eu\/?post_type=product&#038;p=6254"},"modified":"2023-04-13T17:49:20","modified_gmt":"2023-04-13T15:49:20","slug":"gluecks-wichtel-nils-von-den-gluecksknirpsen","status":"publish","type":"product","link":"https:\/\/dadade.eu\/?product=gluecks-wichtel-nils-von-den-gluecksknirpsen","title":{"rendered":"Wichtel Nils von den Gl\u00fccksknirpsen (A509)"},"content":{"rendered":"<p>Die Anleitung ist ausf\u00fchrlich mit vielen Bildern hinterlegt<\/p>\n<p>und\u00a0\u00a0ist schon f\u00fcr ge\u00fcbte Anf\u00e4nger geeignet<\/p>\n<p>&nbsp;<\/p>\n<p>viele Bilder und Ideen von flei\u00dfigen Helfer und H\u00e4nden findet ihr hier<\/p>\n<p><strong><a href=\"https:\/\/dadade.eu\/?p=6244\">VIELE TOLLE BILDER<\/a><\/strong><\/p>\n<p>&nbsp;<\/p>\n<p>&nbsp;<\/p>\n<p>&nbsp;<\/p>\n","protected":false},"excerpt":{"rendered":"<div id=\"cc-m-13954443088\" class=\"j-module n j-text \">\n<p>Hier kauft man die H\u00e4kelanleitung f\u00fcr diesen s\u00fc\u00dfen Wichtel,<\/p>\n<p>Der Gl\u00fccks-Wichtel geh\u00f6rt ebenfalls zu meinen Gl\u00fccks-Knirpsen.<\/p>\n<p>Der lustige Wichtel ist nicht nur zum Kuscheln, sondern auch eine sch\u00f6ne Deko f\u00fcr den Herbst.<\/p>\n<p>Mit dem Kauf erh\u00e4lt man eine leicht verst\u00e4ndliche H\u00e4kelanleitung im praktischen PDF-Format.<\/p>\n<p>Die Anleitung ist auch schon f\u00fcr Anf\u00e4nger geeignet.<\/p>\n<p>&nbsp;<\/p>\n<p>Mit Nadelst\u00e4rke 4 geh\u00e4kelt, wird Stella ungef\u00e4hr;<\/p>\n<p>im Stehen ungef\u00e4hr; 45cm hoch und im Sitzen ca 32cm<\/p>\n<\/div>\n","protected":false},"featured_media":6264,"template":"","meta":[],"product_brand":[],"product_cat":[56,36,35,505,52,380,69],"product_tag":[90,89,87,94,93,92,166,139,160,156,159,140,165,164,95,96],"class_list":{"0":"post-6254","1":"product","2":"type-product","3":"status-publish","4":"has-post-thumbnail","6":"product_cat-2einfach","7":"product_cat-a5-die-lustigen-knirpse","8":"product_cat-amigurumi","9":"product_cat-herbst","10":"product_cat-herbst-halloween","11":"product_cat-kuschel-puppe","12":"product_cat-mittel","13":"product_tag-amigurumi","14":"product_tag-baby","15":"product_tag-geschenk","16":"product_tag-haekelanleitung","17":"product_tag-haekeln","18":"product_tag-kinder","19":"product_tag-knirpse","20":"product_tag-kuschelpuppe","21":"product_tag-pueppchen","22":"product_tag-pueppchen-haekeln","23":"product_tag-puppe","24":"product_tag-puppe-haekeln","25":"product_tag-wichtel","26":"product_tag-wichtel-haekeln","27":"product_tag-wolle","28":"product_tag-wollreste","30":"first","31":"instock","32":"downloadable","33":"purchasable","34":"product-type-simple"},"_links":{"self":[{"href":"https:\/\/dadade.eu\/index.php?rest_route=\/wp\/v2\/product\/6254","targetHints":{"allow":["GET"]}}],"collection":[{"href":"https:\/\/dadade.eu\/index.php?rest_route=\/wp\/v2\/product"}],"about":[{"href":"https:\/\/dadade.eu\/index.php?rest_route=\/wp\/v2\/types\/product"}],"wp:featuredmedia":[{"embeddable":true,"href":"https:\/\/dadade.eu\/index.php?rest_route=\/wp\/v2\/media\/6264"}],"wp:attachment":[{"href":"https:\/\/dadade.eu\/index.php?rest_route=%2Fwp%2Fv2%2Fmedia&parent=6254"}],"wp:term":[{"taxonomy":"product_brand","embeddable":true,"href":"https:\/\/dadade.eu\/index.php?rest_route=%2Fwp%2Fv2%2Fproduct_brand&post=6254"},{"taxonomy":"product_cat","embeddable":true,"href":"https:\/\/dadade.eu\/index.php?rest_route=%2Fwp%2Fv2%2Fproduct_cat&post=6254"},{"taxonomy":"product_tag","embeddable":true,"href":"https:\/\/dadade.eu\/index.php?rest_route=%2Fwp%2Fv2%2Fproduct_tag&post=6254"}],"curies":[{"name":"wp","href":"https:\/\/api.w.org\/{rel}","templated":true}]}}