{"id":5978,"date":"2022-03-02T16:34:36","date_gmt":"2022-03-02T15:34:36","guid":{"rendered":"https:\/\/dadade.eu\/?post_type=product&#038;p=5978"},"modified":"2025-12-14T11:54:25","modified_gmt":"2025-12-14T10:54:25","slug":"gluecks-kaefer-mariechen-von-den-gluecksknirpsen","status":"publish","type":"product","link":"https:\/\/dadade.eu\/?product=gluecks-kaefer-mariechen-von-den-gluecksknirpsen","title":{"rendered":"K\u00e4fer Mariechen von den Gl\u00fccksknirpsen (A502)"},"content":{"rendered":"<p>Der Gl\u00fccks-K\u00e4fer hat eine Hose und wurde mit Kleeblatt und Pilz versch\u00f6nert.<\/p>\n<p>Die Anleitung ist ausf\u00fchrlich mit vielen Bildern hinterlegt<\/p>\n<p>und wird auf 15 Seiten Schritt-f\u00fcr-Schritt beschrieben!<\/p>\n<p>die Anleitung ist schon f\u00fcr ge\u00fcbte Anf\u00e4nger geeignet<\/p>\n<p>&nbsp;<\/p>\n<p>MEHR VARIANTEN UND IDEEN FINDET IHR HIER<\/p>\n<p><strong><a href=\"https:\/\/dadade.eu\/?p=6244\">VIELE TOLLE BILDER<\/a><\/strong><\/p>\n<p>&nbsp;<\/p>\n<p>&nbsp;<\/p>\n<p>&nbsp;<\/p>\n","protected":false},"excerpt":{"rendered":"<div id=\"cc-m-13954443088\" class=\"j-module n j-text \">\n<p>Hier kauft man die H\u00e4kelanleitung f\u00fcr diesen s\u00fc\u00dfen K\u00e4fer, mit Hose.<\/p>\n<p>Der Gl\u00fccks-K\u00e4fer geh\u00f6rt zu meinen Gl\u00fccks-Knirpsen.<\/p>\n<p>Mariechen ist knuffig und zum Kuscheln bereit.<\/p>\n<p>Mit dem Kauf erh\u00e4lt man eine leicht verst\u00e4ndliche H\u00e4kelanleitung im praktischen PDF-Format.<\/p>\n<p>Die Anleitung ist auch schon f\u00fcr Anf\u00e4nger geeignet.<\/p>\n<p>Mit Nadelst\u00e4rke 4 geh\u00e4kelt, wird Mariechen ungef\u00e4hr;<\/p>\n<p>im Sitzen 26 cm hoch<\/p>\n<\/div>\n<div id=\"cc-m-13954443188\" class=\"j-module n j-text \">\n<p>&nbsp;<\/p>\n<\/div>\n","protected":false},"featured_media":6168,"template":"","meta":[],"product_brand":[],"product_cat":[56,36,35,501,69,1630],"product_tag":[90,89,87,98,94,93,97,92,88,99,100,101,91,95,96],"class_list":{"0":"post-5978","1":"product","2":"type-product","3":"status-publish","4":"has-post-thumbnail","6":"product_cat-2einfach","7":"product_cat-a5-die-lustigen-knirpse","8":"product_cat-amigurumi","9":"product_cat-ostern-amigurumi","10":"product_cat-mittel","11":"product_cat-silvester-amigurumi","12":"product_tag-amigurumi","13":"product_tag-baby","14":"product_tag-geschenk","15":"product_tag-glueckskaefer","16":"product_tag-haekelanleitung","17":"product_tag-haekeln","18":"product_tag-kaefer-haekeln","19":"product_tag-kinder","20":"product_tag-kuscheltier-haekeln","21":"product_tag-marien-kaefer","22":"product_tag-marienkaefer","23":"product_tag-marienkaefer-haekeln","24":"product_tag-plueschtier","25":"product_tag-wolle","26":"product_tag-wollreste","28":"first","29":"instock","30":"downloadable","31":"purchasable","32":"product-type-simple"},"_links":{"self":[{"href":"https:\/\/dadade.eu\/index.php?rest_route=\/wp\/v2\/product\/5978","targetHints":{"allow":["GET"]}}],"collection":[{"href":"https:\/\/dadade.eu\/index.php?rest_route=\/wp\/v2\/product"}],"about":[{"href":"https:\/\/dadade.eu\/index.php?rest_route=\/wp\/v2\/types\/product"}],"wp:featuredmedia":[{"embeddable":true,"href":"https:\/\/dadade.eu\/index.php?rest_route=\/wp\/v2\/media\/6168"}],"wp:attachment":[{"href":"https:\/\/dadade.eu\/index.php?rest_route=%2Fwp%2Fv2%2Fmedia&parent=5978"}],"wp:term":[{"taxonomy":"product_brand","embeddable":true,"href":"https:\/\/dadade.eu\/index.php?rest_route=%2Fwp%2Fv2%2Fproduct_brand&post=5978"},{"taxonomy":"product_cat","embeddable":true,"href":"https:\/\/dadade.eu\/index.php?rest_route=%2Fwp%2Fv2%2Fproduct_cat&post=5978"},{"taxonomy":"product_tag","embeddable":true,"href":"https:\/\/dadade.eu\/index.php?rest_route=%2Fwp%2Fv2%2Fproduct_tag&post=5978"}],"curies":[{"name":"wp","href":"https:\/\/api.w.org\/{rel}","templated":true}]}}