{"id":25065,"date":"2025-03-29T10:04:47","date_gmt":"2025-03-29T09:04:47","guid":{"rendered":"https:\/\/dadade.eu\/?post_type=product&#038;p=25065"},"modified":"2025-04-29T01:00:54","modified_gmt":"2025-04-28T23:00:54","slug":"krebsi-die-krabbe-eine-led-dekoration-l103","status":"publish","type":"product","link":"https:\/\/dadade.eu\/?product=krebsi-die-krabbe-eine-led-dekoration-l103","title":{"rendered":"Krebsi &#8211; die Krabbe, eine LED-Dekoration (L103)"},"content":{"rendered":"<p><img fetchpriority=\"high\" decoding=\"async\" class=\"alignnone size-medium wp-image-25082\" src=\"https:\/\/dadade.eu\/wp-content\/uploads\/2023\/07\/xL101-Lampe-Klappe-Krabbe-3b-300x225.jpg\" alt=\"\" width=\"300\" height=\"225\" srcset=\"https:\/\/dadade.eu\/wp-content\/uploads\/2023\/07\/xL101-Lampe-Klappe-Krabbe-3b-300x225.jpg 300w, https:\/\/dadade.eu\/wp-content\/uploads\/2023\/07\/xL101-Lampe-Klappe-Krabbe-3b-1024x768.jpg 1024w, https:\/\/dadade.eu\/wp-content\/uploads\/2023\/07\/xL101-Lampe-Klappe-Krabbe-3b-768x576.jpg 768w, https:\/\/dadade.eu\/wp-content\/uploads\/2023\/07\/xL101-Lampe-Klappe-Krabbe-3b-600x450.jpg 600w, https:\/\/dadade.eu\/wp-content\/uploads\/2023\/07\/xL101-Lampe-Klappe-Krabbe-3b-64x48.jpg 64w, https:\/\/dadade.eu\/wp-content\/uploads\/2023\/07\/xL101-Lampe-Klappe-Krabbe-3b.jpg 1400w\" sizes=\"(max-width: 300px) 100vw, 300px\" \/>L103 Krabbe mit Versteck und Baby\u00b4s<\/p>\n<p><img decoding=\"async\" class=\"alignnone size-medium wp-image-25073\" src=\"https:\/\/dadade.eu\/wp-content\/uploads\/2023\/07\/L101-Lampe-Krabbe-1b-300x225.jpg\" alt=\"\" width=\"300\" height=\"225\" srcset=\"https:\/\/dadade.eu\/wp-content\/uploads\/2023\/07\/L101-Lampe-Krabbe-1b-300x225.jpg 300w, https:\/\/dadade.eu\/wp-content\/uploads\/2023\/07\/L101-Lampe-Krabbe-1b-1024x768.jpg 1024w, https:\/\/dadade.eu\/wp-content\/uploads\/2023\/07\/L101-Lampe-Krabbe-1b-768x576.jpg 768w, https:\/\/dadade.eu\/wp-content\/uploads\/2023\/07\/L101-Lampe-Krabbe-1b-600x450.jpg 600w, https:\/\/dadade.eu\/wp-content\/uploads\/2023\/07\/L101-Lampe-Krabbe-1b-64x48.jpg 64w, https:\/\/dadade.eu\/wp-content\/uploads\/2023\/07\/L101-Lampe-Krabbe-1b.jpg 1400w\" sizes=\"(max-width: 300px) 100vw, 300px\" \/>L103 LED-Deko Krabbe<\/p>\n<p><img decoding=\"async\" class=\"alignnone size-medium wp-image-18803\" src=\"https:\/\/dadade.eu\/wp-content\/uploads\/2023\/07\/xSeestern-Seepferdchen-5-300x225.jpg\" alt=\"\" width=\"300\" height=\"225\" srcset=\"https:\/\/dadade.eu\/wp-content\/uploads\/2023\/07\/xSeestern-Seepferdchen-5-300x225.jpg 300w, https:\/\/dadade.eu\/wp-content\/uploads\/2023\/07\/xSeestern-Seepferdchen-5-600x450.jpg 600w, https:\/\/dadade.eu\/wp-content\/uploads\/2023\/07\/xSeestern-Seepferdchen-5-64x48.jpg 64w, https:\/\/dadade.eu\/wp-content\/uploads\/2023\/07\/xSeestern-Seepferdchen-5-1024x768.jpg 1024w, https:\/\/dadade.eu\/wp-content\/uploads\/2023\/07\/xSeestern-Seepferdchen-5-768x576.jpg 768w, https:\/\/dadade.eu\/wp-content\/uploads\/2023\/07\/xSeestern-Seepferdchen-5.jpg 1400w\" sizes=\"(max-width: 300px) 100vw, 300px\" \/>passsend zu der Krabbe; L100 LED-Kugel Seestern &amp; Seepferdchen<\/p>\n<p>Die Anleitung ist ausf\u00fchrlich mit vielen Bildern hinterlegt und wird Schritt-f\u00fcr-Schritt beschrieben!<\/p>\n<p><a href=\"https:\/\/dadade.eu\/?p=11002\"><b>Klicke hier<\/b><\/a><\/p>\n<p>&nbsp;<\/p>\n<p>&nbsp;<\/p>\n","protected":false},"excerpt":{"rendered":"<div id=\"cc-m-13954443088\">\n<p>Hier kauft man die H\u00e4kelanleitung f\u00fcr diese total s\u00fc\u00dfe LED-Lampen, oder die Krabbe als Versteck<\/p>\n<p>1.Dieser tolle Meeresbewohner leuchten am Abend und sorgen f\u00fcr Gem\u00fctlichkeit, auch im Sommer auf dem Balkon.<\/p>\n<p>2.die tolle Krabben-Mama hat ein Versteck f\u00fcr die kleinen Mini-Krabben<\/p>\n<p>3. die Minikrabben, zum Spielen oder auch als Schl\u00fcsselanh\u00e4nger<\/p>\n<p>Dekoriere Sie nach Lust und Laune, lass deiner Fantasie freien Lauf<\/p>\n<p>Oder du suchst ein Mitbringsel, die Krabben sind schnell und einfach geh\u00e4kelt.<\/p>\n<p>Mit Baumwolle und der Nadelst\u00e4rke 3 wird die Krabbe ungef\u00e4hr; 26cm breit und 13cm hoch<\/p>\n<p>Mit Chenillewolle der Nadelst\u00e4rke 3,5 wird die Krabbe ungef\u00e4hr; 30cm breit und 13cm hoch<\/p>\n<p>Mit der Nadelst\u00e4rke 2,5 werden die Mini-Krabben ungef\u00e4hr; 6x9cm<\/p>\n<\/div>\n<div id=\"cc-m-13954443188\" class=\"j-module n j-text \">\n<p>&nbsp;<\/p>\n<p>&nbsp;<\/p>\n<p>&nbsp;<\/p>\n<\/div>\n","protected":false},"featured_media":25070,"template":"","meta":[],"product_brand":[],"product_cat":[56,790,66,69,1211],"product_tag":[90,295,1784,1125,1305,1126,233,242,694,87,94,93,92,635,1785,1783,1782,1320,1303,294,681,183,95,96],"class_list":{"0":"post-25065","1":"product","2":"type-product","3":"status-publish","4":"has-post-thumbnail","6":"product_cat-2einfach","7":"product_cat-deko-ideen-mit-licht","8":"product_cat-mini","9":"product_cat-mittel","10":"product_cat-neue-produkte","11":"product_tag-amigurumi","12":"product_tag-anleitung","13":"product_tag-baby-krabbe","14":"product_tag-beleuchtet","15":"product_tag-beleuchtete-kugel","16":"product_tag-beleuchtung","17":"product_tag-dekoration","18":"product_tag-dekoration-haekeln","19":"product_tag-feste","20":"product_tag-geschenk","21":"product_tag-haekelanleitung","22":"product_tag-haekeln","23":"product_tag-kinder","24":"product_tag-krabbe","25":"product_tag-krabbe-beleuchtung-sommer","26":"product_tag-krabbe-lampe","27":"product_tag-krabbe-led","28":"product_tag-kugel","29":"product_tag-led-kugel","30":"product_tag-mitbringsel","31":"product_tag-ueberraschung","32":"product_tag-witzig","33":"product_tag-wolle","34":"product_tag-wollreste","36":"first","37":"instock","38":"downloadable","39":"shipping-taxable","40":"purchasable","41":"product-type-simple"},"_links":{"self":[{"href":"https:\/\/dadade.eu\/index.php?rest_route=\/wp\/v2\/product\/25065","targetHints":{"allow":["GET"]}}],"collection":[{"href":"https:\/\/dadade.eu\/index.php?rest_route=\/wp\/v2\/product"}],"about":[{"href":"https:\/\/dadade.eu\/index.php?rest_route=\/wp\/v2\/types\/product"}],"wp:featuredmedia":[{"embeddable":true,"href":"https:\/\/dadade.eu\/index.php?rest_route=\/wp\/v2\/media\/25070"}],"wp:attachment":[{"href":"https:\/\/dadade.eu\/index.php?rest_route=%2Fwp%2Fv2%2Fmedia&parent=25065"}],"wp:term":[{"taxonomy":"product_brand","embeddable":true,"href":"https:\/\/dadade.eu\/index.php?rest_route=%2Fwp%2Fv2%2Fproduct_brand&post=25065"},{"taxonomy":"product_cat","embeddable":true,"href":"https:\/\/dadade.eu\/index.php?rest_route=%2Fwp%2Fv2%2Fproduct_cat&post=25065"},{"taxonomy":"product_tag","embeddable":true,"href":"https:\/\/dadade.eu\/index.php?rest_route=%2Fwp%2Fv2%2Fproduct_tag&post=25065"}],"curies":[{"name":"wp","href":"https:\/\/api.w.org\/{rel}","templated":true}]}}