{"id":24623,"date":"2025-02-11T16:00:49","date_gmt":"2025-02-11T15:00:49","guid":{"rendered":"https:\/\/dadade.eu\/?post_type=product&#038;p=24623"},"modified":"2025-03-12T00:16:00","modified_gmt":"2025-03-11T23:16:00","slug":"wurm-wuppi-mit-hase-flopsy-h350","status":"publish","type":"product","link":"https:\/\/dadade.eu\/?product=wurm-wuppi-mit-hase-flopsy-h350","title":{"rendered":"Wurm Wuppi mit Hase Flopsy (H350)"},"content":{"rendered":"<p><img decoding=\"async\" class=\"alignnone wp-image-24625\" src=\"https:\/\/dadade.eu\/wp-content\/uploads\/2025\/02\/xWurm-Wuppi-1-300x225.jpg\" alt=\"\" width=\"229\" height=\"172\" srcset=\"https:\/\/dadade.eu\/wp-content\/uploads\/2025\/02\/xWurm-Wuppi-1-300x225.jpg 300w, https:\/\/dadade.eu\/wp-content\/uploads\/2025\/02\/xWurm-Wuppi-1-1024x768.jpg 1024w, https:\/\/dadade.eu\/wp-content\/uploads\/2025\/02\/xWurm-Wuppi-1-768x576.jpg 768w, https:\/\/dadade.eu\/wp-content\/uploads\/2025\/02\/xWurm-Wuppi-1-600x450.jpg 600w, https:\/\/dadade.eu\/wp-content\/uploads\/2025\/02\/xWurm-Wuppi-1-64x48.jpg 64w, https:\/\/dadade.eu\/wp-content\/uploads\/2025\/02\/xWurm-Wuppi-1.jpg 1400w\" sizes=\"(max-width: 229px) 100vw, 229px\" \/>Wurm Wuppi, mit unterschiedlicher Wolle<\/p>\n<p><img decoding=\"async\" class=\"alignnone wp-image-24626\" src=\"https:\/\/dadade.eu\/wp-content\/uploads\/2025\/02\/xWurm-Zubehoer-Wagen-2-300x225.jpg\" alt=\"\" width=\"240\" height=\"180\" srcset=\"https:\/\/dadade.eu\/wp-content\/uploads\/2025\/02\/xWurm-Zubehoer-Wagen-2-300x225.jpg 300w, https:\/\/dadade.eu\/wp-content\/uploads\/2025\/02\/xWurm-Zubehoer-Wagen-2-1024x768.jpg 1024w, https:\/\/dadade.eu\/wp-content\/uploads\/2025\/02\/xWurm-Zubehoer-Wagen-2-768x576.jpg 768w, https:\/\/dadade.eu\/wp-content\/uploads\/2025\/02\/xWurm-Zubehoer-Wagen-2-600x450.jpg 600w, https:\/\/dadade.eu\/wp-content\/uploads\/2025\/02\/xWurm-Zubehoer-Wagen-2-64x48.jpg 64w, https:\/\/dadade.eu\/wp-content\/uploads\/2025\/02\/xWurm-Zubehoer-Wagen-2.jpg 1400w\" sizes=\"(max-width: 240px) 100vw, 240px\" \/>drei verschiedene Wagen zur Auswahl, auf Wunsch kann auch eine herk\u00f6mmliche Verpackung angepassst werden<\/p>\n<p><img decoding=\"async\" class=\"alignnone wp-image-24627\" src=\"https:\/\/dadade.eu\/wp-content\/uploads\/2025\/02\/xWurm-Hase-1-300x225.jpg\" alt=\"\" width=\"240\" height=\"180\" srcset=\"https:\/\/dadade.eu\/wp-content\/uploads\/2025\/02\/xWurm-Hase-1-300x225.jpg 300w, https:\/\/dadade.eu\/wp-content\/uploads\/2025\/02\/xWurm-Hase-1-1024x768.jpg 1024w, https:\/\/dadade.eu\/wp-content\/uploads\/2025\/02\/xWurm-Hase-1-768x576.jpg 768w, https:\/\/dadade.eu\/wp-content\/uploads\/2025\/02\/xWurm-Hase-1-600x450.jpg 600w, https:\/\/dadade.eu\/wp-content\/uploads\/2025\/02\/xWurm-Hase-1-64x48.jpg 64w, https:\/\/dadade.eu\/wp-content\/uploads\/2025\/02\/xWurm-Hase-1.jpg 1400w\" sizes=\"(max-width: 240px) 100vw, 240px\" \/>zwei verschiedene H\u00e4schen, sind in der Anleitung enthalten,<\/p>\n<p>&nbsp;<\/p>\n<p>Die Anleitung ist ausf\u00fchrlich mit vielen Bildern hinterlegt und schon f\u00fcr ge\u00fcbte Anf\u00e4nger geeignet<\/p>\n<p>&nbsp;<\/p>\n<p>viele Bilder und Ideen von flei\u00dfigen Helfer und H\u00e4nden <strong>von Amigurumis<\/strong> findet ihr hier<\/p>\n<p><a href=\"https:\/\/dadade.eu\/?p=6303\" target=\"_blank\" rel=\"noopener\"><b>A160 Amigurumi<\/b><\/a><\/p>\n<p>viele Bilder und Ideen von flei\u00dfigen Helfer und H\u00e4nden <strong>f\u00fcr Ostern<\/strong> findet ihr hier<\/p>\n<p><strong><a href=\"https:\/\/dadade.eu\/?p=15640\" target=\"_blank\" rel=\"noopener\">Fr\u00fchling &amp; Ostern<\/a><\/strong><\/p>\n<p>&nbsp;<\/p>\n<p>&nbsp;<\/p>\n","protected":false},"excerpt":{"rendered":"<div id=\"cc-m-13954443088\" class=\"j-module n j-text \">\n<p>Hier kauft man die H\u00e4kelanleitung f\u00fcr dieses s\u00fc\u00dfe, Oster-Duo.<\/p>\n<ol>\n<li>Osterwurm Wuppi mit Hut<\/li>\n<li>Hase Flopsy in 2 Varianten<\/li>\n<li>Osterwagen, ob als Ei, Kugel oder aus einer viereckigen Schachtel<\/li>\n<\/ol>\n<p>Hase Flopsy hat den Wurm gebeten, ihm beim Oster-Eier-Verteilen zu helfen.<\/p>\n<p>Wurm Wuppi hat sich dazu extra einen Osterhut angezogen.<\/p>\n<p>Kennt ihr schon <a href=\"https:\/\/dadade.eu\/?p=24809\" target=\"_blank\" rel=\"noopener\"><strong>die ganze Geschichte<\/strong> <strong>mit Wurm Wuppi und dem Hasen?<\/strong><\/a><\/p>\n<p>Die Anleitung f\u00fcr den Osterwagen ist so gestaltet, dass man sie leicht anpassen kann, ob mein ein Acryl-Ei, bzw. Kugel kaufen m\u00f6chte, oder einfach eine vorhandene Schachtel nehmen kann.<\/p>\n<p>Seid kreativ, mit dieser Anleitung habt ihr viele M\u00f6glichkeiten, und ich freue mich immer \u00fcber neue Anregungen.<\/p>\n<p>Mit der Nadelst\u00e4rke 3,5 wird der Wurm ungef\u00e4hr; 27cm hoch und 37cm lang<\/p>\n<p>Mit der Nadelst\u00e4rke 4,5 ungef\u00e4hr; 30cm hoch und 43cm lang<\/p>\n<p>Mit der Nadelst\u00e4rke 2,5 wird der kleine Hase ungef\u00e4hr; 16cm hoch im Sitzen (mit Ohren) und 25 cm insgesamt<\/p>\n<\/div>\n<div id=\"cc-m-13954443188\" class=\"j-module n j-text \">\n<p>&nbsp;<\/p>\n<\/div>\n","protected":false},"featured_media":24628,"template":"","meta":[],"product_brand":[],"product_cat":[57,35,501,51,70,66,1211],"product_tag":[90,87,94,93,113,110,1683,1686,1684,1685,92,88,114,1768,91,1116,95,96,369,1767,1766],"class_list":{"0":"post-24623","1":"product","2":"type-product","3":"status-publish","4":"has-post-thumbnail","6":"product_cat-3mittel","7":"product_cat-amigurumi","8":"product_cat-ostern-amigurumi","9":"product_cat-fruehling-ostern","10":"product_cat-maxi","11":"product_cat-mini","12":"product_cat-neue-produkte","13":"product_tag-amigurumi","14":"product_tag-geschenk","15":"product_tag-haekelanleitung","16":"product_tag-haekeln","17":"product_tag-hase","18":"product_tag-hase-haekeln","19":"product_tag-hasen-baby","20":"product_tag-hasen-kind","21":"product_tag-hasenbaby","22":"product_tag-hasenkind","23":"product_tag-kinder","24":"product_tag-kuscheltier-haekeln","25":"product_tag-ostern","26":"product_tag-osterwagen","27":"product_tag-plueschtier","28":"product_tag-regenwurm","29":"product_tag-wolle","30":"product_tag-wollreste","31":"product_tag-wurm","32":"product_tag-wurm-amigurumi","33":"product_tag-wurm-haekeln","35":"first","36":"instock","37":"downloadable","38":"purchasable","39":"product-type-simple"},"_links":{"self":[{"href":"https:\/\/dadade.eu\/index.php?rest_route=\/wp\/v2\/product\/24623","targetHints":{"allow":["GET"]}}],"collection":[{"href":"https:\/\/dadade.eu\/index.php?rest_route=\/wp\/v2\/product"}],"about":[{"href":"https:\/\/dadade.eu\/index.php?rest_route=\/wp\/v2\/types\/product"}],"wp:featuredmedia":[{"embeddable":true,"href":"https:\/\/dadade.eu\/index.php?rest_route=\/wp\/v2\/media\/24628"}],"wp:attachment":[{"href":"https:\/\/dadade.eu\/index.php?rest_route=%2Fwp%2Fv2%2Fmedia&parent=24623"}],"wp:term":[{"taxonomy":"product_brand","embeddable":true,"href":"https:\/\/dadade.eu\/index.php?rest_route=%2Fwp%2Fv2%2Fproduct_brand&post=24623"},{"taxonomy":"product_cat","embeddable":true,"href":"https:\/\/dadade.eu\/index.php?rest_route=%2Fwp%2Fv2%2Fproduct_cat&post=24623"},{"taxonomy":"product_tag","embeddable":true,"href":"https:\/\/dadade.eu\/index.php?rest_route=%2Fwp%2Fv2%2Fproduct_tag&post=24623"}],"curies":[{"name":"wp","href":"https:\/\/api.w.org\/{rel}","templated":true}]}}