{"id":23880,"date":"2024-10-23T16:44:40","date_gmt":"2024-10-23T14:44:40","guid":{"rendered":"https:\/\/dadade.eu\/?post_type=product&#038;p=23880"},"modified":"2024-12-18T23:27:42","modified_gmt":"2024-12-18T22:27:42","slug":"kissen-spinnennetz-mit-spinne-h162","status":"publish","type":"product","link":"https:\/\/dadade.eu\/?product=kissen-spinnennetz-mit-spinne-h162","title":{"rendered":"Kissen Spinnennetz mit Spinne (H162)"},"content":{"rendered":"<p><img fetchpriority=\"high\" decoding=\"async\" class=\"alignnone size-medium wp-image-23925\" src=\"https:\/\/dadade.eu\/wp-content\/uploads\/2024\/10\/xKissen-Spinnennetz-Spinne-1b-300x226.jpg\" alt=\"\" width=\"300\" height=\"226\" srcset=\"https:\/\/dadade.eu\/wp-content\/uploads\/2024\/10\/xKissen-Spinnennetz-Spinne-1b-300x226.jpg 300w, https:\/\/dadade.eu\/wp-content\/uploads\/2024\/10\/xKissen-Spinnennetz-Spinne-1b-600x451.jpg 600w, https:\/\/dadade.eu\/wp-content\/uploads\/2024\/10\/xKissen-Spinnennetz-Spinne-1b-64x48.jpg 64w, https:\/\/dadade.eu\/wp-content\/uploads\/2024\/10\/xKissen-Spinnennetz-Spinne-1b-1024x770.jpg 1024w, https:\/\/dadade.eu\/wp-content\/uploads\/2024\/10\/xKissen-Spinnennetz-Spinne-1b-768x578.jpg 768w, https:\/\/dadade.eu\/wp-content\/uploads\/2024\/10\/xKissen-Spinnennetz-Spinne-1b.jpg 1396w\" sizes=\"(max-width: 300px) 100vw, 300px\" \/>die gro\u00dfe Spinne ist mit der ND 4,5 geh\u00e4kelt und ist Ca 12cm lang und 5cm breit <em>(ohne Beine)<\/em><strong><em>\u00a0\u00a0 <\/em><\/strong><\/p>\n<p><img decoding=\"async\" class=\"alignnone size-medium wp-image-23928\" src=\"https:\/\/dadade.eu\/wp-content\/uploads\/2024\/10\/xKissen-Spinnennetz-Spinne-4b-300x226.jpg\" alt=\"\" width=\"300\" height=\"226\" srcset=\"https:\/\/dadade.eu\/wp-content\/uploads\/2024\/10\/xKissen-Spinnennetz-Spinne-4b-300x226.jpg 300w, https:\/\/dadade.eu\/wp-content\/uploads\/2024\/10\/xKissen-Spinnennetz-Spinne-4b-600x451.jpg 600w, https:\/\/dadade.eu\/wp-content\/uploads\/2024\/10\/xKissen-Spinnennetz-Spinne-4b-64x48.jpg 64w, https:\/\/dadade.eu\/wp-content\/uploads\/2024\/10\/xKissen-Spinnennetz-Spinne-4b-1024x770.jpg 1024w, https:\/\/dadade.eu\/wp-content\/uploads\/2024\/10\/xKissen-Spinnennetz-Spinne-4b-768x578.jpg 768w, https:\/\/dadade.eu\/wp-content\/uploads\/2024\/10\/xKissen-Spinnennetz-Spinne-4b.jpg 1396w\" sizes=\"(max-width: 300px) 100vw, 300px\" \/>die kleine Spinne ist mit Ricorumi und der ND 3,5 geh\u00e4kelt und ist Ca 7cm lang und 3cm breit <em>(ohne Beine)<\/em><\/p>\n<p><img decoding=\"async\" class=\"alignnone size-medium wp-image-23927\" src=\"https:\/\/dadade.eu\/wp-content\/uploads\/2024\/10\/xKissen-Spinnennetz-Spinne-3b-300x226.jpg\" alt=\"\" width=\"300\" height=\"226\" srcset=\"https:\/\/dadade.eu\/wp-content\/uploads\/2024\/10\/xKissen-Spinnennetz-Spinne-3b-300x226.jpg 300w, https:\/\/dadade.eu\/wp-content\/uploads\/2024\/10\/xKissen-Spinnennetz-Spinne-3b-600x451.jpg 600w, https:\/\/dadade.eu\/wp-content\/uploads\/2024\/10\/xKissen-Spinnennetz-Spinne-3b-64x48.jpg 64w, https:\/\/dadade.eu\/wp-content\/uploads\/2024\/10\/xKissen-Spinnennetz-Spinne-3b-1024x770.jpg 1024w, https:\/\/dadade.eu\/wp-content\/uploads\/2024\/10\/xKissen-Spinnennetz-Spinne-3b-768x578.jpg 768w, https:\/\/dadade.eu\/wp-content\/uploads\/2024\/10\/xKissen-Spinnennetz-Spinne-3b.jpg 1396w\" sizes=\"(max-width: 300px) 100vw, 300px\" \/>und die wei\u00dfe Spinne mit nachtleucht-Wolle, ND 3,5 , ist Ca 6cm lang und 2,5cm breit <em>(ohne Beine)<\/em><strong><em>\u00a0 <\/em><\/strong><\/p>\n<p>Die Anleitung ist ausf\u00fchrlich mit vielen Bildern hinterlegt und wird auf 9 Seiten Schritt-f\u00fcr-Schritt beschrieben!<\/p>\n<p>&nbsp;<\/p>\n<p>&nbsp;<\/p>\n<p><strong><a href=\"https:\/\/dadade.eu\/?product_cat=herbst-halloween\" target=\"_blank\" rel=\"noopener\">mehr Deko f\u00fcr Herbst oder Halloween?<\/a><\/strong><\/p>\n<h4><strong>MEHR VARIANTEN UND IDEEN von flei\u00dfigen Helfer und H\u00e4nden?<\/strong><\/h4>\n<h4><a href=\"https:\/\/dadade.eu\/?p=14216\" target=\"_blank\" rel=\"noopener\">findet ihr hier Herbst &amp; Halloween<\/a><\/h4>\n<h4><a href=\"https:\/\/dadade.eu\/?p=13760\" target=\"_blank\" rel=\"noopener\">oder hier Kissen<\/a><\/h4>\n<h4><\/h4>\n","protected":false},"excerpt":{"rendered":"<div id=\"cc-m-13954443088\">\n<div id=\"cc-m-13954443088\">\n<p>Hier kauft man die H\u00e4kelanleitung f\u00fcr dieses gespenstische Spinnen-Netz-Kissen<\/p>\n<p>das Kissen ist mit kuscheliger Wolle geh\u00e4kelt<\/p>\n<p>eine Seite in lila und mit schwarzem Spinnennetz<\/p>\n<p>die andere Seite ist schwarz und das Spinnen-Netz mit nachtleuchtender Wolle aufgestickt<\/p>\n<p>oder man h\u00e4kelt alles mit normaler Wolle &#8211; alles ist m\u00f6glich<\/p>\n<p>die Anleitung f\u00fcr die kleine Spinne geh\u00f6rt nat\u00fcrlich auch noch dazu, sie ist auch ein tolle Schl\u00fcsselanh\u00e4nger.<\/p>\n<p>eine der Spinnen ist mit nacht-leuchtendender Wolle und mit der Nadelst\u00e4rke 3,5 geh\u00e4kelt, siehe auch weiter unten<\/p>\n<p>Das Kissen hat mit der Nadelst\u00e4rke 4,5 geh\u00e4kelt &#8211; ungef\u00e4hr eine Durchmesser von 34cm hoch<\/p>\n<p>die Spinnen, mit der Nadelst\u00e4rke 3,5 geh\u00e4kelt sind ungef\u00e4hr; 6-7cm lang und 2-3cm breit (ohne Beine)<\/p>\n<\/div>\n<p>&nbsp;<\/p>\n<p>noch ein Kissen und die Halloween-Deko ist perfekt<\/p>\n<p><img loading=\"lazy\" decoding=\"async\" class=\"alignnone size-medium wp-image-23906\" src=\"https:\/\/dadade.eu\/wp-content\/uploads\/2024\/10\/xKissen-Halloween-1-300x226.jpg\" alt=\"\" width=\"300\" height=\"226\" srcset=\"https:\/\/dadade.eu\/wp-content\/uploads\/2024\/10\/xKissen-Halloween-1-300x226.jpg 300w, https:\/\/dadade.eu\/wp-content\/uploads\/2024\/10\/xKissen-Halloween-1-600x451.jpg 600w, https:\/\/dadade.eu\/wp-content\/uploads\/2024\/10\/xKissen-Halloween-1-64x48.jpg 64w, https:\/\/dadade.eu\/wp-content\/uploads\/2024\/10\/xKissen-Halloween-1-1024x770.jpg 1024w, https:\/\/dadade.eu\/wp-content\/uploads\/2024\/10\/xKissen-Halloween-1-768x578.jpg 768w, https:\/\/dadade.eu\/wp-content\/uploads\/2024\/10\/xKissen-Halloween-1.jpg 1396w\" sizes=\"(max-width: 300px) 100vw, 300px\" \/> <strong><a href=\"https:\/\/dadade.eu\/?product=kissen-fledermaus-flatter-mit-tasche-h161\" target=\"_blank\" rel=\"noopener\">das Fledermaus-Kissen findet ihr hier<\/a><\/strong><\/p>\n<\/div>\n","protected":false},"featured_media":23912,"template":"","meta":[],"product_brand":[],"product_cat":[56,48,52,53,1211],"product_tag":[90,295,1058,1152,242,1151,1384,87,94,93,1380,126,1720,243,244,294,1719,195,923,925,1724,1725,183,95,96],"class_list":{"0":"post-23880","1":"product","2":"type-product","3":"status-publish","4":"has-post-thumbnail","6":"product_cat-2einfach","7":"product_cat-haus-deko","8":"product_cat-herbst-halloween","9":"product_cat-kissen","10":"product_cat-neue-produkte","11":"product_tag-amigurumi","12":"product_tag-anleitung","13":"product_tag-deko","14":"product_tag-deko-halloween","15":"product_tag-dekoration-haekeln","16":"product_tag-dekoration-herbst","17":"product_tag-feiertag","18":"product_tag-geschenk","19":"product_tag-haekelanleitung","20":"product_tag-haekeln","21":"product_tag-halloween-haekeln","22":"product_tag-herbst","23":"product_tag-im-dunkeln-leuchten","24":"product_tag-kuschelwolle","25":"product_tag-kuschelwolle-haekeln","26":"product_tag-mitbringsel","27":"product_tag-nachtleuchtende-wolle","28":"product_tag-praesent","29":"product_tag-spinne","30":"product_tag-spinne-haekeln","31":"product_tag-spinnennetz","32":"product_tag-spinnennetz-kissen","33":"product_tag-witzig","34":"product_tag-wolle","35":"product_tag-wollreste","37":"first","38":"instock","39":"downloadable","40":"shipping-taxable","41":"purchasable","42":"product-type-simple"},"_links":{"self":[{"href":"https:\/\/dadade.eu\/index.php?rest_route=\/wp\/v2\/product\/23880","targetHints":{"allow":["GET"]}}],"collection":[{"href":"https:\/\/dadade.eu\/index.php?rest_route=\/wp\/v2\/product"}],"about":[{"href":"https:\/\/dadade.eu\/index.php?rest_route=\/wp\/v2\/types\/product"}],"wp:featuredmedia":[{"embeddable":true,"href":"https:\/\/dadade.eu\/index.php?rest_route=\/wp\/v2\/media\/23912"}],"wp:attachment":[{"href":"https:\/\/dadade.eu\/index.php?rest_route=%2Fwp%2Fv2%2Fmedia&parent=23880"}],"wp:term":[{"taxonomy":"product_brand","embeddable":true,"href":"https:\/\/dadade.eu\/index.php?rest_route=%2Fwp%2Fv2%2Fproduct_brand&post=23880"},{"taxonomy":"product_cat","embeddable":true,"href":"https:\/\/dadade.eu\/index.php?rest_route=%2Fwp%2Fv2%2Fproduct_cat&post=23880"},{"taxonomy":"product_tag","embeddable":true,"href":"https:\/\/dadade.eu\/index.php?rest_route=%2Fwp%2Fv2%2Fproduct_tag&post=23880"}],"curies":[{"name":"wp","href":"https:\/\/api.w.org\/{rel}","templated":true}]}}