{"id":23806,"date":"2024-10-15T11:42:50","date_gmt":"2024-10-15T09:42:50","guid":{"rendered":"https:\/\/dadade.eu\/?post_type=product&#038;p=23806"},"modified":"2024-11-09T10:04:49","modified_gmt":"2024-11-09T09:04:49","slug":"gespenst-toutou-nachtleuchtend-h423","status":"publish","type":"product","link":"https:\/\/dadade.eu\/?product=gespenst-toutou-nachtleuchtend-h423","title":{"rendered":"Gespenst Toutou &#8211; nachtleuchtend (H423)"},"content":{"rendered":"<p><img fetchpriority=\"high\" decoding=\"async\" class=\"alignnone size-medium wp-image-23839\" src=\"https:\/\/dadade.eu\/wp-content\/uploads\/2024\/10\/xGespenst-Toutou-20-300x226.jpg\" alt=\"\" width=\"300\" height=\"226\" srcset=\"https:\/\/dadade.eu\/wp-content\/uploads\/2024\/10\/xGespenst-Toutou-20-300x226.jpg 300w, https:\/\/dadade.eu\/wp-content\/uploads\/2024\/10\/xGespenst-Toutou-20-600x451.jpg 600w, https:\/\/dadade.eu\/wp-content\/uploads\/2024\/10\/xGespenst-Toutou-20-64x48.jpg 64w, https:\/\/dadade.eu\/wp-content\/uploads\/2024\/10\/xGespenst-Toutou-20-1024x770.jpg 1024w, https:\/\/dadade.eu\/wp-content\/uploads\/2024\/10\/xGespenst-Toutou-20-768x578.jpg 768w, https:\/\/dadade.eu\/wp-content\/uploads\/2024\/10\/xGespenst-Toutou-20.jpg 1396w\" sizes=\"(max-width: 300px) 100vw, 300px\" \/>das gro\u00dfe Gespenst hat ein leuchtendes Nachthemd<\/p>\n<p><img decoding=\"async\" class=\"alignnone size-medium wp-image-23827\" src=\"https:\/\/dadade.eu\/wp-content\/uploads\/2024\/10\/xGespenst-klein-Toutou-20-300x226.jpg\" alt=\"\" width=\"300\" height=\"226\" srcset=\"https:\/\/dadade.eu\/wp-content\/uploads\/2024\/10\/xGespenst-klein-Toutou-20-300x226.jpg 300w, https:\/\/dadade.eu\/wp-content\/uploads\/2024\/10\/xGespenst-klein-Toutou-20-600x451.jpg 600w, https:\/\/dadade.eu\/wp-content\/uploads\/2024\/10\/xGespenst-klein-Toutou-20-64x48.jpg 64w, https:\/\/dadade.eu\/wp-content\/uploads\/2024\/10\/xGespenst-klein-Toutou-20-1024x770.jpg 1024w, https:\/\/dadade.eu\/wp-content\/uploads\/2024\/10\/xGespenst-klein-Toutou-20-768x578.jpg 768w, https:\/\/dadade.eu\/wp-content\/uploads\/2024\/10\/xGespenst-klein-Toutou-20.jpg 1396w\" sizes=\"(max-width: 300px) 100vw, 300px\" \/>das kleine Gespenst ist komplett mit Leucht-Wolle geh\u00e4kelt<\/p>\n<p><img decoding=\"async\" class=\"alignnone size-medium wp-image-23933\" src=\"https:\/\/dadade.eu\/wp-content\/uploads\/2024\/10\/xGespenst-Toutou-neu2-300x226.jpg\" alt=\"\" width=\"300\" height=\"226\" srcset=\"https:\/\/dadade.eu\/wp-content\/uploads\/2024\/10\/xGespenst-Toutou-neu2-300x226.jpg 300w, https:\/\/dadade.eu\/wp-content\/uploads\/2024\/10\/xGespenst-Toutou-neu2-600x451.jpg 600w, https:\/\/dadade.eu\/wp-content\/uploads\/2024\/10\/xGespenst-Toutou-neu2-64x48.jpg 64w, https:\/\/dadade.eu\/wp-content\/uploads\/2024\/10\/xGespenst-Toutou-neu2-1024x770.jpg 1024w, https:\/\/dadade.eu\/wp-content\/uploads\/2024\/10\/xGespenst-Toutou-neu2-768x578.jpg 768w, https:\/\/dadade.eu\/wp-content\/uploads\/2024\/10\/xGespenst-Toutou-neu2.jpg 1396w\" sizes=\"(max-width: 300px) 100vw, 300px\" \/><\/p>\n<p><img loading=\"lazy\" decoding=\"async\" class=\"alignnone size-medium wp-image-23843\" src=\"https:\/\/dadade.eu\/wp-content\/uploads\/2024\/10\/xGespenst-Toutou-Zubehoer-21-300x226.jpg\" alt=\"\" width=\"300\" height=\"226\" srcset=\"https:\/\/dadade.eu\/wp-content\/uploads\/2024\/10\/xGespenst-Toutou-Zubehoer-21-300x226.jpg 300w, https:\/\/dadade.eu\/wp-content\/uploads\/2024\/10\/xGespenst-Toutou-Zubehoer-21-600x451.jpg 600w, https:\/\/dadade.eu\/wp-content\/uploads\/2024\/10\/xGespenst-Toutou-Zubehoer-21-64x48.jpg 64w, https:\/\/dadade.eu\/wp-content\/uploads\/2024\/10\/xGespenst-Toutou-Zubehoer-21-1024x770.jpg 1024w, https:\/\/dadade.eu\/wp-content\/uploads\/2024\/10\/xGespenst-Toutou-Zubehoer-21-768x578.jpg 768w, https:\/\/dadade.eu\/wp-content\/uploads\/2024\/10\/xGespenst-Toutou-Zubehoer-21.jpg 1396w\" sizes=\"(max-width: 300px) 100vw, 300px\" \/>und die beiden haben viele leuchtende Freunde<\/p>\n<p>Die Anleitung ist ausf\u00fchrlich mit vielen Bildern hinterlegt und wird auf 16 (Gespenst) &amp; 12 (Spinne&amp;Fledermaus) Seiten Schritt-f\u00fcr-Schritt beschrieben!<\/p>\n<p>&nbsp;<\/p>\n<p><strong><a href=\"https:\/\/dadade.eu\/?product_cat=herbst-halloween\" target=\"_blank\" rel=\"noopener\">mehr Deko f\u00fcr Herbst oder Halloween?<\/a><\/strong><\/p>\n<h4><strong><span style=\"color: #000000;\">MEHR VARIANTEN UND IDEEN von flei\u00dfigen Helfer und H\u00e4nden?<\/span><\/strong><\/h4>\n<h4><a href=\"https:\/\/dadade.eu\/?p=14216\" target=\"_blank\" rel=\"noopener\">findet ihr hier<\/a><\/h4>\n<h4><\/h4>\n","protected":false},"excerpt":{"rendered":"<div id=\"cc-m-13954443088\">\n<div id=\"cc-m-13954443088\">\n<p>Hier kauft man die H\u00e4kelanleitung f\u00fcr diese gespenstische spukhafte Gesellen<\/p>\n<p>das s\u00fc\u00dfe, knuffige, gar nicht gruselige Gespenst Toutou\u00a0 mit seinen Freunden, den\u00a0 Spinnen &amp; Fledermaus<\/p>\n<p>Toutou hat ein Nachthemd aus Nachtleucht-Wolle, sodass man sie auch im dunkeln findet, wenn man das Nachthemd auszieht, leuchten nur die Augen und die Nase<\/p>\n<p>das kleine Gespenst ist komplett mit Nachtleucht-Wolle geh\u00e4kelt<\/p>\n<p>Lass deiner Fantasie freien Lauf, und spiele nach Lust und Laune- mit der Nachtleucht-Wolle, welche Teile man damit h\u00e4kelt bleibt jedem selber \u00fcberlassen,<\/p>\n<p>oder man h\u00e4kelt alles mit normaler Wolle &#8211; alles ist m\u00f6glich<\/p>\n<p>die kleine Spinne und die Fledermaus geh\u00f6rt nat\u00fcrlich auch noch dazu, die Beiden sind auch tolle\u00a0 Schl\u00fcsselanh\u00e4nger.<\/p>\n<p>(der Hexenhut ist nur Dekoration)<\/p>\n<p>&nbsp;<\/p>\n<p>Das gro\u00dfe Gespenst wird mit der Nadelst\u00e4rke 4,5 geh\u00e4kelt &#8211; ungef\u00e4hr; 45cm hoch, &#8211; das Kleid ist mit nacht-leuchtendender\u00a0 Wolle geh\u00e4kelt<\/p>\n<p>Das kleine Gespenst ist mit nacht-leuchtendender Wolle und mit der Nadelst\u00e4rke 3,5 geh\u00e4kelt, &#8211; Es ist ungef\u00e4hr; 25cm hoch<\/p>\n<p>auch mit der Nadelst\u00e4rke 3,5 wird<\/p>\n<p>die Spinne ungef\u00e4hr; 5cm hoch, 10cm breit<\/p>\n<p>die Fledermaus ungef\u00e4hr; 7cm hoch, 13cm breit<\/p>\n<\/div>\n<\/div>\n","protected":false},"featured_media":23807,"template":"","meta":[],"product_brand":[],"product_cat":[57,48,52,1211],"product_tag":[90,295,1058,1152,242,1151,1384,1132,1140,87,1003,1004,1718,94,93,1380,126,1720,243,244,294,1719,195,183,95,96],"class_list":{"0":"post-23806","1":"product","2":"type-product","3":"status-publish","4":"has-post-thumbnail","6":"product_cat-3mittel","7":"product_cat-haus-deko","8":"product_cat-herbst-halloween","9":"product_cat-neue-produkte","10":"product_tag-amigurumi","11":"product_tag-anleitung","12":"product_tag-deko","13":"product_tag-deko-halloween","14":"product_tag-dekoration-haekeln","15":"product_tag-dekoration-herbst","16":"product_tag-feiertag","17":"product_tag-geist","18":"product_tag-geist-haekeln","19":"product_tag-geschenk","20":"product_tag-gespenst","21":"product_tag-gespenst-haekeln","22":"product_tag-gespenst-nachtleuchtend","23":"product_tag-haekelanleitung","24":"product_tag-haekeln","25":"product_tag-halloween-haekeln","26":"product_tag-herbst","27":"product_tag-im-dunkeln-leuchten","28":"product_tag-kuschelwolle","29":"product_tag-kuschelwolle-haekeln","30":"product_tag-mitbringsel","31":"product_tag-nachtleuchtende-wolle","32":"product_tag-praesent","33":"product_tag-witzig","34":"product_tag-wolle","35":"product_tag-wollreste","37":"first","38":"instock","39":"downloadable","40":"shipping-taxable","41":"purchasable","42":"product-type-simple"},"_links":{"self":[{"href":"https:\/\/dadade.eu\/index.php?rest_route=\/wp\/v2\/product\/23806","targetHints":{"allow":["GET"]}}],"collection":[{"href":"https:\/\/dadade.eu\/index.php?rest_route=\/wp\/v2\/product"}],"about":[{"href":"https:\/\/dadade.eu\/index.php?rest_route=\/wp\/v2\/types\/product"}],"wp:featuredmedia":[{"embeddable":true,"href":"https:\/\/dadade.eu\/index.php?rest_route=\/wp\/v2\/media\/23807"}],"wp:attachment":[{"href":"https:\/\/dadade.eu\/index.php?rest_route=%2Fwp%2Fv2%2Fmedia&parent=23806"}],"wp:term":[{"taxonomy":"product_brand","embeddable":true,"href":"https:\/\/dadade.eu\/index.php?rest_route=%2Fwp%2Fv2%2Fproduct_brand&post=23806"},{"taxonomy":"product_cat","embeddable":true,"href":"https:\/\/dadade.eu\/index.php?rest_route=%2Fwp%2Fv2%2Fproduct_cat&post=23806"},{"taxonomy":"product_tag","embeddable":true,"href":"https:\/\/dadade.eu\/index.php?rest_route=%2Fwp%2Fv2%2Fproduct_tag&post=23806"}],"curies":[{"name":"wp","href":"https:\/\/api.w.org\/{rel}","templated":true}]}}