{"id":23026,"date":"2024-06-03T23:25:04","date_gmt":"2024-06-03T21:25:04","guid":{"rendered":"https:\/\/dadade.eu\/?post_type=product&#038;p=23026"},"modified":"2024-06-12T00:29:27","modified_gmt":"2024-06-11T22:29:27","slug":"stifte-mit-gehaekelten-tieren-der-besondere-kugelschreiber-und-schluesselanhaenger-h730","status":"publish","type":"product","link":"https:\/\/dadade.eu\/?product=stifte-mit-gehaekelten-tieren-der-besondere-kugelschreiber-und-schluesselanhaenger-h730","title":{"rendered":"Stifte mit geh\u00e4kelten Tieren, der besondere Kugelschreiber und Schl\u00fcsselanh\u00e4nger  (H730)"},"content":{"rendered":"<p><img decoding=\"async\" class=\"alignnone wp-image-22930\" src=\"https:\/\/dadade.eu\/wp-content\/uploads\/2024\/06\/xStifte-Kuschel-Koala-5-300x225.jpg\" alt=\"\" width=\"225\" height=\"169\" srcset=\"https:\/\/dadade.eu\/wp-content\/uploads\/2024\/06\/xStifte-Kuschel-Koala-5-300x225.jpg 300w, https:\/\/dadade.eu\/wp-content\/uploads\/2024\/06\/xStifte-Kuschel-Koala-5-600x450.jpg 600w, https:\/\/dadade.eu\/wp-content\/uploads\/2024\/06\/xStifte-Kuschel-Koala-5-64x48.jpg 64w, https:\/\/dadade.eu\/wp-content\/uploads\/2024\/06\/xStifte-Kuschel-Koala-5-1024x768.jpg 1024w, https:\/\/dadade.eu\/wp-content\/uploads\/2024\/06\/xStifte-Kuschel-Koala-5-768x576.jpg 768w, https:\/\/dadade.eu\/wp-content\/uploads\/2024\/06\/xStifte-Kuschel-Koala-5.jpg 1400w\" sizes=\"(max-width: 225px) 100vw, 225px\" \/><strong><a href=\"https:\/\/dadade.eu\/?product=stift-mit-koala-der-kugelschreiber-mit-deko-h731\" target=\"_blank\" rel=\"noopener\">1 Der Koala (H731)<\/a><\/strong><\/p>\n<p><img decoding=\"async\" class=\"alignnone wp-image-22949\" src=\"https:\/\/dadade.eu\/wp-content\/uploads\/2024\/06\/xStifte-Kuschel-Fuchs-5-300x225.jpg\" alt=\"\" width=\"223\" height=\"167\" srcset=\"https:\/\/dadade.eu\/wp-content\/uploads\/2024\/06\/xStifte-Kuschel-Fuchs-5-300x225.jpg 300w, https:\/\/dadade.eu\/wp-content\/uploads\/2024\/06\/xStifte-Kuschel-Fuchs-5-600x450.jpg 600w, https:\/\/dadade.eu\/wp-content\/uploads\/2024\/06\/xStifte-Kuschel-Fuchs-5-64x48.jpg 64w, https:\/\/dadade.eu\/wp-content\/uploads\/2024\/06\/xStifte-Kuschel-Fuchs-5-1024x768.jpg 1024w, https:\/\/dadade.eu\/wp-content\/uploads\/2024\/06\/xStifte-Kuschel-Fuchs-5-768x576.jpg 768w, https:\/\/dadade.eu\/wp-content\/uploads\/2024\/06\/xStifte-Kuschel-Fuchs-5.jpg 1400w\" sizes=\"(max-width: 223px) 100vw, 223px\" \/><strong><a href=\"https:\/\/dadade.eu\/?product=stift-mit-fuchs-der-kugelschreiber-mit-deko-h732\" target=\"_blank\" rel=\"noopener\">2 Der Fuchs (H732)<\/a><\/strong><\/p>\n<p><img decoding=\"async\" class=\"alignnone wp-image-22967\" src=\"https:\/\/dadade.eu\/wp-content\/uploads\/2024\/06\/xStifte-Kuschel-Affe-5-300x225.jpg\" alt=\"\" width=\"225\" height=\"169\" srcset=\"https:\/\/dadade.eu\/wp-content\/uploads\/2024\/06\/xStifte-Kuschel-Affe-5-300x225.jpg 300w, https:\/\/dadade.eu\/wp-content\/uploads\/2024\/06\/xStifte-Kuschel-Affe-5-600x450.jpg 600w, https:\/\/dadade.eu\/wp-content\/uploads\/2024\/06\/xStifte-Kuschel-Affe-5-64x48.jpg 64w, https:\/\/dadade.eu\/wp-content\/uploads\/2024\/06\/xStifte-Kuschel-Affe-5-1024x768.jpg 1024w, https:\/\/dadade.eu\/wp-content\/uploads\/2024\/06\/xStifte-Kuschel-Affe-5-768x576.jpg 768w, https:\/\/dadade.eu\/wp-content\/uploads\/2024\/06\/xStifte-Kuschel-Affe-5.jpg 1400w\" sizes=\"(max-width: 225px) 100vw, 225px\" \/><strong><a href=\"https:\/\/dadade.eu\/?product=stift-mit-affe-der-kugelschreiber-mit-deko-h733\" target=\"_blank\" rel=\"noopener\">3 Der Affe (H733)<\/a><\/strong><\/p>\n<p><img loading=\"lazy\" decoding=\"async\" class=\"alignnone wp-image-22983\" src=\"https:\/\/dadade.eu\/wp-content\/uploads\/2024\/06\/xStifte-Kuschel-Baer-2-300x225.jpg\" alt=\"\" width=\"224\" height=\"168\" srcset=\"https:\/\/dadade.eu\/wp-content\/uploads\/2024\/06\/xStifte-Kuschel-Baer-2-300x225.jpg 300w, https:\/\/dadade.eu\/wp-content\/uploads\/2024\/06\/xStifte-Kuschel-Baer-2-600x450.jpg 600w, https:\/\/dadade.eu\/wp-content\/uploads\/2024\/06\/xStifte-Kuschel-Baer-2-64x48.jpg 64w, https:\/\/dadade.eu\/wp-content\/uploads\/2024\/06\/xStifte-Kuschel-Baer-2-1024x768.jpg 1024w, https:\/\/dadade.eu\/wp-content\/uploads\/2024\/06\/xStifte-Kuschel-Baer-2-768x576.jpg 768w, https:\/\/dadade.eu\/wp-content\/uploads\/2024\/06\/xStifte-Kuschel-Baer-2.jpg 1400w\" sizes=\"(max-width: 224px) 100vw, 224px\" \/><a href=\"https:\/\/dadade.eu\/?product=stift-mit-baer-der-kugelschreiber-mit-deko-h734\" target=\"_blank\" rel=\"noopener\"><strong>4 Der B\u00e4r (H734)<\/strong><\/a><\/p>\n<p><img loading=\"lazy\" decoding=\"async\" class=\"alignnone wp-image-23003\" src=\"https:\/\/dadade.eu\/wp-content\/uploads\/2024\/06\/xStifte-Kuschel-Katze-5-300x225.jpg\" alt=\"\" width=\"225\" height=\"169\" srcset=\"https:\/\/dadade.eu\/wp-content\/uploads\/2024\/06\/xStifte-Kuschel-Katze-5-300x225.jpg 300w, https:\/\/dadade.eu\/wp-content\/uploads\/2024\/06\/xStifte-Kuschel-Katze-5-600x450.jpg 600w, https:\/\/dadade.eu\/wp-content\/uploads\/2024\/06\/xStifte-Kuschel-Katze-5-64x48.jpg 64w, https:\/\/dadade.eu\/wp-content\/uploads\/2024\/06\/xStifte-Kuschel-Katze-5-1024x768.jpg 1024w, https:\/\/dadade.eu\/wp-content\/uploads\/2024\/06\/xStifte-Kuschel-Katze-5-768x576.jpg 768w, https:\/\/dadade.eu\/wp-content\/uploads\/2024\/06\/xStifte-Kuschel-Katze-5.jpg 1400w\" sizes=\"(max-width: 225px) 100vw, 225px\" \/><strong><a href=\"https:\/\/dadade.eu\/?product=stift-mit-katze-der-kugelschreiber-mit-deko-h735\" target=\"_blank\" rel=\"noopener\">5 Die Katze (H735)<\/a><\/strong><\/p>\n<p><img loading=\"lazy\" decoding=\"async\" class=\"alignnone wp-image-23022\" src=\"https:\/\/dadade.eu\/wp-content\/uploads\/2024\/06\/xStifte-Kuschel-Faultier-5-300x225.jpg\" alt=\"\" width=\"228\" height=\"171\" srcset=\"https:\/\/dadade.eu\/wp-content\/uploads\/2024\/06\/xStifte-Kuschel-Faultier-5-300x225.jpg 300w, https:\/\/dadade.eu\/wp-content\/uploads\/2024\/06\/xStifte-Kuschel-Faultier-5-600x450.jpg 600w, https:\/\/dadade.eu\/wp-content\/uploads\/2024\/06\/xStifte-Kuschel-Faultier-5-64x48.jpg 64w, https:\/\/dadade.eu\/wp-content\/uploads\/2024\/06\/xStifte-Kuschel-Faultier-5-1024x768.jpg 1024w, https:\/\/dadade.eu\/wp-content\/uploads\/2024\/06\/xStifte-Kuschel-Faultier-5-768x576.jpg 768w, https:\/\/dadade.eu\/wp-content\/uploads\/2024\/06\/xStifte-Kuschel-Faultier-5.jpg 1400w\" sizes=\"(max-width: 228px) 100vw, 228px\" \/><strong><a href=\"https:\/\/dadade.eu\/?product=stift-mit-faultier-der-kugelschreiber-mit-deko-h736\" target=\"_blank\" rel=\"noopener\">6 Das Faultier (H736)<\/a><\/strong><\/p>\n<p>&nbsp;<\/p>\n<p>Die Anleitung ist f\u00fcr Anf\u00e4nger geeignet.<\/p>\n<p>&nbsp;<\/p>\n<p>mehr Bilder von Haus und Deko<\/p>\n<p><a href=\"https:\/\/dadade.eu\/?p=6620\" target=\"_blank\" rel=\"noopener\"><strong>KLICKE HIER<\/strong><\/a><\/p>\n<p>&nbsp;<\/p>\n<p>&nbsp;<\/p>\n<p>&nbsp;<\/p>\n","protected":false},"excerpt":{"rendered":"<div id=\"cc-m-13954443088\" class=\"j-module n j-text \">\n<p>Sie kaufen hier die H\u00e4kelanleitung f\u00fcr dieses tolle H\u00e4kelprojekte, designt f\u00fcr einen DIY-Kugelschreiber,<\/p>\n<p>das Material ist in den Anleitungen aufgef\u00fchrt.<\/p>\n<p>Diese Kugelschreiber sind mit Liebe gemacht,\u00a0 ein sehr pers\u00f6nliches Geschenk, das von Herzen kommt<\/p>\n<p>Lass deiner Fantasie freien Lauf<\/p>\n<p>Dieses Geschenk ist ein absolutes Muss z.B. f\u00fcr den 1.Schultag mit einem Kuscheltier<\/p>\n<p>oder auch f\u00fcr Muttertag, einen Geburtstag, oder einfach als Mitbringsel.<\/p>\n<p>Die Kugelschreiber gibt es in vielen Varianten, Farben und Design, mit Glitzer oder auch ganz schlicht.<\/p>\n<p>Diese kleine Projekte ist schnell geh\u00e4kelt und eignet sich hervorragend f\u00fcr Wollreste.<\/p>\n<p>Auch als Schl\u00fcsselanh\u00e4nger kann das Kleine Deko-Projekt punkten.<\/p>\n<p>mit der Nadelst\u00e4rke 2,5 geh\u00e4kelt, werden die Projekte ungef\u00e4hr; 4-6cm hoch<\/p>\n<p>Beim Kauf ab 3 Anleitungen f\u00fcr die DIY-Stiften, im Warenkorb einfach den Gutschein-Code <span style=\"color: #ff0000;\"><strong>Stift <\/strong><span style=\"color: #000000;\">eingeben und schon bekommt ihr 20% Mengenrabatt auf diese Mitbringsel.<\/span><\/span><\/p>\n<\/div>\n","protected":false},"featured_media":23031,"template":"","meta":[],"product_brand":[],"product_cat":[56,40,16,35,48,66],"product_tag":[190,191,90,120,121,1691,242,654,655,1204,1205,334,87,335,94,93,333,647,648,638,640,1690,181,280,195,820,663,664,330,95,96],"class_list":{"0":"post-23026","1":"product","2":"type-product","3":"status-publish","4":"has-post-thumbnail","6":"product_cat-2einfach","7":"product_cat-anhaenger-fuer-schluessel","8":"product_cat-alle","9":"product_cat-amigurumi","10":"product_cat-haus-deko","11":"product_cat-mini","12":"product_tag-affe","13":"product_tag-affe-haekeln","14":"product_tag-amigurumi","15":"product_tag-baer","16":"product_tag-baer-haekeln","17":"product_tag-deko-idee","18":"product_tag-dekoration-haekeln","19":"product_tag-faultier","20":"product_tag-faultier-haekeln","21":"product_tag-fuchs","22":"product_tag-fuchs-haekeln","23":"product_tag-geburtstag","24":"product_tag-geschenk","25":"product_tag-geschenkidee-haekeln","26":"product_tag-haekelanleitung","27":"product_tag-haekeln","28":"product_tag-handarbeitszubehoer","29":"product_tag-katze","30":"product_tag-katze-haekeln","31":"product_tag-koala","32":"product_tag-koala-haekeln","33":"product_tag-kugelschreiber","34":"product_tag-lustig","35":"product_tag-muttertag","36":"product_tag-praesent","37":"product_tag-schluesselanhaenger","38":"product_tag-teddy","39":"product_tag-teddy-haekeln","40":"product_tag-witziges-geschenk","41":"product_tag-wolle","42":"product_tag-wollreste","44":"first","45":"instock","46":"shipping-taxable","47":"product-type-simple"},"_links":{"self":[{"href":"https:\/\/dadade.eu\/index.php?rest_route=\/wp\/v2\/product\/23026","targetHints":{"allow":["GET"]}}],"collection":[{"href":"https:\/\/dadade.eu\/index.php?rest_route=\/wp\/v2\/product"}],"about":[{"href":"https:\/\/dadade.eu\/index.php?rest_route=\/wp\/v2\/types\/product"}],"wp:featuredmedia":[{"embeddable":true,"href":"https:\/\/dadade.eu\/index.php?rest_route=\/wp\/v2\/media\/23031"}],"wp:attachment":[{"href":"https:\/\/dadade.eu\/index.php?rest_route=%2Fwp%2Fv2%2Fmedia&parent=23026"}],"wp:term":[{"taxonomy":"product_brand","embeddable":true,"href":"https:\/\/dadade.eu\/index.php?rest_route=%2Fwp%2Fv2%2Fproduct_brand&post=23026"},{"taxonomy":"product_cat","embeddable":true,"href":"https:\/\/dadade.eu\/index.php?rest_route=%2Fwp%2Fv2%2Fproduct_cat&post=23026"},{"taxonomy":"product_tag","embeddable":true,"href":"https:\/\/dadade.eu\/index.php?rest_route=%2Fwp%2Fv2%2Fproduct_tag&post=23026"}],"curies":[{"name":"wp","href":"https:\/\/api.w.org\/{rel}","templated":true}]}}