{"id":22760,"date":"2024-04-21T23:10:58","date_gmt":"2024-04-21T21:10:58","guid":{"rendered":"https:\/\/dadade.eu\/?post_type=product&#038;p=22760"},"modified":"2024-06-04T11:08:38","modified_gmt":"2024-06-04T09:08:38","slug":"stifte-mit-gehaekelter-deko-der-besondere-kugelschreiber-h660","status":"publish","type":"product","link":"https:\/\/dadade.eu\/?product=stifte-mit-gehaekelter-deko-der-besondere-kugelschreiber-h660","title":{"rendered":"Stifte mit geh\u00e4kelter Deko, der besondere Kugelschreiber und Schl\u00fcsselanh\u00e4nger (H710)"},"content":{"rendered":"<p><img decoding=\"async\" class=\"alignnone wp-image-22762\" src=\"https:\/\/dadade.eu\/wp-content\/uploads\/2024\/04\/xH661-Stifte-Blumenkind-2x-300x225.jpg\" alt=\"\" width=\"177\" height=\"133\" srcset=\"https:\/\/dadade.eu\/wp-content\/uploads\/2024\/04\/xH661-Stifte-Blumenkind-2x-300x225.jpg 300w, https:\/\/dadade.eu\/wp-content\/uploads\/2024\/04\/xH661-Stifte-Blumenkind-2x-600x450.jpg 600w, https:\/\/dadade.eu\/wp-content\/uploads\/2024\/04\/xH661-Stifte-Blumenkind-2x-64x48.jpg 64w, https:\/\/dadade.eu\/wp-content\/uploads\/2024\/04\/xH661-Stifte-Blumenkind-2x-1024x768.jpg 1024w, https:\/\/dadade.eu\/wp-content\/uploads\/2024\/04\/xH661-Stifte-Blumenkind-2x-768x576.jpg 768w, https:\/\/dadade.eu\/wp-content\/uploads\/2024\/04\/xH661-Stifte-Blumenkind-2x.jpg 1400w\" sizes=\"(max-width: 177px) 100vw, 177px\" \/><strong><a href=\"https:\/\/dadade.eu\/?product=stift-mit-blumenkind-der-kugelschreiber-mit-deko-h661\" target=\"_blank\" rel=\"noopener\">1 Das Blumenkind (H711)<\/a><\/strong><\/p>\n<p><img decoding=\"async\" class=\"alignnone wp-image-22764\" src=\"https:\/\/dadade.eu\/wp-content\/uploads\/2024\/04\/xH662-Stifte-Engel-2x-300x225.jpg\" alt=\"\" width=\"176\" height=\"132\" srcset=\"https:\/\/dadade.eu\/wp-content\/uploads\/2024\/04\/xH662-Stifte-Engel-2x-300x225.jpg 300w, https:\/\/dadade.eu\/wp-content\/uploads\/2024\/04\/xH662-Stifte-Engel-2x-600x450.jpg 600w, https:\/\/dadade.eu\/wp-content\/uploads\/2024\/04\/xH662-Stifte-Engel-2x-64x48.jpg 64w, https:\/\/dadade.eu\/wp-content\/uploads\/2024\/04\/xH662-Stifte-Engel-2x-1024x768.jpg 1024w, https:\/\/dadade.eu\/wp-content\/uploads\/2024\/04\/xH662-Stifte-Engel-2x-768x576.jpg 768w, https:\/\/dadade.eu\/wp-content\/uploads\/2024\/04\/xH662-Stifte-Engel-2x.jpg 1400w\" sizes=\"(max-width: 176px) 100vw, 176px\" \/><strong><a href=\"https:\/\/dadade.eu\/?product=stift-mit-engel-der-kugelschreiber-mit-deko-h662\" target=\"_blank\" rel=\"noopener\">2 Der Engel (H712)<\/a><\/strong><\/p>\n<p><img decoding=\"async\" class=\"alignnone wp-image-22766\" src=\"https:\/\/dadade.eu\/wp-content\/uploads\/2024\/04\/xH663-Stifte-Herz-2x-300x225.jpg\" alt=\"\" width=\"176\" height=\"132\" srcset=\"https:\/\/dadade.eu\/wp-content\/uploads\/2024\/04\/xH663-Stifte-Herz-2x-300x225.jpg 300w, https:\/\/dadade.eu\/wp-content\/uploads\/2024\/04\/xH663-Stifte-Herz-2x-600x450.jpg 600w, https:\/\/dadade.eu\/wp-content\/uploads\/2024\/04\/xH663-Stifte-Herz-2x-64x48.jpg 64w, https:\/\/dadade.eu\/wp-content\/uploads\/2024\/04\/xH663-Stifte-Herz-2x-1024x768.jpg 1024w, https:\/\/dadade.eu\/wp-content\/uploads\/2024\/04\/xH663-Stifte-Herz-2x-768x576.jpg 768w, https:\/\/dadade.eu\/wp-content\/uploads\/2024\/04\/xH663-Stifte-Herz-2x.jpg 1400w\" sizes=\"(max-width: 176px) 100vw, 176px\" \/><strong><a href=\"https:\/\/dadade.eu\/?product=stift-mit-herz-der-kugelschreiber-mit-deko-h663\" target=\"_blank\" rel=\"noopener\">3 Das Herz (H713)<\/a><\/strong><\/p>\n<p><img loading=\"lazy\" decoding=\"async\" class=\"alignnone wp-image-22768\" src=\"https:\/\/dadade.eu\/wp-content\/uploads\/2024\/04\/xH664-Stifte-Schmetterling-2x-300x225.jpg\" alt=\"\" width=\"177\" height=\"133\" srcset=\"https:\/\/dadade.eu\/wp-content\/uploads\/2024\/04\/xH664-Stifte-Schmetterling-2x-300x225.jpg 300w, https:\/\/dadade.eu\/wp-content\/uploads\/2024\/04\/xH664-Stifte-Schmetterling-2x-600x450.jpg 600w, https:\/\/dadade.eu\/wp-content\/uploads\/2024\/04\/xH664-Stifte-Schmetterling-2x-64x48.jpg 64w, https:\/\/dadade.eu\/wp-content\/uploads\/2024\/04\/xH664-Stifte-Schmetterling-2x-1024x768.jpg 1024w, https:\/\/dadade.eu\/wp-content\/uploads\/2024\/04\/xH664-Stifte-Schmetterling-2x-768x576.jpg 768w, https:\/\/dadade.eu\/wp-content\/uploads\/2024\/04\/xH664-Stifte-Schmetterling-2x.jpg 1400w\" sizes=\"(max-width: 177px) 100vw, 177px\" \/><a href=\"https:\/\/dadade.eu\/?product=stift-mit-schmetterling-der-kugelschreiber-mit-deko-h664\" target=\"_blank\" rel=\"noopener\"><strong>4 Der Schmetterling (H714)<\/strong><\/a><\/p>\n<p><img loading=\"lazy\" decoding=\"async\" class=\"alignnone wp-image-22770\" src=\"https:\/\/dadade.eu\/wp-content\/uploads\/2024\/04\/xH665-Stifte-Blume-2x-300x225.jpg\" alt=\"\" width=\"180\" height=\"135\" srcset=\"https:\/\/dadade.eu\/wp-content\/uploads\/2024\/04\/xH665-Stifte-Blume-2x-300x225.jpg 300w, https:\/\/dadade.eu\/wp-content\/uploads\/2024\/04\/xH665-Stifte-Blume-2x-600x450.jpg 600w, https:\/\/dadade.eu\/wp-content\/uploads\/2024\/04\/xH665-Stifte-Blume-2x-64x48.jpg 64w, https:\/\/dadade.eu\/wp-content\/uploads\/2024\/04\/xH665-Stifte-Blume-2x-1024x768.jpg 1024w, https:\/\/dadade.eu\/wp-content\/uploads\/2024\/04\/xH665-Stifte-Blume-2x-768x576.jpg 768w, https:\/\/dadade.eu\/wp-content\/uploads\/2024\/04\/xH665-Stifte-Blume-2x.jpg 1400w\" sizes=\"(max-width: 180px) 100vw, 180px\" \/><strong><a href=\"https:\/\/dadade.eu\/?product=stift-mit-blume-der-kugelschreiber-mit-deko-h665\" target=\"_blank\" rel=\"noopener\">5 Die Blume (H715)<\/a><\/strong><\/p>\n<p><img loading=\"lazy\" decoding=\"async\" class=\"alignnone wp-image-22772\" src=\"https:\/\/dadade.eu\/wp-content\/uploads\/2024\/04\/xH666-Stifte-Stern-2x-300x225.jpg\" alt=\"\" width=\"177\" height=\"133\" srcset=\"https:\/\/dadade.eu\/wp-content\/uploads\/2024\/04\/xH666-Stifte-Stern-2x-300x225.jpg 300w, https:\/\/dadade.eu\/wp-content\/uploads\/2024\/04\/xH666-Stifte-Stern-2x-600x450.jpg 600w, https:\/\/dadade.eu\/wp-content\/uploads\/2024\/04\/xH666-Stifte-Stern-2x-64x48.jpg 64w, https:\/\/dadade.eu\/wp-content\/uploads\/2024\/04\/xH666-Stifte-Stern-2x-1024x768.jpg 1024w, https:\/\/dadade.eu\/wp-content\/uploads\/2024\/04\/xH666-Stifte-Stern-2x-768x576.jpg 768w, https:\/\/dadade.eu\/wp-content\/uploads\/2024\/04\/xH666-Stifte-Stern-2x.jpg 1400w\" sizes=\"(max-width: 177px) 100vw, 177px\" \/><strong><a href=\"https:\/\/dadade.eu\/?product=stift-mit-stern-der-kugelschreiber-mit-deko-h666\" target=\"_blank\" rel=\"noopener\">6 Der Stern (H716)<\/a><\/strong><\/p>\n<p><img loading=\"lazy\" decoding=\"async\" class=\"alignnone wp-image-22774\" src=\"https:\/\/dadade.eu\/wp-content\/uploads\/2024\/04\/xH667-Stifte-Wichtel-2x-300x225.jpg\" alt=\"\" width=\"177\" height=\"133\" srcset=\"https:\/\/dadade.eu\/wp-content\/uploads\/2024\/04\/xH667-Stifte-Wichtel-2x-300x225.jpg 300w, https:\/\/dadade.eu\/wp-content\/uploads\/2024\/04\/xH667-Stifte-Wichtel-2x-600x450.jpg 600w, https:\/\/dadade.eu\/wp-content\/uploads\/2024\/04\/xH667-Stifte-Wichtel-2x-64x48.jpg 64w, https:\/\/dadade.eu\/wp-content\/uploads\/2024\/04\/xH667-Stifte-Wichtel-2x-1024x768.jpg 1024w, https:\/\/dadade.eu\/wp-content\/uploads\/2024\/04\/xH667-Stifte-Wichtel-2x-768x576.jpg 768w, https:\/\/dadade.eu\/wp-content\/uploads\/2024\/04\/xH667-Stifte-Wichtel-2x.jpg 1400w\" sizes=\"(max-width: 177px) 100vw, 177px\" \/><strong><a href=\"https:\/\/dadade.eu\/?product=stift-mit-wichtel-der-kugelschreiber-mit-deko-h667\" target=\"_blank\" rel=\"noopener\">7 Der Wichtel (H717)<\/a><\/strong><\/p>\n<p>Die Anleitung ist f\u00fcr Anf\u00e4nger geeignet.<\/p>\n<p>&nbsp;<\/p>\n<p>mehr Bilder von Haus und Deko<\/p>\n<p><a href=\"https:\/\/dadade.eu\/?p=6620\" target=\"_blank\" rel=\"noopener\"><strong>KLICKE HIER<\/strong><\/a><\/p>\n<p>&nbsp;<\/p>\n<p>&nbsp;<\/p>\n<p>&nbsp;<\/p>\n","protected":false},"excerpt":{"rendered":"<div id=\"cc-m-13954443088\" class=\"j-module n j-text \">\n<p>Sie kaufen hier die H\u00e4kelanleitung f\u00fcr dieses tolle H\u00e4kelprojekte, designt f\u00fcr einen DIY-Kugelschreiber,<\/p>\n<p>das Material ist in den Anleitungen aufgef\u00fchrt.<\/p>\n<p>Diese Kugelschreiber sind mi Liebe gemacht,\u00a0 ein sehr pers\u00f6nliches Geschenk, das von Herzen kommt<\/p>\n<p>Lass deiner Fantasie freien Lauf<\/p>\n<p>Dieses Geschenk ist ein absolutes Muss z.B. f\u00fcr Muttertag, einen Geburtstag, oder einfach als Mitbringsel.<\/p>\n<p>Die Kugelschreiber gibt es in vielen Varianten, Farben und Design, mit Glitzer oder auch ganz schlicht.<\/p>\n<p>Diese kleine Projekte ist schnell geh\u00e4kelt und eignet sich hervorragend f\u00fcr Wollreste.<\/p>\n<p>Auch als Schl\u00fcsselanh\u00e4nger kann das Kleine Deko-Projekt punkten.<\/p>\n<p>mit der Nadelst\u00e4rke 2,5 geh\u00e4kelt, werden die Projekte ungef\u00e4hr; 4-5cm hoch<\/p>\n<p>Beim Kauf ab 3 Anleitungen f\u00fcr die DIY-Stiften, im Warenkorb einfach den Gutschein-Code <span style=\"color: #ff0000;\"><strong>Stift <\/strong><span style=\"color: #000000;\">eingeben und schon bekommt ihr 20% Mengenrabatt auf diese Mitbringsel.<\/span><\/span><\/p>\n<\/div>\n","protected":false},"featured_media":22800,"template":"","meta":[],"product_brand":[],"product_cat":[56,16,49,48,66,387,385],"product_tag":[90,283,366,1692,1693,1691,242,554,556,555,334,87,335,94,93,333,279,278,1690,181,280,195,820,390,391,161,157,165,164,330,95,96],"class_list":{"0":"post-22760","1":"product","2":"type-product","3":"status-publish","4":"has-post-thumbnail","6":"product_cat-2einfach","7":"product_cat-alle","8":"product_cat-dekoration-mit-herz","9":"product_cat-haus-deko","10":"product_cat-mini","11":"product_cat-muttertag","12":"product_cat-praktische-helfer","13":"product_tag-amigurumi","14":"product_tag-blume-haekeln","15":"product_tag-blumen","16":"product_tag-blumenkind","17":"product_tag-blumenkind-haekeln","18":"product_tag-deko-idee","19":"product_tag-dekoration-haekeln","20":"product_tag-engel","21":"product_tag-engel-haekeln","22":"product_tag-engelchen","23":"product_tag-geburtstag","24":"product_tag-geschenk","25":"product_tag-geschenkidee-haekeln","26":"product_tag-haekelanleitung","27":"product_tag-haekeln","28":"product_tag-handarbeitszubehoer","29":"product_tag-herz","30":"product_tag-herz-haekeln","31":"product_tag-kugelschreiber","32":"product_tag-lustig","33":"product_tag-muttertag","34":"product_tag-praesent","35":"product_tag-schluesselanhaenger","36":"product_tag-schmetterling","37":"product_tag-schmetterling-haekeln","38":"product_tag-stern","39":"product_tag-stern-haekeln","40":"product_tag-wichtel","41":"product_tag-wichtel-haekeln","42":"product_tag-witziges-geschenk","43":"product_tag-wolle","44":"product_tag-wollreste","46":"first","47":"instock","48":"shipping-taxable","49":"product-type-simple"},"_links":{"self":[{"href":"https:\/\/dadade.eu\/index.php?rest_route=\/wp\/v2\/product\/22760","targetHints":{"allow":["GET"]}}],"collection":[{"href":"https:\/\/dadade.eu\/index.php?rest_route=\/wp\/v2\/product"}],"about":[{"href":"https:\/\/dadade.eu\/index.php?rest_route=\/wp\/v2\/types\/product"}],"wp:featuredmedia":[{"embeddable":true,"href":"https:\/\/dadade.eu\/index.php?rest_route=\/wp\/v2\/media\/22800"}],"wp:attachment":[{"href":"https:\/\/dadade.eu\/index.php?rest_route=%2Fwp%2Fv2%2Fmedia&parent=22760"}],"wp:term":[{"taxonomy":"product_brand","embeddable":true,"href":"https:\/\/dadade.eu\/index.php?rest_route=%2Fwp%2Fv2%2Fproduct_brand&post=22760"},{"taxonomy":"product_cat","embeddable":true,"href":"https:\/\/dadade.eu\/index.php?rest_route=%2Fwp%2Fv2%2Fproduct_cat&post=22760"},{"taxonomy":"product_tag","embeddable":true,"href":"https:\/\/dadade.eu\/index.php?rest_route=%2Fwp%2Fv2%2Fproduct_tag&post=22760"}],"curies":[{"name":"wp","href":"https:\/\/api.w.org\/{rel}","templated":true}]}}