{"id":20502,"date":"2023-11-27T10:17:05","date_gmt":"2023-11-27T09:17:05","guid":{"rendered":"https:\/\/dadade.eu\/?post_type=product&#038;p=20502"},"modified":"2025-11-28T11:30:54","modified_gmt":"2025-11-28T10:30:54","slug":"flaschen-verpackung-kamin-mit-weihnachtsmann-h503","status":"publish","type":"product","link":"https:\/\/dadade.eu\/?product=flaschen-verpackung-kamin-mit-weihnachtsmann-h503","title":{"rendered":"Flaschen-Verpackung Kamin mit Weihnachtsmann (H503)"},"content":{"rendered":"<p><img fetchpriority=\"high\" decoding=\"async\" class=\"alignnone size-medium wp-image-20513\" src=\"https:\/\/dadade.eu\/wp-content\/uploads\/2023\/11\/xFlaschenhuelle-Kamin14b-300x225.jpg\" alt=\"\" width=\"300\" height=\"225\" srcset=\"https:\/\/dadade.eu\/wp-content\/uploads\/2023\/11\/xFlaschenhuelle-Kamin14b-300x225.jpg 300w, https:\/\/dadade.eu\/wp-content\/uploads\/2023\/11\/xFlaschenhuelle-Kamin14b-600x450.jpg 600w, https:\/\/dadade.eu\/wp-content\/uploads\/2023\/11\/xFlaschenhuelle-Kamin14b-64x48.jpg 64w, https:\/\/dadade.eu\/wp-content\/uploads\/2023\/11\/xFlaschenhuelle-Kamin14b-1024x768.jpg 1024w, https:\/\/dadade.eu\/wp-content\/uploads\/2023\/11\/xFlaschenhuelle-Kamin14b-768x576.jpg 768w, https:\/\/dadade.eu\/wp-content\/uploads\/2023\/11\/xFlaschenhuelle-Kamin14b.jpg 1400w\" sizes=\"(max-width: 300px) 100vw, 300px\" \/>den Kamin kann man einfach und\u00a0 individuell an jede Flasche anpassen<\/p>\n<p><img decoding=\"async\" class=\"alignnone size-medium wp-image-20505\" src=\"https:\/\/dadade.eu\/wp-content\/uploads\/2023\/11\/xFlaschenhuelle-Kamin2-300x225.jpg\" alt=\"\" width=\"300\" height=\"225\" srcset=\"https:\/\/dadade.eu\/wp-content\/uploads\/2023\/11\/xFlaschenhuelle-Kamin2-300x225.jpg 300w, https:\/\/dadade.eu\/wp-content\/uploads\/2023\/11\/xFlaschenhuelle-Kamin2-600x450.jpg 600w, https:\/\/dadade.eu\/wp-content\/uploads\/2023\/11\/xFlaschenhuelle-Kamin2-64x48.jpg 64w, https:\/\/dadade.eu\/wp-content\/uploads\/2023\/11\/xFlaschenhuelle-Kamin2-1024x768.jpg 1024w, https:\/\/dadade.eu\/wp-content\/uploads\/2023\/11\/xFlaschenhuelle-Kamin2-768x576.jpg 768w, https:\/\/dadade.eu\/wp-content\/uploads\/2023\/11\/xFlaschenhuelle-Kamin2.jpg 1400w\" sizes=\"(max-width: 300px) 100vw, 300px\" \/>auch der Weihnachtsmann ist in 2 Varianten dabei<\/p>\n<p>&nbsp;<\/p>\n<p>Die Anleitung ist ausf\u00fchrlich mit vielen Bildern hinterlegt und wird auf 18 Seiten Schritt-f\u00fcr-Schritt beschrieben!<\/p>\n<p>&nbsp;<\/p>\n<p>MEHR VARIANTEN UND IDEEN von flei\u00dfigen Helfer und H\u00e4nden?<\/p>\n<p><a href=\"https:\/\/dadade.eu\/?p=20849\"><b>Klicke hier<\/b><\/a><\/p>\n<h4>mehr Flaschenh\u00fcllen findet man<\/h4>\n<h3><a href=\"https:\/\/dadade.eu\/?product=flaschen-huelle-tasche-verpackung\"><strong>hier<\/strong><\/a><\/h3>\n<p>&nbsp;<\/p>\n<p>&nbsp;<\/p>\n","protected":false},"excerpt":{"rendered":"<div id=\"cc-m-13954443088\">\n<p>Hier kauft man die H\u00e4kelanleitung f\u00fcr den tollen Kamin mit dem Weihnachtsmann, der weihnachtliche Flaschen\u00fcberzug nicht nur f\u00fcr deine Weinflasche.<\/p>\n<div>Der Kamin mit Weihnachtsmann ist eine Geschenkverpackung f\u00fcr Flaschen, das optimale und witzige Weihnachtsgeschenk, dass man auch als sch\u00f6ne Dekoration stehen lassen kann. Zus\u00e4tzlich gibt es auch noch eine Anleitung f\u00fcr einen Geschenkesack dazu, so kann man noch ein kleine Extra-Geschenk verstecken.<\/div>\n<p>Lass deiner Fantasie freien Lauf, und dekoriere die Flaschenh\u00fclle nach Lust und Laune.<\/p>\n<p>&#8222;Ich mach den Kamin nicht f\u00fcr Flaschen sondern f\u00fcr Duschb\u00e4der .. ich brauche da einiges uns so hab ich es so gemacht .. dein Kamin kann man so vielf\u00e4ltig einsetzen ..&#8220;; Danke Gabriele f\u00fcr die tolle Idee<\/p>\n<p>Mit Chenille-Wolle der Nadelst\u00e4rke 4 geh\u00e4kelt, aber individuell anpassbar<\/p>\n<\/div>\n<div id=\"cc-m-13954443188\" class=\"j-module n j-text \">\n<p>&nbsp;<\/p>\n<p>&nbsp;<\/p>\n<\/div>\n","protected":false},"featured_media":20985,"template":"","meta":[],"product_brand":[],"product_cat":[56,48,384],"product_tag":[684,90,295,1388,242,1384,1389,1627,1386,87,298,94,93,243,244,858,294,1282,195,683,1283,183,95,96],"class_list":{"0":"post-20502","1":"product","2":"type-product","3":"status-publish","4":"has-post-thumbnail","6":"product_cat-2einfach","7":"product_cat-haus-deko","8":"product_cat-winter-weihnachten","9":"product_tag-advent","10":"product_tag-amigurumi","11":"product_tag-anleitung","12":"product_tag-christfest","13":"product_tag-dekoration-haekeln","14":"product_tag-feiertag","15":"product_tag-flasche","16":"product_tag-flaschenhuelle-weihnachten","17":"product_tag-flaschenverpackung","18":"product_tag-geschenk","19":"product_tag-geschenkverpackung","20":"product_tag-haekelanleitung","21":"product_tag-haekeln","22":"product_tag-kuschelwolle","23":"product_tag-kuschelwolle-haekeln","24":"product_tag-mann","25":"product_tag-mitbringsel","26":"product_tag-nikolaus","27":"product_tag-praesent","28":"product_tag-weihnachten","29":"product_tag-weihnachtsmann","30":"product_tag-witzig","31":"product_tag-wolle","32":"product_tag-wollreste","34":"first","35":"instock","36":"downloadable","37":"shipping-taxable","38":"purchasable","39":"product-type-simple"},"_links":{"self":[{"href":"https:\/\/dadade.eu\/index.php?rest_route=\/wp\/v2\/product\/20502","targetHints":{"allow":["GET"]}}],"collection":[{"href":"https:\/\/dadade.eu\/index.php?rest_route=\/wp\/v2\/product"}],"about":[{"href":"https:\/\/dadade.eu\/index.php?rest_route=\/wp\/v2\/types\/product"}],"wp:featuredmedia":[{"embeddable":true,"href":"https:\/\/dadade.eu\/index.php?rest_route=\/wp\/v2\/media\/20985"}],"wp:attachment":[{"href":"https:\/\/dadade.eu\/index.php?rest_route=%2Fwp%2Fv2%2Fmedia&parent=20502"}],"wp:term":[{"taxonomy":"product_brand","embeddable":true,"href":"https:\/\/dadade.eu\/index.php?rest_route=%2Fwp%2Fv2%2Fproduct_brand&post=20502"},{"taxonomy":"product_cat","embeddable":true,"href":"https:\/\/dadade.eu\/index.php?rest_route=%2Fwp%2Fv2%2Fproduct_cat&post=20502"},{"taxonomy":"product_tag","embeddable":true,"href":"https:\/\/dadade.eu\/index.php?rest_route=%2Fwp%2Fv2%2Fproduct_tag&post=20502"}],"curies":[{"name":"wp","href":"https:\/\/api.w.org\/{rel}","templated":true}]}}