{"id":19533,"date":"2020-08-08T11:05:43","date_gmt":"2020-08-08T09:05:43","guid":{"rendered":"https:\/\/dadade.eu\/?post_type=product&#038;p=19533"},"modified":"2023-08-12T15:13:59","modified_gmt":"2023-08-12T13:13:59","slug":"spuel-putz-wasch-schwaemme","status":"publish","type":"product","link":"https:\/\/dadade.eu\/?product=spuel-putz-wasch-schwaemme","title":{"rendered":"S100 &#8211; 300 Sp\u00fcl-, Putz-, Wasch- Schw\u00e4mme"},"content":{"rendered":"<p><strong><a href=\"https:\/\/dadade.eu\/?product=schwaemme-waldtiere-schwamm-biber-dachs-fuchs-waschbaer-wildschwein-s106\"><img fetchpriority=\"high\" decoding=\"async\" class=\"alignnone size-medium wp-image-18596\" src=\"https:\/\/dadade.eu\/wp-content\/uploads\/2023\/07\/xSpuelschwamm-5-Herbsttiere-12-300x225.jpg\" alt=\"\" width=\"300\" height=\"225\" srcset=\"https:\/\/dadade.eu\/wp-content\/uploads\/2023\/07\/xSpuelschwamm-5-Herbsttiere-12-300x225.jpg 300w, https:\/\/dadade.eu\/wp-content\/uploads\/2023\/07\/xSpuelschwamm-5-Herbsttiere-12-600x450.jpg 600w, https:\/\/dadade.eu\/wp-content\/uploads\/2023\/07\/xSpuelschwamm-5-Herbsttiere-12-64x48.jpg 64w, https:\/\/dadade.eu\/wp-content\/uploads\/2023\/07\/xSpuelschwamm-5-Herbsttiere-12-1024x768.jpg 1024w, https:\/\/dadade.eu\/wp-content\/uploads\/2023\/07\/xSpuelschwamm-5-Herbsttiere-12-768x576.jpg 768w, https:\/\/dadade.eu\/wp-content\/uploads\/2023\/07\/xSpuelschwamm-5-Herbsttiere-12.jpg 1400w\" sizes=\"(max-width: 300px) 100vw, 300px\" \/>S106 Waldtiere, auch einzeln erh\u00e4ltlich<\/a><\/strong><\/p>\n<p><strong><a href=\"https:\/\/dadade.eu\/?product=schwaemme-herbst-tiere-schwamm-eichhoernchen-eule-fledermaus-igel-s114\"><img decoding=\"async\" class=\"alignnone size-medium wp-image-19049\" src=\"https:\/\/dadade.eu\/wp-content\/uploads\/2023\/08\/4-Spuelschwaemme-Herbst-1j-300x225.jpg\" alt=\"\" width=\"300\" height=\"225\" srcset=\"https:\/\/dadade.eu\/wp-content\/uploads\/2023\/08\/4-Spuelschwaemme-Herbst-1j-300x225.jpg 300w, https:\/\/dadade.eu\/wp-content\/uploads\/2023\/08\/4-Spuelschwaemme-Herbst-1j-600x450.jpg 600w, https:\/\/dadade.eu\/wp-content\/uploads\/2023\/08\/4-Spuelschwaemme-Herbst-1j-64x48.jpg 64w, https:\/\/dadade.eu\/wp-content\/uploads\/2023\/08\/4-Spuelschwaemme-Herbst-1j-1024x768.jpg 1024w, https:\/\/dadade.eu\/wp-content\/uploads\/2023\/08\/4-Spuelschwaemme-Herbst-1j-768x576.jpg 768w, https:\/\/dadade.eu\/wp-content\/uploads\/2023\/08\/4-Spuelschwaemme-Herbst-1j.jpg 1400w\" sizes=\"(max-width: 300px) 100vw, 300px\" \/>S114 Herbsttiere, auch einzeln erh\u00e4ltlich<\/a><\/strong><\/p>\n<p><strong><a href=\"https:\/\/dadade.eu\/?product=tierische-schwaemme-schwamm-flamingo-frosch-pinguin-schildkroete-seehund-s126\"><img decoding=\"async\" class=\"alignnone size-medium wp-image-19062\" src=\"https:\/\/dadade.eu\/wp-content\/uploads\/2023\/08\/Schwamm-tierisch-Kopie-300x225.jpg\" alt=\"\" width=\"300\" height=\"225\" srcset=\"https:\/\/dadade.eu\/wp-content\/uploads\/2023\/08\/Schwamm-tierisch-Kopie-300x225.jpg 300w, https:\/\/dadade.eu\/wp-content\/uploads\/2023\/08\/Schwamm-tierisch-Kopie-600x450.jpg 600w, https:\/\/dadade.eu\/wp-content\/uploads\/2023\/08\/Schwamm-tierisch-Kopie-64x48.jpg 64w, https:\/\/dadade.eu\/wp-content\/uploads\/2023\/08\/Schwamm-tierisch-Kopie-1024x768.jpg 1024w, https:\/\/dadade.eu\/wp-content\/uploads\/2023\/08\/Schwamm-tierisch-Kopie-768x576.jpg 768w, https:\/\/dadade.eu\/wp-content\/uploads\/2023\/08\/Schwamm-tierisch-Kopie.jpg 1165w\" sizes=\"(max-width: 300px) 100vw, 300px\" \/>S126 Tiere, auch einzeln erh\u00e4ltlich<\/a><\/strong><\/p>\n<p><img loading=\"lazy\" decoding=\"async\" class=\"alignnone size-medium wp-image-19492\" src=\"https:\/\/dadade.eu\/wp-content\/uploads\/2023\/08\/xSchwamm-Fantasie-Kopie-300x225.jpg\" alt=\"\" width=\"300\" height=\"225\" srcset=\"https:\/\/dadade.eu\/wp-content\/uploads\/2023\/08\/xSchwamm-Fantasie-Kopie-300x225.jpg 300w, https:\/\/dadade.eu\/wp-content\/uploads\/2023\/08\/xSchwamm-Fantasie-Kopie-600x450.jpg 600w, https:\/\/dadade.eu\/wp-content\/uploads\/2023\/08\/xSchwamm-Fantasie-Kopie-64x48.jpg 64w, https:\/\/dadade.eu\/wp-content\/uploads\/2023\/08\/xSchwamm-Fantasie-Kopie-1024x768.jpg 1024w, https:\/\/dadade.eu\/wp-content\/uploads\/2023\/08\/xSchwamm-Fantasie-Kopie-768x576.jpg 768w, https:\/\/dadade.eu\/wp-content\/uploads\/2023\/08\/xSchwamm-Fantasie-Kopie.jpg 1165w\" sizes=\"(max-width: 300px) 100vw, 300px\" \/><strong><a href=\"https:\/\/dadade.eu\/?product=schwaemme-schwamm-dino-einhorn-s133\">S133 Dino &amp; Einhorn, auch einzeln erh\u00e4ltlich<\/a><\/strong><\/p>\n<p><img loading=\"lazy\" decoding=\"async\" class=\"alignnone size-medium wp-image-19156\" src=\"https:\/\/dadade.eu\/wp-content\/uploads\/2023\/08\/xSchwamm-Ostern-2-300x225.jpg\" alt=\"\" width=\"300\" height=\"225\" srcset=\"https:\/\/dadade.eu\/wp-content\/uploads\/2023\/08\/xSchwamm-Ostern-2-300x225.jpg 300w, https:\/\/dadade.eu\/wp-content\/uploads\/2023\/08\/xSchwamm-Ostern-2-600x450.jpg 600w, https:\/\/dadade.eu\/wp-content\/uploads\/2023\/08\/xSchwamm-Ostern-2-64x48.jpg 64w, https:\/\/dadade.eu\/wp-content\/uploads\/2023\/08\/xSchwamm-Ostern-2-1024x768.jpg 1024w, https:\/\/dadade.eu\/wp-content\/uploads\/2023\/08\/xSchwamm-Ostern-2-768x576.jpg 768w, https:\/\/dadade.eu\/wp-content\/uploads\/2023\/08\/xSchwamm-Ostern-2.jpg 1165w\" sizes=\"(max-width: 300px) 100vw, 300px\" \/><strong><a href=\"https:\/\/dadade.eu\/?product=schwaemme-oster-tiere-schwamm-hase-huhn-kueken-im-ei-s205\">S205 Oster-Tiere, auch einzeln erh\u00e4ltlich<\/a><\/strong><\/p>\n<p><img loading=\"lazy\" decoding=\"async\" class=\"alignnone size-medium wp-image-19292\" src=\"https:\/\/dadade.eu\/wp-content\/uploads\/2023\/08\/xSpuelschwaemme-Himmlisch-Kopie-300x225.jpg\" alt=\"\" width=\"300\" height=\"225\" srcset=\"https:\/\/dadade.eu\/wp-content\/uploads\/2023\/08\/xSpuelschwaemme-Himmlisch-Kopie-300x225.jpg 300w, https:\/\/dadade.eu\/wp-content\/uploads\/2023\/08\/xSpuelschwaemme-Himmlisch-Kopie-600x450.jpg 600w, https:\/\/dadade.eu\/wp-content\/uploads\/2023\/08\/xSpuelschwaemme-Himmlisch-Kopie-64x48.jpg 64w, https:\/\/dadade.eu\/wp-content\/uploads\/2023\/08\/xSpuelschwaemme-Himmlisch-Kopie-1024x768.jpg 1024w, https:\/\/dadade.eu\/wp-content\/uploads\/2023\/08\/xSpuelschwaemme-Himmlisch-Kopie-768x576.jpg 768w, https:\/\/dadade.eu\/wp-content\/uploads\/2023\/08\/xSpuelschwaemme-Himmlisch-Kopie-1536x1152.jpg 1536w, https:\/\/dadade.eu\/wp-content\/uploads\/2023\/08\/xSpuelschwaemme-Himmlisch-Kopie.jpg 1781w\" sizes=\"(max-width: 300px) 100vw, 300px\" \/><strong><a href=\"https:\/\/dadade.eu\/?product=himmlische-schwaemme-schwamm-mond-sonne-2x-stern-s215\">S215 Himmlisch, auch einzeln erh\u00e4ltlich<\/a><\/strong><\/p>\n<p><img loading=\"lazy\" decoding=\"async\" class=\"alignnone size-medium wp-image-19409\" src=\"https:\/\/dadade.eu\/wp-content\/uploads\/2023\/08\/5-Spuelschwaemme-Weihnachten-6-300x225.jpg\" alt=\"\" width=\"300\" height=\"225\" srcset=\"https:\/\/dadade.eu\/wp-content\/uploads\/2023\/08\/5-Spuelschwaemme-Weihnachten-6-300x225.jpg 300w, https:\/\/dadade.eu\/wp-content\/uploads\/2023\/08\/5-Spuelschwaemme-Weihnachten-6-600x450.jpg 600w, https:\/\/dadade.eu\/wp-content\/uploads\/2023\/08\/5-Spuelschwaemme-Weihnachten-6-64x48.jpg 64w, https:\/\/dadade.eu\/wp-content\/uploads\/2023\/08\/5-Spuelschwaemme-Weihnachten-6-1024x768.jpg 1024w, https:\/\/dadade.eu\/wp-content\/uploads\/2023\/08\/5-Spuelschwaemme-Weihnachten-6-768x576.jpg 768w, https:\/\/dadade.eu\/wp-content\/uploads\/2023\/08\/5-Spuelschwaemme-Weihnachten-6.jpg 1400w\" sizes=\"(max-width: 300px) 100vw, 300px\" \/><strong><a href=\"https:\/\/dadade.eu\/?product=schwaemme-weihnachten-schwamm-rentier-engel-nikolaus-tannenbaum-schneemann-s226\">S226 Himmlisch, auch einzeln erh\u00e4ltlich<\/a><\/strong><\/p>\n<p><img loading=\"lazy\" decoding=\"async\" class=\"alignnone size-medium wp-image-19463\" src=\"https:\/\/dadade.eu\/wp-content\/uploads\/2023\/08\/4-Spuelschwaemme-Weihnachten-Kopie-300x225.jpg\" alt=\"\" width=\"300\" height=\"225\" srcset=\"https:\/\/dadade.eu\/wp-content\/uploads\/2023\/08\/4-Spuelschwaemme-Weihnachten-Kopie-300x225.jpg 300w, https:\/\/dadade.eu\/wp-content\/uploads\/2023\/08\/4-Spuelschwaemme-Weihnachten-Kopie-600x450.jpg 600w, https:\/\/dadade.eu\/wp-content\/uploads\/2023\/08\/4-Spuelschwaemme-Weihnachten-Kopie-64x48.jpg 64w, https:\/\/dadade.eu\/wp-content\/uploads\/2023\/08\/4-Spuelschwaemme-Weihnachten-Kopie-1024x768.jpg 1024w, https:\/\/dadade.eu\/wp-content\/uploads\/2023\/08\/4-Spuelschwaemme-Weihnachten-Kopie-768x576.jpg 768w, https:\/\/dadade.eu\/wp-content\/uploads\/2023\/08\/4-Spuelschwaemme-Weihnachten-Kopie.jpg 1400w\" sizes=\"(max-width: 300px) 100vw, 300px\" \/><strong><a href=\"https:\/\/dadade.eu\/?product=schwaemme-weihnachten-schwamm-weihnachts-stern-glocke-wichtel-pinguin-s235\">S235 Weihnachten, auch einzeln erh\u00e4ltlich<\/a><\/strong><\/p>\n<p><img loading=\"lazy\" decoding=\"async\" class=\"alignnone size-medium wp-image-19365\" src=\"https:\/\/dadade.eu\/wp-content\/uploads\/2023\/08\/xSchwamm-silvester-Kopie-300x225.jpg\" alt=\"\" width=\"300\" height=\"225\" srcset=\"https:\/\/dadade.eu\/wp-content\/uploads\/2023\/08\/xSchwamm-silvester-Kopie-300x225.jpg 300w, https:\/\/dadade.eu\/wp-content\/uploads\/2023\/08\/xSchwamm-silvester-Kopie-600x450.jpg 600w, https:\/\/dadade.eu\/wp-content\/uploads\/2023\/08\/xSchwamm-silvester-Kopie-64x48.jpg 64w, https:\/\/dadade.eu\/wp-content\/uploads\/2023\/08\/xSchwamm-silvester-Kopie-1024x768.jpg 1024w, https:\/\/dadade.eu\/wp-content\/uploads\/2023\/08\/xSchwamm-silvester-Kopie-768x576.jpg 768w, https:\/\/dadade.eu\/wp-content\/uploads\/2023\/08\/xSchwamm-silvester-Kopie-1536x1152.jpg 1536w, https:\/\/dadade.eu\/wp-content\/uploads\/2023\/08\/xSchwamm-silvester-Kopie.jpg 1781w\" sizes=\"(max-width: 300px) 100vw, 300px\" \/><strong><a href=\"https:\/\/dadade.eu\/?product=schwaemme-silvester-schwamm-schornsteinfeger-schwein-kleeblatt-marienkaefer-pilz-s244\">S244 Silvester, auch einzeln erh\u00e4ltlich<\/a><\/strong><\/p>\n<p><img loading=\"lazy\" decoding=\"async\" class=\"alignnone size-medium wp-image-19196\" src=\"https:\/\/dadade.eu\/wp-content\/uploads\/2023\/08\/0Schwamm-FussballSommer-300x225.jpg\" alt=\"\" width=\"300\" height=\"225\" srcset=\"https:\/\/dadade.eu\/wp-content\/uploads\/2023\/08\/0Schwamm-FussballSommer-300x225.jpg 300w, https:\/\/dadade.eu\/wp-content\/uploads\/2023\/08\/0Schwamm-FussballSommer-600x450.jpg 600w, https:\/\/dadade.eu\/wp-content\/uploads\/2023\/08\/0Schwamm-FussballSommer-64x48.jpg 64w, https:\/\/dadade.eu\/wp-content\/uploads\/2023\/08\/0Schwamm-FussballSommer-1024x768.jpg 1024w, https:\/\/dadade.eu\/wp-content\/uploads\/2023\/08\/0Schwamm-FussballSommer-768x576.jpg 768w, https:\/\/dadade.eu\/wp-content\/uploads\/2023\/08\/0Schwamm-FussballSommer.jpg 1165w\" sizes=\"(max-width: 300px) 100vw, 300px\" \/><strong><a href=\"https:\/\/dadade.eu\/?product=schwaemme-fussball-schwamm-eis-fussball-fuss-kaktus-hand-s305\">S305 Fu\u00dfball &amp; Sommer, auch einzeln erh\u00e4ltlich<\/a><\/strong><\/p>\n<p><img loading=\"lazy\" decoding=\"async\" class=\"alignnone size-medium wp-image-19275\" src=\"https:\/\/dadade.eu\/wp-content\/uploads\/2023\/08\/xSpuelschwamm-Clown-2-300x225.jpg\" alt=\"\" width=\"300\" height=\"225\" srcset=\"https:\/\/dadade.eu\/wp-content\/uploads\/2023\/08\/xSpuelschwamm-Clown-2-300x225.jpg 300w, https:\/\/dadade.eu\/wp-content\/uploads\/2023\/08\/xSpuelschwamm-Clown-2-600x450.jpg 600w, https:\/\/dadade.eu\/wp-content\/uploads\/2023\/08\/xSpuelschwamm-Clown-2-64x48.jpg 64w, https:\/\/dadade.eu\/wp-content\/uploads\/2023\/08\/xSpuelschwamm-Clown-2-1024x768.jpg 1024w, https:\/\/dadade.eu\/wp-content\/uploads\/2023\/08\/xSpuelschwamm-Clown-2-768x576.jpg 768w, https:\/\/dadade.eu\/wp-content\/uploads\/2023\/08\/xSpuelschwamm-Clown-2.jpg 1400w\" sizes=\"(max-width: 300px) 100vw, 300px\" \/><strong><a href=\"https:\/\/dadade.eu\/?product=schwaemme-schwamm-clown-harlekin-pierrot-s313\">S313 Clowns, auch einzeln erh\u00e4ltlich<\/a><\/strong><\/p>\n<p><img loading=\"lazy\" decoding=\"async\" class=\"alignnone size-medium wp-image-19527\" src=\"https:\/\/dadade.eu\/wp-content\/uploads\/2023\/08\/xSchwamm-Allerlei-Kopie-300x225.jpg\" alt=\"\" width=\"300\" height=\"225\" srcset=\"https:\/\/dadade.eu\/wp-content\/uploads\/2023\/08\/xSchwamm-Allerlei-Kopie-300x225.jpg 300w, https:\/\/dadade.eu\/wp-content\/uploads\/2023\/08\/xSchwamm-Allerlei-Kopie-600x450.jpg 600w, https:\/\/dadade.eu\/wp-content\/uploads\/2023\/08\/xSchwamm-Allerlei-Kopie-64x48.jpg 64w, https:\/\/dadade.eu\/wp-content\/uploads\/2023\/08\/xSchwamm-Allerlei-Kopie-1024x768.jpg 1024w, https:\/\/dadade.eu\/wp-content\/uploads\/2023\/08\/xSchwamm-Allerlei-Kopie-768x576.jpg 768w, https:\/\/dadade.eu\/wp-content\/uploads\/2023\/08\/xSchwamm-Allerlei-Kopie.jpg 1165w\" sizes=\"(max-width: 300px) 100vw, 300px\" \/><strong><a href=\"https:\/\/dadade.eu\/?product=schwaemme-schwamm-leuchtturm-feuerwehrauto-teekanne-mit-teetasse-s324\">S324 Allerlei, auch einzeln erh\u00e4ltlich<\/a><\/strong><\/p>\n<p>Die Anleitung ist ausf\u00fchrlich auf\u00a0 vielen Seiten beschrieben und mit vielen Bildern hinterlegt<\/p>\n<p>Sie\u00a0 ist dadurch auch schon f\u00fcr Anf\u00e4nger geeignet.<\/p>\n<p>mehr Bilder von flei\u00dfigen H\u00e4nden findet ihr<\/p>\n<p><strong><a href=\"https:\/\/dadade.eu\/?p=18646\">KLICKE HIER<\/a><\/strong><\/p>\n<p>&nbsp;<\/p>\n<p>&nbsp;<\/p>\n","protected":false},"excerpt":{"rendered":"<div id=\"cc-m-13954443088\" class=\"j-module n j-text \">\n<p>Hier findet man nur die Anleitungen f\u00fcr diese witzigen Schw\u00e4mme<\/p>\n<p>Sie sind mit einem Garn von Rico Design geh\u00e4kelt, Creative Bubble!<\/p>\n<p>Schluss mit Langeweile im Badezimmer oder in der K\u00fcche<\/p>\n<p>Hier ist der Hit f\u00fcr die Kleinen; in der Badewanne finden sie \u00fcberall Anklang.<\/p>\n<p>Aber nicht nur f\u00fcr die Kleinen, die Schw\u00e4mme sind auch f\u00fcr das Peeling der Frau geeignet.<\/p>\n<p>Einfach mal testen.<\/p>\n<p>Mit den verschiedenen lustigen und tierischen Motiven eignen sich diese selbstgemachten Schw\u00e4mme auch super zum Verschenken, das ganze Jahr \u00fcber.<\/p>\n<p>Das Garn l\u00e4sst sich gut verarbeiten und ist bei 60\u00b0C waschbar.<\/p>\n<p>Sie sind sehr schnell geh\u00e4kelt und auch schon f\u00fcr Anf\u00e4nger geeignet<\/p>\n<p>mehr Schw\u00e4mme findet ihr in <strong><a href=\"https:\/\/dadade.eu\/?product_cat=schwamm-und-waschhandschuh\">Haus &amp; Deko<\/a><\/strong><\/p>\n<p>&nbsp;<\/p>\n<\/div>\n","protected":false},"featured_media":19536,"template":"","meta":[],"product_brand":[],"product_cat":[56,16],"product_tag":[90,1470,1377,1463,1458,1471,1467,229,232,1468,242,1466,87,1460,1465,299,94,93,113,110,92,181,280,114,1482,1483,629,195,1462,1456,135,1115,1469,1564,95,96],"class_list":{"0":"post-19533","1":"product","2":"type-product","3":"status-publish","4":"has-post-thumbnail","6":"product_cat-2einfach","7":"product_cat-alle","8":"product_tag-amigurumi","9":"product_tag-badehandschuh","10":"product_tag-baden","11":"product_tag-badeschwamm","12":"product_tag-badespass","13":"product_tag-badewanne","14":"product_tag-badezimmer","15":"product_tag-clown","16":"product_tag-clown-haekeln","17":"product_tag-creative-bubble-von-rico-design","18":"product_tag-dekoration-haekeln","19":"product_tag-duschschwamm","20":"product_tag-geschenk","21":"product_tag-geschenke-haekeln","22":"product_tag-geschenke-selbermachen","23":"product_tag-geschenkidee","24":"product_tag-haekelanleitung","25":"product_tag-haekeln","26":"product_tag-hase","27":"product_tag-hase-haekeln","28":"product_tag-kinder","29":"product_tag-lustig","30":"product_tag-muttertag","31":"product_tag-ostern","32":"product_tag-peeling","33":"product_tag-peelinghandschuh","34":"product_tag-pinguin","35":"product_tag-praesent","36":"product_tag-schwamm-haekeln","37":"product_tag-schwammwolle","38":"product_tag-silvester","39":"product_tag-tiere","40":"product_tag-waschhandschuh","41":"product_tag-weihnachen","42":"product_tag-wolle","43":"product_tag-wollreste","45":"first","46":"instock","47":"shipping-taxable","48":"product-type-simple"},"_links":{"self":[{"href":"https:\/\/dadade.eu\/index.php?rest_route=\/wp\/v2\/product\/19533","targetHints":{"allow":["GET"]}}],"collection":[{"href":"https:\/\/dadade.eu\/index.php?rest_route=\/wp\/v2\/product"}],"about":[{"href":"https:\/\/dadade.eu\/index.php?rest_route=\/wp\/v2\/types\/product"}],"wp:featuredmedia":[{"embeddable":true,"href":"https:\/\/dadade.eu\/index.php?rest_route=\/wp\/v2\/media\/19536"}],"wp:attachment":[{"href":"https:\/\/dadade.eu\/index.php?rest_route=%2Fwp%2Fv2%2Fmedia&parent=19533"}],"wp:term":[{"taxonomy":"product_brand","embeddable":true,"href":"https:\/\/dadade.eu\/index.php?rest_route=%2Fwp%2Fv2%2Fproduct_brand&post=19533"},{"taxonomy":"product_cat","embeddable":true,"href":"https:\/\/dadade.eu\/index.php?rest_route=%2Fwp%2Fv2%2Fproduct_cat&post=19533"},{"taxonomy":"product_tag","embeddable":true,"href":"https:\/\/dadade.eu\/index.php?rest_route=%2Fwp%2Fv2%2Fproduct_tag&post=19533"}],"curies":[{"name":"wp","href":"https:\/\/api.w.org\/{rel}","templated":true}]}}