{"id":19502,"date":"2017-11-08T08:52:41","date_gmt":"2017-11-08T07:52:41","guid":{"rendered":"https:\/\/dadade.eu\/?post_type=product&#038;p=19502"},"modified":"2023-08-08T10:12:38","modified_gmt":"2023-08-08T08:12:38","slug":"schwaemme-schwamm-leuchtturm-feuerwehrauto-teekanne-mit-teetasse-s324","status":"publish","type":"product","link":"https:\/\/dadade.eu\/?product=schwaemme-schwamm-leuchtturm-feuerwehrauto-teekanne-mit-teetasse-s324","title":{"rendered":"Schw\u00e4mme, Schwamm Leuchtturm, Feuerwehrauto &#038; Teekanne mit Teetasse (S324)"},"content":{"rendered":"<p><img fetchpriority=\"high\" decoding=\"async\" class=\"alignnone size-medium wp-image-19507\" src=\"https:\/\/dadade.eu\/wp-content\/uploads\/2023\/08\/xSpuelschwamm-Leuchtturm-1-300x225.jpg\" alt=\"\" width=\"300\" height=\"225\" srcset=\"https:\/\/dadade.eu\/wp-content\/uploads\/2023\/08\/xSpuelschwamm-Leuchtturm-1-300x225.jpg 300w, https:\/\/dadade.eu\/wp-content\/uploads\/2023\/08\/xSpuelschwamm-Leuchtturm-1-600x450.jpg 600w, https:\/\/dadade.eu\/wp-content\/uploads\/2023\/08\/xSpuelschwamm-Leuchtturm-1-64x48.jpg 64w, https:\/\/dadade.eu\/wp-content\/uploads\/2023\/08\/xSpuelschwamm-Leuchtturm-1-1024x768.jpg 1024w, https:\/\/dadade.eu\/wp-content\/uploads\/2023\/08\/xSpuelschwamm-Leuchtturm-1-768x576.jpg 768w, https:\/\/dadade.eu\/wp-content\/uploads\/2023\/08\/xSpuelschwamm-Leuchtturm-1.jpg 1400w\" sizes=\"(max-width: 300px) 100vw, 300px\" \/>S221 Schwamm Leuchtturm<\/p>\n<p><img decoding=\"async\" class=\"alignnone size-medium wp-image-19514\" src=\"https:\/\/dadade.eu\/wp-content\/uploads\/2023\/08\/xSpuelschwamm-Feuerwehrauto-2-300x225.jpg\" alt=\"\" width=\"300\" height=\"225\" srcset=\"https:\/\/dadade.eu\/wp-content\/uploads\/2023\/08\/xSpuelschwamm-Feuerwehrauto-2-300x225.jpg 300w, https:\/\/dadade.eu\/wp-content\/uploads\/2023\/08\/xSpuelschwamm-Feuerwehrauto-2-600x450.jpg 600w, https:\/\/dadade.eu\/wp-content\/uploads\/2023\/08\/xSpuelschwamm-Feuerwehrauto-2-64x48.jpg 64w, https:\/\/dadade.eu\/wp-content\/uploads\/2023\/08\/xSpuelschwamm-Feuerwehrauto-2-1024x768.jpg 1024w, https:\/\/dadade.eu\/wp-content\/uploads\/2023\/08\/xSpuelschwamm-Feuerwehrauto-2-768x576.jpg 768w, https:\/\/dadade.eu\/wp-content\/uploads\/2023\/08\/xSpuelschwamm-Feuerwehrauto-2.jpg 1400w\" sizes=\"(max-width: 300px) 100vw, 300px\" \/>S222 Schwamm Feuerwehrauto<\/p>\n<p><img decoding=\"async\" class=\"alignnone size-medium wp-image-19526\" src=\"https:\/\/dadade.eu\/wp-content\/uploads\/2023\/08\/Spuelschwamm-TeekanneTasse-8-300x225.jpg\" alt=\"\" width=\"300\" height=\"225\" srcset=\"https:\/\/dadade.eu\/wp-content\/uploads\/2023\/08\/Spuelschwamm-TeekanneTasse-8-300x225.jpg 300w, https:\/\/dadade.eu\/wp-content\/uploads\/2023\/08\/Spuelschwamm-TeekanneTasse-8-600x450.jpg 600w, https:\/\/dadade.eu\/wp-content\/uploads\/2023\/08\/Spuelschwamm-TeekanneTasse-8-64x48.jpg 64w, https:\/\/dadade.eu\/wp-content\/uploads\/2023\/08\/Spuelschwamm-TeekanneTasse-8-1024x768.jpg 1024w, https:\/\/dadade.eu\/wp-content\/uploads\/2023\/08\/Spuelschwamm-TeekanneTasse-8-768x576.jpg 768w, https:\/\/dadade.eu\/wp-content\/uploads\/2023\/08\/Spuelschwamm-TeekanneTasse-8.jpg 1400w\" sizes=\"(max-width: 300px) 100vw, 300px\" \/>S223 Schwamm Teekanne mit Teetasse<\/p>\n<p><img loading=\"lazy\" decoding=\"async\" class=\"alignnone size-medium wp-image-19527\" src=\"https:\/\/dadade.eu\/wp-content\/uploads\/2023\/08\/xSchwamm-Allerlei-Kopie-300x225.jpg\" alt=\"\" width=\"300\" height=\"225\" srcset=\"https:\/\/dadade.eu\/wp-content\/uploads\/2023\/08\/xSchwamm-Allerlei-Kopie-300x225.jpg 300w, https:\/\/dadade.eu\/wp-content\/uploads\/2023\/08\/xSchwamm-Allerlei-Kopie-600x450.jpg 600w, https:\/\/dadade.eu\/wp-content\/uploads\/2023\/08\/xSchwamm-Allerlei-Kopie-64x48.jpg 64w, https:\/\/dadade.eu\/wp-content\/uploads\/2023\/08\/xSchwamm-Allerlei-Kopie-1024x768.jpg 1024w, https:\/\/dadade.eu\/wp-content\/uploads\/2023\/08\/xSchwamm-Allerlei-Kopie-768x576.jpg 768w, https:\/\/dadade.eu\/wp-content\/uploads\/2023\/08\/xSchwamm-Allerlei-Kopie.jpg 1165w\" sizes=\"(max-width: 300px) 100vw, 300px\" \/>S224 Schw\u00e4mme 3 Allerlei<\/p>\n<p><a href=\"https:\/\/dadade.eu\/?product=spuelschwamm-kleine-schildkroete-s127\"><strong><img loading=\"lazy\" decoding=\"async\" class=\"alignnone size-medium wp-image-19113\" src=\"https:\/\/dadade.eu\/wp-content\/uploads\/2023\/08\/Spuelschwamm-kleine-Schildkroete-5-300x225.jpg\" alt=\"\" width=\"300\" height=\"225\" srcset=\"https:\/\/dadade.eu\/wp-content\/uploads\/2023\/08\/Spuelschwamm-kleine-Schildkroete-5-300x225.jpg 300w, https:\/\/dadade.eu\/wp-content\/uploads\/2023\/08\/Spuelschwamm-kleine-Schildkroete-5-600x450.jpg 600w, https:\/\/dadade.eu\/wp-content\/uploads\/2023\/08\/Spuelschwamm-kleine-Schildkroete-5-64x48.jpg 64w, https:\/\/dadade.eu\/wp-content\/uploads\/2023\/08\/Spuelschwamm-kleine-Schildkroete-5-1024x768.jpg 1024w, https:\/\/dadade.eu\/wp-content\/uploads\/2023\/08\/Spuelschwamm-kleine-Schildkroete-5-768x576.jpg 768w, https:\/\/dadade.eu\/wp-content\/uploads\/2023\/08\/Spuelschwamm-kleine-Schildkroete-5.jpg 1400w\" sizes=\"(max-width: 300px) 100vw, 300px\" \/>Schwamm die kleine Schildkr\u00f6te, gibt es im Sparpaket als kleines Extra-Geschenk kostenlos dazu<\/strong><\/a><\/p>\n<p>&nbsp;<\/p>\n<p>Die Anleitungen sind ausf\u00fchrlich mit vielen Bildern hinterlegt und werden auf je 10 &#8211; 14 Seiten Schritt-f\u00fcr-Schritt beschrieben!<\/p>\n<p>Sie\u00a0 ist dadurch auch schon f\u00fcr Anf\u00e4nger geeignet.<\/p>\n<p>&nbsp;<\/p>\n<p>mehr Bilder von flei\u00dfigen H\u00e4nden findet ihr<\/p>\n<p><strong><a href=\"https:\/\/dadade.eu\/?p=18646\">KLICKE HIER<\/a><\/strong><\/p>\n<p>&nbsp;<\/p>\n<p>&nbsp;<\/p>\n","protected":false},"excerpt":{"rendered":"<div id=\"cc-m-13954443088\" class=\"j-module n j-text \">\n<p>Hier kauft man nur die Anleitungen f\u00fcr diese witzigen Schw\u00e4mme, sie sind nicht nur zu Silvester der Knaller<\/p>\n<p>Sie sind mit einem Garn von Rico Design geh\u00e4kelt, Creative Bubble!<\/p>\n<p>Ob als Badeschwamm, \u00a0oder als K\u00fcchenschwamm,<\/p>\n<p>Schluss mit Langeweile im Badezimmer oder in der K\u00fcche. So macht das Abwaschen richtig Spa\u00df,<\/p>\n<p>Mit den verschiedenen lustigen und tierischen Motiven eignen sich diese selbstgemachten Schw\u00e4mme auch super zum Verschenken, gerade jetzt im Herbst.<\/p>\n<p>Das Garn l\u00e4sst sich gut verarbeiten und ist bei 60\u00b0C waschbar.<\/p>\n<p>Sie sind sehr schnell geh\u00e4kelt und auch schon f\u00fcr Anf\u00e4nger geeignet<\/p>\n<p>Wie???\u00a0Ihr habt keine Bubble-Wolle???<\/p>\n<p>Dann h\u00e4kelt doch meine Schw\u00e4mme einfach mal mit d\u00fcnnem Garn,<\/p>\n<p>als Taschenbaumler, Ranzenanh\u00e4nger, oder auch mal als Schl\u00fcsselanh\u00e4nger,<\/p>\n<p>je nachdem, was die Wollreste- Kiste hergibt<\/p>\n<p>Die Anleitungen sind auch als Applikationen um Hosen usw. zu verzieren, super geeignet,<\/p>\n<p>Mit der Nadelst\u00e4rke 3,5 wird der Leuchtturm ungef\u00e4hr; 23 x 11cm<\/p>\n<p>das Auto ungef\u00e4hr; 24 x 15cm<\/p>\n<p>die Kanne ungef\u00e4hr; 16 x 27cm, die Tasse ungef\u00e4hr; 7 x 13cm<\/p>\n<\/div>\n","protected":false},"featured_media":19527,"template":"","meta":[],"product_brand":[],"product_cat":[56,48,1479],"product_tag":[90,1377,1463,1467,1468,242,1466,1553,1555,87,1460,1465,299,1360,94,93,1538,1559,1560,1563,92,1464,1504,1461,1550,1551,181,195,1554,1462,1561,1552,1557,533,1526,1505,1562,1556,1558,95,96],"class_list":{"0":"post-19502","1":"product","2":"type-product","3":"status-publish","4":"has-post-thumbnail","6":"product_cat-2einfach","7":"product_cat-haus-deko","8":"product_cat-schwamm-und-waschhandschuh","9":"product_tag-amigurumi","10":"product_tag-baden","11":"product_tag-badeschwamm","12":"product_tag-badezimmer","13":"product_tag-creative-bubble-von-rico-design","14":"product_tag-dekoration-haekeln","15":"product_tag-duschschwamm","16":"product_tag-feuerwehrauto","17":"product_tag-feuerwehrauto-haekeln","18":"product_tag-geschenk","19":"product_tag-geschenke-haekeln","20":"product_tag-geschenke-selbermachen","21":"product_tag-geschenkidee","22":"product_tag-glueck","23":"product_tag-haekelanleitung","24":"product_tag-haekeln","25":"product_tag-jahreswechsel","26":"product_tag-kaffeetasse","27":"product_tag-kaffeetasse-haekeln","28":"product_tag-kanne-haekeln","29":"product_tag-kinder","30":"product_tag-kuechenschwamm","31":"product_tag-kuechentuch","32":"product_tag-kuechenzubehoer","33":"product_tag-leuchtturm","34":"product_tag-leuchtturm-haekeln","35":"product_tag-lustig","36":"product_tag-praesent","37":"product_tag-schwamm-feuerwehrauto","38":"product_tag-schwamm-haekeln","39":"product_tag-schwamm-kaffeetasse","40":"product_tag-schwamm-leuchtturm","41":"product_tag-schwamm-teekanne","42":"product_tag-schwein-haekeln","43":"product_tag-spuelschwamm","44":"product_tag-spuelschwamm-haekeln","45":"product_tag-tasse-haekeln","46":"product_tag-teekanne","47":"product_tag-teekanne-haekeln","48":"product_tag-wolle","49":"product_tag-wollreste","51":"first","52":"instock","53":"shipping-taxable","54":"purchasable","55":"product-type-variable"},"_links":{"self":[{"href":"https:\/\/dadade.eu\/index.php?rest_route=\/wp\/v2\/product\/19502","targetHints":{"allow":["GET"]}}],"collection":[{"href":"https:\/\/dadade.eu\/index.php?rest_route=\/wp\/v2\/product"}],"about":[{"href":"https:\/\/dadade.eu\/index.php?rest_route=\/wp\/v2\/types\/product"}],"wp:featuredmedia":[{"embeddable":true,"href":"https:\/\/dadade.eu\/index.php?rest_route=\/wp\/v2\/media\/19527"}],"wp:attachment":[{"href":"https:\/\/dadade.eu\/index.php?rest_route=%2Fwp%2Fv2%2Fmedia&parent=19502"}],"wp:term":[{"taxonomy":"product_brand","embeddable":true,"href":"https:\/\/dadade.eu\/index.php?rest_route=%2Fwp%2Fv2%2Fproduct_brand&post=19502"},{"taxonomy":"product_cat","embeddable":true,"href":"https:\/\/dadade.eu\/index.php?rest_route=%2Fwp%2Fv2%2Fproduct_cat&post=19502"},{"taxonomy":"product_tag","embeddable":true,"href":"https:\/\/dadade.eu\/index.php?rest_route=%2Fwp%2Fv2%2Fproduct_tag&post=19502"}],"curies":[{"name":"wp","href":"https:\/\/api.w.org\/{rel}","templated":true}]}}