{"id":19218,"date":"2018-06-06T17:27:22","date_gmt":"2018-06-06T15:27:22","guid":{"rendered":"https:\/\/dadade.eu\/?post_type=product&#038;p=19218"},"modified":"2025-07-21T21:39:53","modified_gmt":"2025-07-21T19:39:53","slug":"spuelschwamm-fussball-s306","status":"publish","type":"product","link":"https:\/\/dadade.eu\/?product=spuelschwamm-fussball-s306","title":{"rendered":"Sp\u00fclschwamm Fu\u00dfball (S306)"},"content":{"rendered":"<p><img fetchpriority=\"high\" decoding=\"async\" class=\"alignnone size-medium wp-image-19228\" src=\"https:\/\/dadade.eu\/wp-content\/uploads\/2023\/08\/xSchwaemme-Fussball-1-300x225.jpg\" alt=\"\" width=\"300\" height=\"225\" srcset=\"https:\/\/dadade.eu\/wp-content\/uploads\/2023\/08\/xSchwaemme-Fussball-1-300x225.jpg 300w, https:\/\/dadade.eu\/wp-content\/uploads\/2023\/08\/xSchwaemme-Fussball-1-600x450.jpg 600w, https:\/\/dadade.eu\/wp-content\/uploads\/2023\/08\/xSchwaemme-Fussball-1-64x48.jpg 64w, https:\/\/dadade.eu\/wp-content\/uploads\/2023\/08\/xSchwaemme-Fussball-1-1024x768.jpg 1024w, https:\/\/dadade.eu\/wp-content\/uploads\/2023\/08\/xSchwaemme-Fussball-1-768x576.jpg 768w, https:\/\/dadade.eu\/wp-content\/uploads\/2023\/08\/xSchwaemme-Fussball-1.jpg 1165w\" sizes=\"(max-width: 300px) 100vw, 300px\" \/><strong><a href=\"https:\/\/dadade.eu\/?product=schwaemme-fussball-schwamm-eis-fussball-fuss-kaktus-hand-s305\">S115 Schwamm Fu\u00dfball, \u00a0<\/a><\/strong><strong><a href=\"https:\/\/dadade.eu\/?product=schwaemme-fussball-schwamm-eis-fussball-fuss-kaktus-hand-s305\">den Schwamm gibt es kostenlos im Sparpaket Schw\u00e4mme Fu\u00dfball dazu<\/a><\/strong><\/p>\n<p><img decoding=\"async\" class=\"alignnone size-medium wp-image-19191\" src=\"https:\/\/dadade.eu\/wp-content\/uploads\/2023\/08\/xSchwamm-Sommer-Kopie-300x225.jpg\" alt=\"\" width=\"300\" height=\"225\" srcset=\"https:\/\/dadade.eu\/wp-content\/uploads\/2023\/08\/xSchwamm-Sommer-Kopie-300x225.jpg 300w, https:\/\/dadade.eu\/wp-content\/uploads\/2023\/08\/xSchwamm-Sommer-Kopie-600x450.jpg 600w, https:\/\/dadade.eu\/wp-content\/uploads\/2023\/08\/xSchwamm-Sommer-Kopie-64x48.jpg 64w, https:\/\/dadade.eu\/wp-content\/uploads\/2023\/08\/xSchwamm-Sommer-Kopie-1024x768.jpg 1024w, https:\/\/dadade.eu\/wp-content\/uploads\/2023\/08\/xSchwamm-Sommer-Kopie-768x576.jpg 768w, https:\/\/dadade.eu\/wp-content\/uploads\/2023\/08\/xSchwamm-Sommer-Kopie.jpg 1165w\" sizes=\"(max-width: 300px) 100vw, 300px\" \/><strong><a href=\"https:\/\/dadade.eu\/?product=schwaemme-sommer-schwamm-eis-flip-flop-kaktus-hand-s305\">oder im Paket Sommer-Schw\u00e4mmen, es sind die gleichen Anleitungen<\/a><\/strong><\/p>\n<p>Die Anleitung ist ausf\u00fchrlich auf\u00a0 11 Seiten beschrieben und mit vielen Bildern hinterlegt<\/p>\n<p>Sie\u00a0 ist dadurch auch schon f\u00fcr Anf\u00e4nger geeignet.<\/p>\n<p>mehr Bilder von flei\u00dfigen H\u00e4nden findet ihr<\/p>\n<p><strong><a href=\"https:\/\/dadade.eu\/?p=18646\">KLICKE HIER<\/a><\/strong><\/p>\n<p>&nbsp;<\/p>\n<p>&nbsp;<\/p>\n","protected":false},"excerpt":{"rendered":"<div id=\"cc-m-13954443088\" class=\"j-module n j-text \">\n<p>Hier findet man nur die Anleitung f\u00fcr diesen lustigen Fu\u00dfball-Schwamm<\/p>\n<p>geh\u00e4kelt mit dem witzigen Garn von Rico Design.<\/p>\n<p>Schluss mit Langeweile in der K\u00fcche oder auch im Badezimmer.<\/p>\n<p>Der Fu\u00dfball mit oder ohne Gesicht, ist das Geschenk f\u00fcr alle Fan\u00b4s des runden Leders.<\/p>\n<p>Meine Testkinder fanden die Beiden\u00a0 super cool in der Badewanne, ob zum Spielen, oder zum Abrubbeln, &#8220; das kitzelt so sch\u00f6n&#8220;<\/p>\n<p>oder auch zum Peeling f\u00fcr die Frau Mama,<\/p>\n<p><strong><a href=\"https:\/\/dadade.eu\/?product=schwaemme-fussball-schwamm-eis-fussball-fuss-kaktus-hand-s305\">S115 Schwamm Fu\u00dfball, \u00a0<\/a><\/strong><strong><a href=\"https:\/\/dadade.eu\/?product=schwaemme-herbst-tiere-schwamm-eichhoernchen-eule-fledermaus-igel-s114\">den Schwamm gibt es kostenlos im Sparpaket Schw\u00e4mme Fu\u00dfball dazu<\/a><\/strong><\/p>\n<p>Die Schw\u00e4mme kann man bei 60\u00b0C waschen.<\/p>\n<p>Mit der Nadelst\u00e4rke 3,5 hat der Fu\u00dfball ungef\u00e4hr; 15cm Durchmesser<\/p>\n<p>Sie sind sehr schnell geh\u00e4kelt und auch schon f\u00fcr Anf\u00e4nger geeignet<\/p>\n<p>&nbsp;<\/p>\n<\/div>\n","protected":false},"featured_media":19219,"template":"","meta":[],"product_brand":[],"product_cat":[56,62,1479],"product_tag":[90,1377,1463,1471,1467,1528,1468,242,901,1466,247,87,1527,1460,1465,299,94,93,92,1464,1504,1461,181,1353,195,1513,1462,1456,196,1526,1469,900,95,96],"class_list":{"0":"post-19218","1":"product","2":"type-product","3":"status-publish","4":"has-post-thumbnail","6":"product_cat-2einfach","7":"product_cat-gratis","8":"product_cat-schwamm-und-waschhandschuh","9":"product_tag-amigurumi","10":"product_tag-baden","11":"product_tag-badeschwamm","12":"product_tag-badewanne","13":"product_tag-badezimmer","14":"product_tag-ball","15":"product_tag-creative-bubble-von-rico-design","16":"product_tag-dekoration-haekeln","17":"product_tag-deutschland","18":"product_tag-duschschwamm","19":"product_tag-fussball","20":"product_tag-geschenk","21":"product_tag-geschenk-mann","22":"product_tag-geschenke-haekeln","23":"product_tag-geschenke-selbermachen","24":"product_tag-geschenkidee","25":"product_tag-haekelanleitung","26":"product_tag-haekeln","27":"product_tag-kinder","28":"product_tag-kuechenschwamm","29":"product_tag-kuechentuch","30":"product_tag-kuechenzubehoer","31":"product_tag-lustig","32":"product_tag-maenner","33":"product_tag-praesent","34":"product_tag-schwamm-gespenst","35":"product_tag-schwamm-haekeln","36":"product_tag-schwammwolle","37":"product_tag-spielzeug","38":"product_tag-spuelschwamm","39":"product_tag-waschhandschuh","40":"product_tag-wm","41":"product_tag-wolle","42":"product_tag-wollreste","44":"first","45":"instock","46":"downloadable","47":"shipping-taxable","48":"product-type-simple"},"_links":{"self":[{"href":"https:\/\/dadade.eu\/index.php?rest_route=\/wp\/v2\/product\/19218","targetHints":{"allow":["GET"]}}],"collection":[{"href":"https:\/\/dadade.eu\/index.php?rest_route=\/wp\/v2\/product"}],"about":[{"href":"https:\/\/dadade.eu\/index.php?rest_route=\/wp\/v2\/types\/product"}],"wp:featuredmedia":[{"embeddable":true,"href":"https:\/\/dadade.eu\/index.php?rest_route=\/wp\/v2\/media\/19219"}],"wp:attachment":[{"href":"https:\/\/dadade.eu\/index.php?rest_route=%2Fwp%2Fv2%2Fmedia&parent=19218"}],"wp:term":[{"taxonomy":"product_brand","embeddable":true,"href":"https:\/\/dadade.eu\/index.php?rest_route=%2Fwp%2Fv2%2Fproduct_brand&post=19218"},{"taxonomy":"product_cat","embeddable":true,"href":"https:\/\/dadade.eu\/index.php?rest_route=%2Fwp%2Fv2%2Fproduct_cat&post=19218"},{"taxonomy":"product_tag","embeddable":true,"href":"https:\/\/dadade.eu\/index.php?rest_route=%2Fwp%2Fv2%2Fproduct_tag&post=19218"}],"curies":[{"name":"wp","href":"https:\/\/api.w.org\/{rel}","templated":true}]}}