{"id":19056,"date":"2017-10-05T21:21:56","date_gmt":"2017-10-05T19:21:56","guid":{"rendered":"https:\/\/dadade.eu\/?post_type=product&#038;p=19056"},"modified":"2024-02-19T13:00:30","modified_gmt":"2024-02-19T12:00:30","slug":"tierische-schwaemme-schwamm-flamingo-frosch-pinguin-schildkroete-seehund-s126","status":"publish","type":"product","link":"https:\/\/dadade.eu\/?product=tierische-schwaemme-schwamm-flamingo-frosch-pinguin-schildkroete-seehund-s126","title":{"rendered":"tierische Schw\u00e4mme, Schwamm Flamingo, Frosch, Pinguin, Schildkr\u00f6te &#038; Seehund (S126)"},"content":{"rendered":"<p><img fetchpriority=\"high\" decoding=\"async\" class=\"alignnone size-medium wp-image-19064\" src=\"https:\/\/dadade.eu\/wp-content\/uploads\/2023\/08\/Spuelschwamm-Flamingo-2-300x225.jpg\" alt=\"\" width=\"300\" height=\"225\" srcset=\"https:\/\/dadade.eu\/wp-content\/uploads\/2023\/08\/Spuelschwamm-Flamingo-2-300x225.jpg 300w, https:\/\/dadade.eu\/wp-content\/uploads\/2023\/08\/Spuelschwamm-Flamingo-2-600x450.jpg 600w, https:\/\/dadade.eu\/wp-content\/uploads\/2023\/08\/Spuelschwamm-Flamingo-2-64x48.jpg 64w, https:\/\/dadade.eu\/wp-content\/uploads\/2023\/08\/Spuelschwamm-Flamingo-2-1024x768.jpg 1024w, https:\/\/dadade.eu\/wp-content\/uploads\/2023\/08\/Spuelschwamm-Flamingo-2-768x576.jpg 768w, https:\/\/dadade.eu\/wp-content\/uploads\/2023\/08\/Spuelschwamm-Flamingo-2.jpg 1400w\" sizes=\"(max-width: 300px) 100vw, 300px\" \/>S121 Schwamm Flamingo<\/p>\n<p><img decoding=\"async\" class=\"alignnone size-medium wp-image-19071\" src=\"https:\/\/dadade.eu\/wp-content\/uploads\/2023\/08\/Spuelschwamm-Frosch-4-300x225.jpg\" alt=\"\" width=\"300\" height=\"225\" srcset=\"https:\/\/dadade.eu\/wp-content\/uploads\/2023\/08\/Spuelschwamm-Frosch-4-300x225.jpg 300w, https:\/\/dadade.eu\/wp-content\/uploads\/2023\/08\/Spuelschwamm-Frosch-4-600x450.jpg 600w, https:\/\/dadade.eu\/wp-content\/uploads\/2023\/08\/Spuelschwamm-Frosch-4-64x48.jpg 64w, https:\/\/dadade.eu\/wp-content\/uploads\/2023\/08\/Spuelschwamm-Frosch-4-1024x768.jpg 1024w, https:\/\/dadade.eu\/wp-content\/uploads\/2023\/08\/Spuelschwamm-Frosch-4-768x576.jpg 768w, https:\/\/dadade.eu\/wp-content\/uploads\/2023\/08\/Spuelschwamm-Frosch-4.jpg 1400w\" sizes=\"(max-width: 300px) 100vw, 300px\" \/>S122 Schwamm Frosch<\/p>\n<p><img decoding=\"async\" class=\"alignnone size-medium wp-image-19074\" src=\"https:\/\/dadade.eu\/wp-content\/uploads\/2023\/08\/Spuelschwamm-Pinguin-2-300x225.jpg\" alt=\"\" width=\"300\" height=\"225\" srcset=\"https:\/\/dadade.eu\/wp-content\/uploads\/2023\/08\/Spuelschwamm-Pinguin-2-300x225.jpg 300w, https:\/\/dadade.eu\/wp-content\/uploads\/2023\/08\/Spuelschwamm-Pinguin-2-600x450.jpg 600w, https:\/\/dadade.eu\/wp-content\/uploads\/2023\/08\/Spuelschwamm-Pinguin-2-64x48.jpg 64w, https:\/\/dadade.eu\/wp-content\/uploads\/2023\/08\/Spuelschwamm-Pinguin-2-1024x768.jpg 1024w, https:\/\/dadade.eu\/wp-content\/uploads\/2023\/08\/Spuelschwamm-Pinguin-2-768x576.jpg 768w, https:\/\/dadade.eu\/wp-content\/uploads\/2023\/08\/Spuelschwamm-Pinguin-2.jpg 1400w\" sizes=\"(max-width: 300px) 100vw, 300px\" \/>S123 Schwamm Pinguin<\/p>\n<p><img loading=\"lazy\" decoding=\"async\" class=\"alignnone size-medium wp-image-19079\" src=\"https:\/\/dadade.eu\/wp-content\/uploads\/2023\/08\/Spuelschwamm-grosse-Schildkroete-2-300x225.jpg\" alt=\"\" width=\"300\" height=\"225\" srcset=\"https:\/\/dadade.eu\/wp-content\/uploads\/2023\/08\/Spuelschwamm-grosse-Schildkroete-2-300x225.jpg 300w, https:\/\/dadade.eu\/wp-content\/uploads\/2023\/08\/Spuelschwamm-grosse-Schildkroete-2-600x450.jpg 600w, https:\/\/dadade.eu\/wp-content\/uploads\/2023\/08\/Spuelschwamm-grosse-Schildkroete-2-64x48.jpg 64w, https:\/\/dadade.eu\/wp-content\/uploads\/2023\/08\/Spuelschwamm-grosse-Schildkroete-2-1024x768.jpg 1024w, https:\/\/dadade.eu\/wp-content\/uploads\/2023\/08\/Spuelschwamm-grosse-Schildkroete-2-768x576.jpg 768w, https:\/\/dadade.eu\/wp-content\/uploads\/2023\/08\/Spuelschwamm-grosse-Schildkroete-2.jpg 1400w\" sizes=\"(max-width: 300px) 100vw, 300px\" \/>S124 Schwamm gro\u00dfe Schildkr\u00f6te<\/p>\n<p><img loading=\"lazy\" decoding=\"async\" class=\"alignnone size-medium wp-image-19088\" src=\"https:\/\/dadade.eu\/wp-content\/uploads\/2023\/08\/Spuelschwamm-Seehund-9-300x225.jpg\" alt=\"\" width=\"300\" height=\"225\" srcset=\"https:\/\/dadade.eu\/wp-content\/uploads\/2023\/08\/Spuelschwamm-Seehund-9-300x225.jpg 300w, https:\/\/dadade.eu\/wp-content\/uploads\/2023\/08\/Spuelschwamm-Seehund-9-600x450.jpg 600w, https:\/\/dadade.eu\/wp-content\/uploads\/2023\/08\/Spuelschwamm-Seehund-9-64x48.jpg 64w, https:\/\/dadade.eu\/wp-content\/uploads\/2023\/08\/Spuelschwamm-Seehund-9-1024x768.jpg 1024w, https:\/\/dadade.eu\/wp-content\/uploads\/2023\/08\/Spuelschwamm-Seehund-9-768x576.jpg 768w, https:\/\/dadade.eu\/wp-content\/uploads\/2023\/08\/Spuelschwamm-Seehund-9.jpg 1400w\" sizes=\"(max-width: 300px) 100vw, 300px\" \/>S125 Schwamm Seehund<\/p>\n<p><img loading=\"lazy\" decoding=\"async\" class=\"alignnone size-medium wp-image-19062\" src=\"https:\/\/dadade.eu\/wp-content\/uploads\/2023\/08\/Schwamm-tierisch-Kopie-300x225.jpg\" alt=\"\" width=\"300\" height=\"225\" srcset=\"https:\/\/dadade.eu\/wp-content\/uploads\/2023\/08\/Schwamm-tierisch-Kopie-300x225.jpg 300w, https:\/\/dadade.eu\/wp-content\/uploads\/2023\/08\/Schwamm-tierisch-Kopie-600x450.jpg 600w, https:\/\/dadade.eu\/wp-content\/uploads\/2023\/08\/Schwamm-tierisch-Kopie-64x48.jpg 64w, https:\/\/dadade.eu\/wp-content\/uploads\/2023\/08\/Schwamm-tierisch-Kopie-1024x768.jpg 1024w, https:\/\/dadade.eu\/wp-content\/uploads\/2023\/08\/Schwamm-tierisch-Kopie-768x576.jpg 768w, https:\/\/dadade.eu\/wp-content\/uploads\/2023\/08\/Schwamm-tierisch-Kopie.jpg 1165w\" sizes=\"(max-width: 300px) 100vw, 300px\" \/>S126 Schw\u00e4mme 5 tierische Schw\u00e4mme<\/p>\n<p><img loading=\"lazy\" decoding=\"async\" class=\"alignnone size-medium wp-image-19089\" src=\"https:\/\/dadade.eu\/wp-content\/uploads\/2023\/08\/Spuelschwamm-kleine-Schildkroete-3-300x225.jpg\" alt=\"\" width=\"300\" height=\"225\" srcset=\"https:\/\/dadade.eu\/wp-content\/uploads\/2023\/08\/Spuelschwamm-kleine-Schildkroete-3-300x225.jpg 300w, https:\/\/dadade.eu\/wp-content\/uploads\/2023\/08\/Spuelschwamm-kleine-Schildkroete-3-600x450.jpg 600w, https:\/\/dadade.eu\/wp-content\/uploads\/2023\/08\/Spuelschwamm-kleine-Schildkroete-3-64x48.jpg 64w, https:\/\/dadade.eu\/wp-content\/uploads\/2023\/08\/Spuelschwamm-kleine-Schildkroete-3-1024x768.jpg 1024w, https:\/\/dadade.eu\/wp-content\/uploads\/2023\/08\/Spuelschwamm-kleine-Schildkroete-3-768x576.jpg 768w, https:\/\/dadade.eu\/wp-content\/uploads\/2023\/08\/Spuelschwamm-kleine-Schildkroete-3.jpg 1400w\" sizes=\"(max-width: 300px) 100vw, 300px\" \/><a href=\"https:\/\/dadade.eu\/?product=spuelschwamm-kleine-schildkroete-s127\"><strong>Schwamm die kleine Schildkr\u00f6te, gibt es im Sparpaket als kleines Extra-Geschenk kostenlos dazu<\/strong><\/a><\/p>\n<p>Die Anleitungen sind ausf\u00fchrlich mit vielen Bildern hinterlegt und werden auf je 8 &#8211; 11 Seiten Schritt-f\u00fcr-Schritt beschrieben!<\/p>\n<p>Sie\u00a0 ist dadurch auch schon f\u00fcr Anf\u00e4nger geeignet.<\/p>\n<p>&nbsp;<\/p>\n<p>mehr Bilder von flei\u00dfigen H\u00e4nden findet ihr<\/p>\n<p><strong><a href=\"https:\/\/dadade.eu\/?p=18646\">KLICKE HIER<\/a><\/strong><\/p>\n<p>&nbsp;<\/p>\n<p>&nbsp;<\/p>\n","protected":false},"excerpt":{"rendered":"<div id=\"cc-m-13954443088\" class=\"j-module n j-text \">\n<p>Hier kauft man nur die Anleitungen f\u00fcr diese witzigen Schw\u00e4mme,<\/p>\n<p>Sie sind mit einem Garn von Rico Design geh\u00e4kelt, Creative Bubble!<\/p>\n<p>Ob als Badeschwamm, \u00a0oder als K\u00fcchenschwamm,<\/p>\n<p>Schluss mit Langeweile im Badezimmer oder in der K\u00fcche. So macht das Abwaschen richtig Spa\u00df,<\/p>\n<p>Mit den verschiedenen lustigen und tierischen Motiven eignen sich diese selbstgemachten Schw\u00e4mme auch super zum Verschenken, gerade jetzt im Herbst.<\/p>\n<p>Das Garn l\u00e4sst sich gut verarbeiten und ist bei 60\u00b0C waschbar.<\/p>\n<p>Sie sind sehr schnell geh\u00e4kelt und auch schon f\u00fcr Anf\u00e4nger geeignet<\/p>\n<p>Wie???\u00a0Ihr habt keine Bubble-Wolle???<\/p>\n<p>Dann h\u00e4kelt doch meine Schw\u00e4mme einfach mal mit d\u00fcnnem Garn,<\/p>\n<p>als Taschenbaumler, Ranzenanh\u00e4nger, oder auch mal als Schl\u00fcsselanh\u00e4nger, je nachdem, was die Wollreste- Kiste hergibt<\/p>\n<p>Die Anleitungen sind auch als Applikationen um Hosen usw. zu verzieren, super geeignet,<\/p>\n<p>Mit der Nadelst\u00e4rke 3,5 wird der Flamingo ungef\u00e4hr; 29 x 17 cm<\/p>\n<p>der Frosch ungef\u00e4hr; 16 x 14cm, der Pinguin ungef\u00e4hr; 18 x 12cm,<\/p>\n<p>die gro\u00dfe Schildkr\u00f6te ungef\u00e4hr; 19 x 15cm,<\/p>\n<p>der Seehund ungef\u00e4hr; 14 x 14cm<\/p>\n<p>die kleine Schildkr\u00f6te ungef\u00e4hr; 15 x 11cm<\/p>\n<p>&nbsp;<\/p>\n<\/div>\n","protected":false},"featured_media":19062,"template":"","meta":[],"product_brand":[],"product_cat":[56,48,1479],"product_tag":[90,1377,1463,1467,1468,242,1466,329,895,1508,337,87,1460,1465,299,94,93,92,1464,1504,1461,181,629,1510,195,706,628,1507,1509,1462,1480,1511,1512,699,1177,1505,95,96],"class_list":{"0":"post-19056","1":"product","2":"type-product","3":"status-publish","4":"has-post-thumbnail","6":"product_cat-2einfach","7":"product_cat-haus-deko","8":"product_cat-schwamm-und-waschhandschuh","9":"product_tag-amigurumi","10":"product_tag-baden","11":"product_tag-badeschwamm","12":"product_tag-badezimmer","13":"product_tag-creative-bubble-von-rico-design","14":"product_tag-dekoration-haekeln","15":"product_tag-duschschwamm","16":"product_tag-flamingo","17":"product_tag-flamingo-haekeln","18":"product_tag-froch-haekeln","19":"product_tag-frosch","20":"product_tag-geschenk","21":"product_tag-geschenke-haekeln","22":"product_tag-geschenke-selbermachen","23":"product_tag-geschenkidee","24":"product_tag-haekelanleitung","25":"product_tag-haekeln","26":"product_tag-kinder","27":"product_tag-kuechenschwamm","28":"product_tag-kuechentuch","29":"product_tag-kuechenzubehoer","30":"product_tag-lustig","31":"product_tag-pinguin","32":"product_tag-pinguin-haeklen","33":"product_tag-praesent","34":"product_tag-schildkroete","35":"product_tag-schildkroete-haekeln","36":"product_tag-schwamm-flamingo","37":"product_tag-schwamm-frosch","38":"product_tag-schwamm-haekeln","39":"product_tag-schwamm-pinguin","40":"product_tag-schwamm-schildkroete","41":"product_tag-schwamm-seehund","42":"product_tag-seehund","43":"product_tag-seehund-haekeln","44":"product_tag-spuelschwamm-haekeln","45":"product_tag-wolle","46":"product_tag-wollreste","48":"first","49":"instock","50":"shipping-taxable","51":"purchasable","52":"product-type-variable"},"_links":{"self":[{"href":"https:\/\/dadade.eu\/index.php?rest_route=\/wp\/v2\/product\/19056","targetHints":{"allow":["GET"]}}],"collection":[{"href":"https:\/\/dadade.eu\/index.php?rest_route=\/wp\/v2\/product"}],"about":[{"href":"https:\/\/dadade.eu\/index.php?rest_route=\/wp\/v2\/types\/product"}],"wp:featuredmedia":[{"embeddable":true,"href":"https:\/\/dadade.eu\/index.php?rest_route=\/wp\/v2\/media\/19062"}],"wp:attachment":[{"href":"https:\/\/dadade.eu\/index.php?rest_route=%2Fwp%2Fv2%2Fmedia&parent=19056"}],"wp:term":[{"taxonomy":"product_brand","embeddable":true,"href":"https:\/\/dadade.eu\/index.php?rest_route=%2Fwp%2Fv2%2Fproduct_brand&post=19056"},{"taxonomy":"product_cat","embeddable":true,"href":"https:\/\/dadade.eu\/index.php?rest_route=%2Fwp%2Fv2%2Fproduct_cat&post=19056"},{"taxonomy":"product_tag","embeddable":true,"href":"https:\/\/dadade.eu\/index.php?rest_route=%2Fwp%2Fv2%2Fproduct_tag&post=19056"}],"curies":[{"name":"wp","href":"https:\/\/api.w.org\/{rel}","templated":true}]}}