{"id":17560,"date":"2018-12-24T15:27:56","date_gmt":"2018-12-24T14:27:56","guid":{"rendered":"https:\/\/dadade.eu\/?post_type=product&#038;p=17560"},"modified":"2023-12-20T00:01:56","modified_gmt":"2023-12-19T23:01:56","slug":"schwein-mit-schornsteinfeger-led-lampe-l251","status":"publish","type":"product","link":"https:\/\/dadade.eu\/?product=schwein-mit-schornsteinfeger-led-lampe-l251","title":{"rendered":"Schwein, mit Schornsteinfeger,  LED-Lampe  (L251)"},"content":{"rendered":"<p><img fetchpriority=\"high\" decoding=\"async\" class=\"alignnone size-medium wp-image-17561\" src=\"https:\/\/dadade.eu\/wp-content\/uploads\/2023\/07\/xKugel-Silvester-Schwein-2-300x225.jpg\" alt=\"\" width=\"300\" height=\"225\" srcset=\"https:\/\/dadade.eu\/wp-content\/uploads\/2023\/07\/xKugel-Silvester-Schwein-2-300x225.jpg 300w, https:\/\/dadade.eu\/wp-content\/uploads\/2023\/07\/xKugel-Silvester-Schwein-2-600x450.jpg 600w, https:\/\/dadade.eu\/wp-content\/uploads\/2023\/07\/xKugel-Silvester-Schwein-2-64x48.jpg 64w, https:\/\/dadade.eu\/wp-content\/uploads\/2023\/07\/xKugel-Silvester-Schwein-2-1024x768.jpg 1024w, https:\/\/dadade.eu\/wp-content\/uploads\/2023\/07\/xKugel-Silvester-Schwein-2-768x576.jpg 768w, https:\/\/dadade.eu\/wp-content\/uploads\/2023\/07\/xKugel-Silvester-Schwein-2.jpg 1400w\" sizes=\"(max-width: 300px) 100vw, 300px\" \/>das Schwein ist auch eine tolle Kinderzimmer-Lampe<\/p>\n<p><img decoding=\"async\" class=\"alignnone size-medium wp-image-17576\" src=\"https:\/\/dadade.eu\/wp-content\/uploads\/2023\/07\/xKugeln-Schwein-2-300x225.jpg\" alt=\"\" width=\"300\" height=\"225\" srcset=\"https:\/\/dadade.eu\/wp-content\/uploads\/2023\/07\/xKugeln-Schwein-2-300x225.jpg 300w, https:\/\/dadade.eu\/wp-content\/uploads\/2023\/07\/xKugeln-Schwein-2-600x450.jpg 600w, https:\/\/dadade.eu\/wp-content\/uploads\/2023\/07\/xKugeln-Schwein-2-64x48.jpg 64w, https:\/\/dadade.eu\/wp-content\/uploads\/2023\/07\/xKugeln-Schwein-2-1024x768.jpg 1024w, https:\/\/dadade.eu\/wp-content\/uploads\/2023\/07\/xKugeln-Schwein-2-768x576.jpg 768w, https:\/\/dadade.eu\/wp-content\/uploads\/2023\/07\/xKugeln-Schwein-2.jpg 1400w\" sizes=\"(max-width: 300px) 100vw, 300px\" \/><strong><a href=\"https:\/\/dadade.eu\/?product=lampe-schwein-nicht-nur-fuers-kinderzimmer-led-lampe-l050\">es gibt noch eine Schwein-Lampe mit 2 Kugeln<\/a><\/strong><\/p>\n<p>Die Anleitung ist ausf\u00fchrlich mit vielen Bildern hinterlegt<\/p>\n<p>und wird auf 23 Seiten Schritt-f\u00fcr-Schritt beschrieben!<\/p>\n<p>zus\u00e4tzlich geh\u00f6rt noch eine Anleitung f\u00fcr das Zusammenbauen der LED-Kugel dazu.<\/p>\n<p>MEHR VARIANTEN UND IDEEN von flei\u00dfigen Helfer und H\u00e4nden?<\/p>\n<p><a href=\"https:\/\/dadade.eu\/?p=11002\"><b>Klicke hier<\/b><\/a><\/p>\n<p>&nbsp;<\/p>\n<p>&nbsp;<\/p>\n<p>&nbsp;<\/p>\n","protected":false},"excerpt":{"rendered":"<div id=\"cc-m-13954443088\">\n<p>Hier kauft man die H\u00e4kelanleitung f\u00fcr das Schwein mit LED-Licht und dem Schonsteinfeger mit Leiter,<br \/>\nHier hast du nicht nur eine originelle Dekoration zu Silvester, das Schwein f\u00fchlt sich auch in einem Kinderzimmer das ganze Jahr \u00fcber wohl.<br \/>\nOder du suchst ein Geschenk, oder Mitbringsel f\u00fcr die Silvester-Party oder dein Neujahrs-Besuch.<br \/>\nDer Schornsteinfeger alleine ist als Tischdekoration auch immer ein Hingucker,<br \/>\noder f\u00fcr jeden Gast, als kleines Geschenk zum Mitnehmen.<\/p>\n<p>Die Anleitung ist recht einfach gehalten und dadurch auch schon f\u00fcr Anf\u00e4nger geeignet.<\/p>\n<p>Mit Glitzer-Wolle der Nadelst\u00e4rke 3 wird das Schwein ungef\u00e4hr ; Ca 20cm hoch<br \/>\nUnd der Schornsteinfeger 16cm hoch, mit Zylinder<\/p>\n<p>Die Kugel im Bauch des Schweins\u00a0 ist geschlossen, man kann sie nicht \u00f6ffnen.<\/p>\n<\/div>\n","protected":false},"featured_media":17563,"template":"","meta":[],"product_brand":[],"product_cat":[56,48,790,386,792],"product_tag":[684,90,295,1125,1126,1362,233,242,182,694,87,1360,557,94,93,92,234,244,1310,294,1361,646,136,422,135,292,683,302,183,95,96,1359],"class_list":{"0":"post-17560","1":"product","2":"type-product","3":"status-publish","4":"has-post-thumbnail","6":"product_cat-2einfach","7":"product_cat-haus-deko","8":"product_cat-deko-ideen-mit-licht","9":"product_cat-silvester","10":"product_cat-weihnachten","11":"product_tag-advent","12":"product_tag-amigurumi","13":"product_tag-anleitung","14":"product_tag-beleuchtet","15":"product_tag-beleuchtung","16":"product_tag-beleuchtung-haekeln","17":"product_tag-dekoration","18":"product_tag-dekoration-haekeln","19":"product_tag-fein","20":"product_tag-feste","21":"product_tag-geschenk","22":"product_tag-glueck","23":"product_tag-gluecksbringer","24":"product_tag-haekelanleitung","25":"product_tag-haekeln","26":"product_tag-kinder","27":"product_tag-kinderzimmer","28":"product_tag-kuschelwolle-haekeln","29":"product_tag-led-lichterkette","30":"product_tag-mitbringsel","31":"product_tag-prost","32":"product_tag-sau","33":"product_tag-schornsteinfeger","34":"product_tag-schwein","35":"product_tag-silvester","36":"product_tag-tischdekoration","37":"product_tag-weihnachten","38":"product_tag-winter","39":"product_tag-witzig","40":"product_tag-wolle","41":"product_tag-wollreste","42":"product_tag-zylinder","44":"first","45":"instock","46":"downloadable","47":"shipping-taxable","48":"purchasable","49":"product-type-simple"},"_links":{"self":[{"href":"https:\/\/dadade.eu\/index.php?rest_route=\/wp\/v2\/product\/17560","targetHints":{"allow":["GET"]}}],"collection":[{"href":"https:\/\/dadade.eu\/index.php?rest_route=\/wp\/v2\/product"}],"about":[{"href":"https:\/\/dadade.eu\/index.php?rest_route=\/wp\/v2\/types\/product"}],"wp:featuredmedia":[{"embeddable":true,"href":"https:\/\/dadade.eu\/index.php?rest_route=\/wp\/v2\/media\/17563"}],"wp:attachment":[{"href":"https:\/\/dadade.eu\/index.php?rest_route=%2Fwp%2Fv2%2Fmedia&parent=17560"}],"wp:term":[{"taxonomy":"product_brand","embeddable":true,"href":"https:\/\/dadade.eu\/index.php?rest_route=%2Fwp%2Fv2%2Fproduct_brand&post=17560"},{"taxonomy":"product_cat","embeddable":true,"href":"https:\/\/dadade.eu\/index.php?rest_route=%2Fwp%2Fv2%2Fproduct_cat&post=17560"},{"taxonomy":"product_tag","embeddable":true,"href":"https:\/\/dadade.eu\/index.php?rest_route=%2Fwp%2Fv2%2Fproduct_tag&post=17560"}],"curies":[{"name":"wp","href":"https:\/\/api.w.org\/{rel}","templated":true}]}}