{"id":16934,"date":"2018-11-20T20:06:51","date_gmt":"2018-11-20T19:06:51","guid":{"rendered":"https:\/\/dadade.eu\/?post_type=product&#038;p=16934"},"modified":"2023-07-23T17:15:08","modified_gmt":"2023-07-23T15:15:08","slug":"der-weihnachts-elf-mit-kugel-bauch-die-led-dekoration-h508","status":"publish","type":"product","link":"https:\/\/dadade.eu\/?product=der-weihnachts-elf-mit-kugel-bauch-die-led-dekoration-h508","title":{"rendered":"Weihnachts-Elf mit Kugel-Bauch, Lampe &#038; LED-Dekoration (L218)"},"content":{"rendered":"<p>&nbsp;<\/p>\n<p><img fetchpriority=\"high\" decoding=\"async\" class=\"alignnone size-medium wp-image-16948\" src=\"https:\/\/dadade.eu\/wp-content\/uploads\/2023\/07\/xKugel-Wichtel-Rentier-2-300x225.jpg\" alt=\"\" width=\"300\" height=\"225\" srcset=\"https:\/\/dadade.eu\/wp-content\/uploads\/2023\/07\/xKugel-Wichtel-Rentier-2-300x225.jpg 300w, https:\/\/dadade.eu\/wp-content\/uploads\/2023\/07\/xKugel-Wichtel-Rentier-2-600x450.jpg 600w, https:\/\/dadade.eu\/wp-content\/uploads\/2023\/07\/xKugel-Wichtel-Rentier-2-64x48.jpg 64w, https:\/\/dadade.eu\/wp-content\/uploads\/2023\/07\/xKugel-Wichtel-Rentier-2-1024x768.jpg 1024w, https:\/\/dadade.eu\/wp-content\/uploads\/2023\/07\/xKugel-Wichtel-Rentier-2-768x576.jpg 768w, https:\/\/dadade.eu\/wp-content\/uploads\/2023\/07\/xKugel-Wichtel-Rentier-2.jpg 1400w\" sizes=\"(max-width: 300px) 100vw, 300px\" \/>der Weihnachts-Elf hat einen Freund, <strong><a href=\"https:\/\/dadade.eu\/?product=rentier-mit-kugel-bauch-die-led-dekoration-h507\">das leuchtende Rentier<\/a><\/strong><\/p>\n<p>&nbsp;<\/p>\n<p>Die Anleitung ist ausf\u00fchrlich mit vielen Bildern hinterlegt und wird auf 21 Seiten Schritt-f\u00fcr-Schritt beschrieben!<\/p>\n<p>MEHR VARIANTEN UND IDEEN von flei\u00dfigen Helfer und H\u00e4nden?<\/p>\n<p><a href=\"https:\/\/dadade.eu\/?p=16797\"><b>Klicke hier<\/b><\/a><\/p>\n<p>&nbsp;<\/p>\n<p>&nbsp;<\/p>\n<p>&nbsp;<\/p>\n","protected":false},"excerpt":{"rendered":"<div id=\"cc-m-13954443088\">\n<p>Hier kauft man die H\u00e4kelanleitung f\u00fcr diesen s\u00fc\u00dfen, beleuchteten Weihnachts-Elf,<\/p>\n<p>ob als einfache Kugel, oder als Elf, mit Armen und Bein, mit dieser Anleitung hat man viele Geschenk-Ideen und ein vielseitige Dekoration<\/p>\n<p>mit LED-Lichter der Hingucker und das nicht nur f\u00fcr Weihnachten.<\/p>\n<p>der Weihnachts-Elf ist ein verschmitztes Kerlchen mit nur Unsinn im Kopf, der Elf ist aufgeh\u00e4ngt oder hingestellt, eine sch\u00f6ne Dekoration<\/p>\n<p>wer es schlichter mag, h\u00e4ngt sich nur die Kugel alleine auf<\/p>\n<p>Die Kugel im Bauch des Elfen ist geschlossen, man kann sie nicht \u00f6ffnen. aber man kann einen Geschenkesack dazu h\u00e4keln, und somit ist er auch als Geschenkverpackung ein Hingucker.<\/p>\n<p><img decoding=\"async\" class=\"alignnone wp-image-17079\" src=\"https:\/\/dadade.eu\/wp-content\/uploads\/2023\/07\/xKugel-Wichtel-5-300x225.jpg\" alt=\"\" width=\"180\" height=\"135\" srcset=\"https:\/\/dadade.eu\/wp-content\/uploads\/2023\/07\/xKugel-Wichtel-5-300x225.jpg 300w, https:\/\/dadade.eu\/wp-content\/uploads\/2023\/07\/xKugel-Wichtel-5-600x450.jpg 600w, https:\/\/dadade.eu\/wp-content\/uploads\/2023\/07\/xKugel-Wichtel-5-64x48.jpg 64w, https:\/\/dadade.eu\/wp-content\/uploads\/2023\/07\/xKugel-Wichtel-5-1024x768.jpg 1024w, https:\/\/dadade.eu\/wp-content\/uploads\/2023\/07\/xKugel-Wichtel-5-768x576.jpg 768w, https:\/\/dadade.eu\/wp-content\/uploads\/2023\/07\/xKugel-Wichtel-5.jpg 1400w\" sizes=\"(max-width: 180px) 100vw, 180px\" \/>Bei diesem <strong><a href=\"https:\/\/dadade.eu\/?product=weihnachts-elf-oder-wichtel-led-lampe-und-geschenkverpackung-l007\">Weihnachts-Elf (L207)<\/a><\/strong> ist die Kugel offen, extra um ein Geschenk hinein zu legen.<\/p>\n<p>Mit Glitzerwolle der Nadelst\u00e4rke 3 wird die Kugel ungef\u00e4hr ; 14cm, ohne Wichtel,<\/p>\n<\/div>\n<div id=\"cc-m-13954443188\" class=\"j-module n j-text \">\n<p>&nbsp;<\/p>\n<p>&nbsp;<\/p>\n<p>&nbsp;<\/p>\n<\/div>\n","protected":false},"featured_media":16935,"template":"","meta":[],"product_brand":[],"product_cat":[56,48,790,70,792,384],"product_tag":[684,90,295,1125,1305,1322,1318,1126,233,242,1197,182,694,87,1319,94,93,92,1320,1303,1310,294,681,683,1321,1198,1317,165,302,183,95,96],"class_list":{"0":"post-16934","1":"product","2":"type-product","3":"status-publish","4":"has-post-thumbnail","6":"product_cat-2einfach","7":"product_cat-haus-deko","8":"product_cat-deko-ideen-mit-licht","9":"product_cat-maxi","10":"product_cat-weihnachten","11":"product_cat-winter-weihnachten","12":"product_tag-advent","13":"product_tag-amigurumi","14":"product_tag-anleitung","15":"product_tag-beleuchtet","16":"product_tag-beleuchtete-kugel","17":"product_tag-beleuchtete-weihnachtsdekoration","18":"product_tag-beleuchteter-wichtel","19":"product_tag-beleuchtung","20":"product_tag-dekoration","21":"product_tag-dekoration-haekeln","22":"product_tag-elf","23":"product_tag-fein","24":"product_tag-feste","25":"product_tag-geschenk","26":"product_tag-glitzerwolle","27":"product_tag-haekelanleitung","28":"product_tag-haekeln","29":"product_tag-kinder","30":"product_tag-kugel","31":"product_tag-led-kugel","32":"product_tag-led-lichterkette","33":"product_tag-mitbringsel","34":"product_tag-ueberraschung","35":"product_tag-weihnachten","36":"product_tag-weihnachts-wichtel-mit-licht","37":"product_tag-weihnachtself","38":"product_tag-weihnachtswichtel","39":"product_tag-wichtel","40":"product_tag-winter","41":"product_tag-witzig","42":"product_tag-wolle","43":"product_tag-wollreste","45":"first","46":"instock","47":"downloadable","48":"shipping-taxable","49":"purchasable","50":"product-type-simple"},"_links":{"self":[{"href":"https:\/\/dadade.eu\/index.php?rest_route=\/wp\/v2\/product\/16934","targetHints":{"allow":["GET"]}}],"collection":[{"href":"https:\/\/dadade.eu\/index.php?rest_route=\/wp\/v2\/product"}],"about":[{"href":"https:\/\/dadade.eu\/index.php?rest_route=\/wp\/v2\/types\/product"}],"wp:featuredmedia":[{"embeddable":true,"href":"https:\/\/dadade.eu\/index.php?rest_route=\/wp\/v2\/media\/16935"}],"wp:attachment":[{"href":"https:\/\/dadade.eu\/index.php?rest_route=%2Fwp%2Fv2%2Fmedia&parent=16934"}],"wp:term":[{"taxonomy":"product_brand","embeddable":true,"href":"https:\/\/dadade.eu\/index.php?rest_route=%2Fwp%2Fv2%2Fproduct_brand&post=16934"},{"taxonomy":"product_cat","embeddable":true,"href":"https:\/\/dadade.eu\/index.php?rest_route=%2Fwp%2Fv2%2Fproduct_cat&post=16934"},{"taxonomy":"product_tag","embeddable":true,"href":"https:\/\/dadade.eu\/index.php?rest_route=%2Fwp%2Fv2%2Fproduct_tag&post=16934"}],"curies":[{"name":"wp","href":"https:\/\/api.w.org\/{rel}","templated":true}]}}