{"id":16808,"date":"2020-12-01T08:38:20","date_gmt":"2020-12-01T07:38:20","guid":{"rendered":"https:\/\/dadade.eu\/?post_type=product&#038;p=16808"},"modified":"2025-02-24T14:39:23","modified_gmt":"2025-02-24T13:39:23","slug":"kuschelige-tannenbaeumchen-tanndeus-grinchi-h502","status":"publish","type":"product","link":"https:\/\/dadade.eu\/?product=kuschelige-tannenbaeumchen-tanndeus-grinchi-h502","title":{"rendered":"kuschelige Tannenb\u00e4umchen Tanndeus &#038; Grinchi (H502)"},"content":{"rendered":"<p><img fetchpriority=\"high\" decoding=\"async\" class=\"alignnone size-medium wp-image-16819\" src=\"https:\/\/dadade.eu\/wp-content\/uploads\/2023\/07\/xTanne-Grinchi-3b-300x225.jpg\" alt=\"\" width=\"300\" height=\"225\" srcset=\"https:\/\/dadade.eu\/wp-content\/uploads\/2023\/07\/xTanne-Grinchi-3b-300x225.jpg 300w, https:\/\/dadade.eu\/wp-content\/uploads\/2023\/07\/xTanne-Grinchi-3b-600x450.jpg 600w, https:\/\/dadade.eu\/wp-content\/uploads\/2023\/07\/xTanne-Grinchi-3b-64x48.jpg 64w, https:\/\/dadade.eu\/wp-content\/uploads\/2023\/07\/xTanne-Grinchi-3b-1024x768.jpg 1024w, https:\/\/dadade.eu\/wp-content\/uploads\/2023\/07\/xTanne-Grinchi-3b-768x576.jpg 768w, https:\/\/dadade.eu\/wp-content\/uploads\/2023\/07\/xTanne-Grinchi-3b.jpg 1400w\" sizes=\"(max-width: 300px) 100vw, 300px\" \/>mit Chenillewolle werden die B\u00e4umchen, er wird ca 40cm hoch<\/p>\n<p><img decoding=\"async\" class=\"alignnone size-medium wp-image-16824\" src=\"https:\/\/dadade.eu\/wp-content\/uploads\/2023\/07\/xTanne-Tanndeus-3b-300x225.jpg\" alt=\"\" width=\"300\" height=\"225\" srcset=\"https:\/\/dadade.eu\/wp-content\/uploads\/2023\/07\/xTanne-Tanndeus-3b-300x225.jpg 300w, https:\/\/dadade.eu\/wp-content\/uploads\/2023\/07\/xTanne-Tanndeus-3b-600x450.jpg 600w, https:\/\/dadade.eu\/wp-content\/uploads\/2023\/07\/xTanne-Tanndeus-3b-64x48.jpg 64w, https:\/\/dadade.eu\/wp-content\/uploads\/2023\/07\/xTanne-Tanndeus-3b-1024x768.jpg 1024w, https:\/\/dadade.eu\/wp-content\/uploads\/2023\/07\/xTanne-Tanndeus-3b-768x576.jpg 768w, https:\/\/dadade.eu\/wp-content\/uploads\/2023\/07\/xTanne-Tanndeus-3b.jpg 1400w\" sizes=\"(max-width: 300px) 100vw, 300px\" \/><\/p>\n<p>Die Anleitung ist ausf\u00fchrlich mit vielen Bildern hinterlegt und wird auf 23 Seiten Schritt-f\u00fcr-Schritt beschrieben!<\/p>\n<p>&nbsp;<\/p>\n<p>MEHR VARIANTEN UND IDEEN von flei\u00dfigen Helfer und H\u00e4nden?<\/p>\n<p><a href=\"https:\/\/dadade.eu\/?p=20849\"><b>Klicke hier<\/b><\/a><\/p>\n<p>&nbsp;<\/p>\n<p>&nbsp;<\/p>\n<p>&nbsp;<\/p>\n","protected":false},"excerpt":{"rendered":"<div id=\"cc-m-13954443088\">\n<p>Hier kauft man die H\u00e4kelanleitung f\u00fcr diese kuschelige B\u00e4umchen, mit 2 verschiedenen M\u00fctzen und Schuhen.<\/p>\n<p>Warum nicht mal ein s\u00fc\u00dfes B\u00e4umchen zum Kuscheln,<\/p>\n<p>Diese s\u00fc\u00dfe B\u00e4umchen, sind zum Spielen oder als Dekoration ein Hit<\/p>\n<p>Lass deiner Fantasie freien Lauf, und dekorier die B\u00e4umchen wie du willst<\/p>\n<p>&nbsp;<\/p>\n<p>Mit Wolle der Nadelst\u00e4rke 4 werden die B\u00e4umchen ungef\u00e4hr; 40cm hoch<\/p>\n<\/div>\n<div id=\"cc-m-13954443188\" class=\"j-module n j-text \">\n<p>&nbsp;<\/p>\n<p>&nbsp;<\/p>\n<\/div>\n","protected":false},"featured_media":16813,"template":"","meta":[],"product_brand":[],"product_cat":[56,48,70,384],"product_tag":[684,90,1308,1307,242,87,94,93,92,245,180,88,243,244,1282,392,1196,1194,683,95,96],"class_list":{"0":"post-16808","1":"product","2":"type-product","3":"status-publish","4":"has-post-thumbnail","6":"product_cat-2einfach","7":"product_cat-haus-deko","8":"product_cat-maxi","9":"product_cat-winter-weihnachten","10":"product_tag-advent","11":"product_tag-amigurumi","12":"product_tag-baum","13":"product_tag-baum-haekeln","14":"product_tag-dekoration-haekeln","15":"product_tag-geschenk","16":"product_tag-haekelanleitung","17":"product_tag-haekeln","18":"product_tag-kinder","19":"product_tag-kuschelige-haekeltiere","20":"product_tag-kuscheltier","21":"product_tag-kuscheltier-haekeln","22":"product_tag-kuschelwolle","23":"product_tag-kuschelwolle-haekeln","24":"product_tag-nikolaus","25":"product_tag-plueschtier-haekeln","26":"product_tag-tannenbaum","27":"product_tag-tannenbaum-haekeln","28":"product_tag-weihnachten","29":"product_tag-wolle","30":"product_tag-wollreste","32":"first","33":"instock","34":"downloadable","35":"shipping-taxable","36":"purchasable","37":"product-type-simple"},"_links":{"self":[{"href":"https:\/\/dadade.eu\/index.php?rest_route=\/wp\/v2\/product\/16808","targetHints":{"allow":["GET"]}}],"collection":[{"href":"https:\/\/dadade.eu\/index.php?rest_route=\/wp\/v2\/product"}],"about":[{"href":"https:\/\/dadade.eu\/index.php?rest_route=\/wp\/v2\/types\/product"}],"wp:featuredmedia":[{"embeddable":true,"href":"https:\/\/dadade.eu\/index.php?rest_route=\/wp\/v2\/media\/16813"}],"wp:attachment":[{"href":"https:\/\/dadade.eu\/index.php?rest_route=%2Fwp%2Fv2%2Fmedia&parent=16808"}],"wp:term":[{"taxonomy":"product_brand","embeddable":true,"href":"https:\/\/dadade.eu\/index.php?rest_route=%2Fwp%2Fv2%2Fproduct_brand&post=16808"},{"taxonomy":"product_cat","embeddable":true,"href":"https:\/\/dadade.eu\/index.php?rest_route=%2Fwp%2Fv2%2Fproduct_cat&post=16808"},{"taxonomy":"product_tag","embeddable":true,"href":"https:\/\/dadade.eu\/index.php?rest_route=%2Fwp%2Fv2%2Fproduct_tag&post=16808"}],"curies":[{"name":"wp","href":"https:\/\/api.w.org\/{rel}","templated":true}]}}