{"id":16670,"date":"2020-11-19T18:03:10","date_gmt":"2020-11-19T17:03:10","guid":{"rendered":"https:\/\/dadade.eu\/?post_type=product&#038;p=16670"},"modified":"2023-12-01T00:02:37","modified_gmt":"2023-11-30T23:02:37","slug":"advents-kranz-mit-maus-baer-rentier-pinguin-h094","status":"publish","type":"product","link":"https:\/\/dadade.eu\/?product=advents-kranz-mit-maus-baer-rentier-pinguin-h094","title":{"rendered":"Advents-Kranz mit Maus, B\u00e4r, Rentier &#038; Pinguin (H094)"},"content":{"rendered":"<p>die 4 kleinen Tierchen haben die richtige Gr\u00f6\u00dfe f\u00fcr kleine Kinderh\u00e4nde zum spielen, ob mit oder ohne Weihnachtsoutfit<\/p>\n<p><img fetchpriority=\"high\" decoding=\"async\" class=\"alignnone size-medium wp-image-16694\" src=\"https:\/\/dadade.eu\/wp-content\/uploads\/2023\/07\/xAdventskranz-Tiere-13-300x225.jpg\" alt=\"\" width=\"300\" height=\"225\" srcset=\"https:\/\/dadade.eu\/wp-content\/uploads\/2023\/07\/xAdventskranz-Tiere-13-300x225.jpg 300w, https:\/\/dadade.eu\/wp-content\/uploads\/2023\/07\/xAdventskranz-Tiere-13-600x450.jpg 600w, https:\/\/dadade.eu\/wp-content\/uploads\/2023\/07\/xAdventskranz-Tiere-13-64x48.jpg 64w, https:\/\/dadade.eu\/wp-content\/uploads\/2023\/07\/xAdventskranz-Tiere-13-1024x768.jpg 1024w, https:\/\/dadade.eu\/wp-content\/uploads\/2023\/07\/xAdventskranz-Tiere-13-768x576.jpg 768w, https:\/\/dadade.eu\/wp-content\/uploads\/2023\/07\/xAdventskranz-Tiere-13.jpg 1400w\" sizes=\"(max-width: 300px) 100vw, 300px\" \/>die Maus<\/p>\n<p><img decoding=\"async\" class=\"alignnone size-medium wp-image-16696\" src=\"https:\/\/dadade.eu\/wp-content\/uploads\/2023\/07\/xAdventskranz-Tiere-23-300x225.jpg\" alt=\"\" width=\"300\" height=\"225\" srcset=\"https:\/\/dadade.eu\/wp-content\/uploads\/2023\/07\/xAdventskranz-Tiere-23-300x225.jpg 300w, https:\/\/dadade.eu\/wp-content\/uploads\/2023\/07\/xAdventskranz-Tiere-23-600x450.jpg 600w, https:\/\/dadade.eu\/wp-content\/uploads\/2023\/07\/xAdventskranz-Tiere-23-64x48.jpg 64w, https:\/\/dadade.eu\/wp-content\/uploads\/2023\/07\/xAdventskranz-Tiere-23-1024x768.jpg 1024w, https:\/\/dadade.eu\/wp-content\/uploads\/2023\/07\/xAdventskranz-Tiere-23-768x576.jpg 768w, https:\/\/dadade.eu\/wp-content\/uploads\/2023\/07\/xAdventskranz-Tiere-23.jpg 1400w\" sizes=\"(max-width: 300px) 100vw, 300px\" \/>der B\u00e4r<\/p>\n<p><img decoding=\"async\" class=\"alignnone size-medium wp-image-16698\" src=\"https:\/\/dadade.eu\/wp-content\/uploads\/2023\/07\/xAdventskranz-Tiere-33-300x225.jpg\" alt=\"\" width=\"300\" height=\"225\" srcset=\"https:\/\/dadade.eu\/wp-content\/uploads\/2023\/07\/xAdventskranz-Tiere-33-300x225.jpg 300w, https:\/\/dadade.eu\/wp-content\/uploads\/2023\/07\/xAdventskranz-Tiere-33-600x450.jpg 600w, https:\/\/dadade.eu\/wp-content\/uploads\/2023\/07\/xAdventskranz-Tiere-33-64x48.jpg 64w, https:\/\/dadade.eu\/wp-content\/uploads\/2023\/07\/xAdventskranz-Tiere-33-1024x768.jpg 1024w, https:\/\/dadade.eu\/wp-content\/uploads\/2023\/07\/xAdventskranz-Tiere-33-768x576.jpg 768w, https:\/\/dadade.eu\/wp-content\/uploads\/2023\/07\/xAdventskranz-Tiere-33.jpg 1400w\" sizes=\"(max-width: 300px) 100vw, 300px\" \/> das Rentier<\/p>\n<p><img loading=\"lazy\" decoding=\"async\" class=\"alignnone size-medium wp-image-16700\" src=\"https:\/\/dadade.eu\/wp-content\/uploads\/2023\/07\/xAdventskranz-Tiere-43-300x225.jpg\" alt=\"\" width=\"300\" height=\"225\" srcset=\"https:\/\/dadade.eu\/wp-content\/uploads\/2023\/07\/xAdventskranz-Tiere-43-300x225.jpg 300w, https:\/\/dadade.eu\/wp-content\/uploads\/2023\/07\/xAdventskranz-Tiere-43-600x450.jpg 600w, https:\/\/dadade.eu\/wp-content\/uploads\/2023\/07\/xAdventskranz-Tiere-43-64x48.jpg 64w, https:\/\/dadade.eu\/wp-content\/uploads\/2023\/07\/xAdventskranz-Tiere-43-1024x768.jpg 1024w, https:\/\/dadade.eu\/wp-content\/uploads\/2023\/07\/xAdventskranz-Tiere-43-768x576.jpg 768w, https:\/\/dadade.eu\/wp-content\/uploads\/2023\/07\/xAdventskranz-Tiere-43.jpg 1400w\" sizes=\"(max-width: 300px) 100vw, 300px\" \/>der Pinguin, <strong><a href=\"https:\/\/dadade.eu\/wp-admin\/post.php?post=16070&amp;action=elementor\">die 4 k\u00f6nnen sich auch im kleinen Kranz sehen lassen<\/a><\/strong><\/p>\n<p><img loading=\"lazy\" decoding=\"async\" class=\"alignnone size-medium wp-image-8324\" src=\"https:\/\/dadade.eu\/wp-content\/uploads\/2020\/12\/xAdventskranz2-300x225.jpg\" alt=\"\" width=\"300\" height=\"225\" srcset=\"https:\/\/dadade.eu\/wp-content\/uploads\/2020\/12\/xAdventskranz2-300x225.jpg 300w, https:\/\/dadade.eu\/wp-content\/uploads\/2020\/12\/xAdventskranz2-600x450.jpg 600w, https:\/\/dadade.eu\/wp-content\/uploads\/2020\/12\/xAdventskranz2-64x48.jpg 64w, https:\/\/dadade.eu\/wp-content\/uploads\/2020\/12\/xAdventskranz2-1024x768.jpg 1024w, https:\/\/dadade.eu\/wp-content\/uploads\/2020\/12\/xAdventskranz2-768x576.jpg 768w, https:\/\/dadade.eu\/wp-content\/uploads\/2020\/12\/xAdventskranz2.jpg 1400w\" sizes=\"(max-width: 300px) 100vw, 300px\" \/>hier ist es der\u00a0 <strong><a href=\"https:\/\/dadade.eu\/?product=grosser-tannen-kranz-h002\">gro\u00dfe Tannen-Kranz, den gibt es hier auch einzeln<\/a><\/strong><\/p>\n<p>Die Anleitung ist jedoch ausf\u00fchrlich mit vielen Bildern hinterlegt und wird auf 7 (Kranz) und 28\u00a0 (Tiere) Seiten Schritt-f\u00fcr-Schritt beschrieben!<\/p>\n<p>Mit dem Kauf erh\u00e4lt man eine leicht verst\u00e4ndliche H\u00e4kelanleitung im praktischen PDF-Format.<\/p>\n<p>Die Anleitung ist auch schon f\u00fcr Anf\u00e4nger geeignet.<\/p>\n<p>&nbsp;<\/p>\n<p>viele Bilder und Ideen f\u00fcr <strong>Weihnachtskr\u00e4nze<\/strong> von flei\u00dfigen Helfer und H\u00e4nden findet ihr hier<\/p>\n<p><strong><a href=\"https:\/\/dadade.eu\/?p=15173\">KLICKE HIER<\/a><\/strong><\/p>\n<p>&nbsp;<\/p>\n<p>&nbsp;<\/p>\n<p>&nbsp;<\/p>\n","protected":false},"excerpt":{"rendered":"<div id=\"cc-m-13954443088\" class=\"j-module n j-text \">\n<p>Hier kauft man nur die H\u00e4kelanleitung f\u00fcr diesen tollen Kranz, sowie den 4 Tieren. Ein Adventskranz mal ganz anderst<\/p>\n<p>Maus, B\u00e4r, Rentier und Pinguin haben dem Nikolaus die Kleider gemopst und unter sich aufgeteilt.<\/p>\n<p><strong>Variante1 <\/strong>Der Kranz ist ein au\u00dfergew\u00f6hnlicher Adventskranz, der die Zeit vor Weihnachten begleitet,<\/p>\n<p><strong>Variante2<\/strong> als Deko-Kranz mit nur 1 oder 2 Kerzen, f\u00fcr eine stimmungsvolle Zeit, auch noch\u00a0 \u00fcber die Weihnachten hinaus.<\/p>\n<p><strong>Variante3 <\/strong>als T\u00fcrkranz hei\u00dft er jeden Gast willkommen<\/p>\n<p>Das Sch\u00f6ne an dem Kranz ist, dass die Tiere nach Weihnachten, wenn der Kranz abgebaut wird, den Kindern als kleines Kuscheltier den Tag vers\u00fc\u00dfen.<\/p>\n<p>Lass deiner Fantasie freien Lauf, und dekorier den Kranz nach Lust und Laune.<\/p>\n<p>Mit Wolle der Nadelst\u00e4rke 4 wird der Kranz, von Spitze zu Spitze ungef\u00e4hr; 44cm<\/p>\n<p>Die Tiere werden zwischen; 8-14cm hoch<\/p>\n<p><strong><a href=\"https:\/\/dadade.eu\/?p=8021\">mehr Bilder findet ihr hier<\/a><\/strong>\u00a0mit noch vielen tolle Deko-Ideen<\/p>\n<p>Lass deiner Fantasie freien Lauf, und dekorier den Kranz nach Lust und Laune.<\/p>\n<p>&nbsp;<\/p>\n<\/div>\n","protected":false},"featured_media":16675,"template":"","meta":[],"product_brand":[],"product_cat":[56,48,382,70,384],"product_tag":[684,522,1301,90,120,121,242,87,94,93,234,257,256,180,243,244,181,632,633,629,630,195,431,1161,523,258,683,95,96],"class_list":{"0":"post-16670","1":"product","2":"type-product","3":"status-publish","4":"has-post-thumbnail","6":"product_cat-2einfach","7":"product_cat-haus-deko","8":"product_cat-kraenze","9":"product_cat-maxi","10":"product_cat-winter-weihnachten","11":"product_tag-advent","12":"product_tag-adventskranz","13":"product_tag-adventskranz-haekeln","14":"product_tag-amigurumi","15":"product_tag-baer","16":"product_tag-baer-haekeln","17":"product_tag-dekoration-haekeln","18":"product_tag-geschenk","19":"product_tag-haekelanleitung","20":"product_tag-haekeln","21":"product_tag-kinderzimmer","22":"product_tag-kranz","23":"product_tag-kranz-haekeln","24":"product_tag-kuscheltier","25":"product_tag-kuschelwolle","26":"product_tag-kuschelwolle-haekeln","27":"product_tag-lustig","28":"product_tag-maus","29":"product_tag-maus-haekeln","30":"product_tag-pinguin","31":"product_tag-pinguin-haekeln","32":"product_tag-praesent","33":"product_tag-rentier","34":"product_tag-rentier-haekeln","35":"product_tag-tischdeko","36":"product_tag-tuerkranz-haekeln","37":"product_tag-weihnachten","38":"product_tag-wolle","39":"product_tag-wollreste","41":"first","42":"instock","43":"downloadable","44":"shipping-taxable","45":"purchasable","46":"product-type-simple"},"_links":{"self":[{"href":"https:\/\/dadade.eu\/index.php?rest_route=\/wp\/v2\/product\/16670","targetHints":{"allow":["GET"]}}],"collection":[{"href":"https:\/\/dadade.eu\/index.php?rest_route=\/wp\/v2\/product"}],"about":[{"href":"https:\/\/dadade.eu\/index.php?rest_route=\/wp\/v2\/types\/product"}],"wp:featuredmedia":[{"embeddable":true,"href":"https:\/\/dadade.eu\/index.php?rest_route=\/wp\/v2\/media\/16675"}],"wp:attachment":[{"href":"https:\/\/dadade.eu\/index.php?rest_route=%2Fwp%2Fv2%2Fmedia&parent=16670"}],"wp:term":[{"taxonomy":"product_brand","embeddable":true,"href":"https:\/\/dadade.eu\/index.php?rest_route=%2Fwp%2Fv2%2Fproduct_brand&post=16670"},{"taxonomy":"product_cat","embeddable":true,"href":"https:\/\/dadade.eu\/index.php?rest_route=%2Fwp%2Fv2%2Fproduct_cat&post=16670"},{"taxonomy":"product_tag","embeddable":true,"href":"https:\/\/dadade.eu\/index.php?rest_route=%2Fwp%2Fv2%2Fproduct_tag&post=16670"}],"curies":[{"name":"wp","href":"https:\/\/api.w.org\/{rel}","templated":true}]}}