{"id":16302,"date":"2019-01-15T21:24:33","date_gmt":"2019-01-15T20:24:33","guid":{"rendered":"https:\/\/dadade.eu\/?post_type=product&#038;p=16302"},"modified":"2023-07-18T16:37:10","modified_gmt":"2023-07-18T14:37:10","slug":"geschenk-verpackung-adventskalender-fische-g202","status":"publish","type":"product","link":"https:\/\/dadade.eu\/?product=geschenk-verpackung-adventskalender-fische-g202","title":{"rendered":"Geschenk-Verpackung, Adventskalender Fische (G202)"},"content":{"rendered":"<p><img fetchpriority=\"high\" decoding=\"async\" class=\"alignnone size-medium wp-image-16304\" src=\"https:\/\/dadade.eu\/wp-content\/uploads\/2023\/07\/xGeschenkverpackung-Fisch--300x225.jpg\" alt=\"\" width=\"300\" height=\"225\" srcset=\"https:\/\/dadade.eu\/wp-content\/uploads\/2023\/07\/xGeschenkverpackung-Fisch--300x225.jpg 300w, https:\/\/dadade.eu\/wp-content\/uploads\/2023\/07\/xGeschenkverpackung-Fisch--600x450.jpg 600w, https:\/\/dadade.eu\/wp-content\/uploads\/2023\/07\/xGeschenkverpackung-Fisch--64x48.jpg 64w, https:\/\/dadade.eu\/wp-content\/uploads\/2023\/07\/xGeschenkverpackung-Fisch--1024x768.jpg 1024w, https:\/\/dadade.eu\/wp-content\/uploads\/2023\/07\/xGeschenkverpackung-Fisch--768x576.jpg 768w, https:\/\/dadade.eu\/wp-content\/uploads\/2023\/07\/xGeschenkverpackung-Fisch-.jpg 1400w\" sizes=\"(max-width: 300px) 100vw, 300px\" \/>ein Fisch auf dem Riff,<\/p>\n<p><img decoding=\"async\" class=\"alignnone size-medium wp-image-16303\" src=\"https:\/\/dadade.eu\/wp-content\/uploads\/2023\/07\/xGeschenkTasche-Sternzeichen-Fische-2-300x225.jpg\" alt=\"\" width=\"300\" height=\"225\" srcset=\"https:\/\/dadade.eu\/wp-content\/uploads\/2023\/07\/xGeschenkTasche-Sternzeichen-Fische-2-300x225.jpg 300w, https:\/\/dadade.eu\/wp-content\/uploads\/2023\/07\/xGeschenkTasche-Sternzeichen-Fische-2-600x450.jpg 600w, https:\/\/dadade.eu\/wp-content\/uploads\/2023\/07\/xGeschenkTasche-Sternzeichen-Fische-2-64x48.jpg 64w, https:\/\/dadade.eu\/wp-content\/uploads\/2023\/07\/xGeschenkTasche-Sternzeichen-Fische-2-1024x768.jpg 1024w, https:\/\/dadade.eu\/wp-content\/uploads\/2023\/07\/xGeschenkTasche-Sternzeichen-Fische-2-768x576.jpg 768w, https:\/\/dadade.eu\/wp-content\/uploads\/2023\/07\/xGeschenkTasche-Sternzeichen-Fische-2.jpg 1400w\" sizes=\"(max-width: 300px) 100vw, 300px\" \/>oder 2Fische &#8211; als Sternzeichen -Fische<\/p>\n<p>Wie w\u00e4re es die Tierchen mal mit Chenillewolle zu h\u00e4keln?<\/p>\n<p>Die Anleitung ist ausf\u00fchrlich mit vielen Bildern hinterlegt und wird auf 27 Seiten Schritt-f\u00fcr-Schritt beschrieben!<\/p>\n<p><img decoding=\"async\" class=\"alignnone size-medium wp-image-15864\" src=\"https:\/\/dadade.eu\/wp-content\/uploads\/2016\/11\/Geschenkverpackung-30-Kopie-300x279.jpg\" sizes=\"(max-width: 300px) 100vw, 300px\" srcset=\"https:\/\/dadade.eu\/wp-content\/uploads\/2016\/11\/Geschenkverpackung-30-Kopie-300x279.jpg 300w, https:\/\/dadade.eu\/wp-content\/uploads\/2016\/11\/Geschenkverpackung-30-Kopie-1024x951.jpg 1024w, https:\/\/dadade.eu\/wp-content\/uploads\/2016\/11\/Geschenkverpackung-30-Kopie-768x713.jpg 768w, https:\/\/dadade.eu\/wp-content\/uploads\/2016\/11\/Geschenkverpackung-30-Kopie-1536x1427.jpg 1536w, https:\/\/dadade.eu\/wp-content\/uploads\/2016\/11\/Geschenkverpackung-30-Kopie-2048x1902.jpg 2048w, https:\/\/dadade.eu\/wp-content\/uploads\/2016\/11\/Geschenkverpackung-30-Kopie-600x557.jpg 600w, https:\/\/dadade.eu\/wp-content\/uploads\/2016\/11\/Geschenkverpackung-30-Kopie-64x59.jpg 64w\" alt=\"\" width=\"300\" height=\"279\" \/>die verschiedenen Geschenkverpackungen,<\/p>\n<p><a href=\"https:\/\/dadade.eu\/?p=9994\"><strong>VIELE TOLLE BILDER<\/strong>\u00a0von flei\u00dfigen Helfer und H\u00e4nden findet ihr hier<\/a><\/p>\n<p><img loading=\"lazy\" decoding=\"async\" class=\"alignnone size-medium wp-image-15865\" src=\"https:\/\/dadade.eu\/wp-content\/uploads\/2016\/11\/xAdventskalender-30-Tiere-300x239.jpg\" sizes=\"(max-width: 300px) 100vw, 300px\" srcset=\"https:\/\/dadade.eu\/wp-content\/uploads\/2016\/11\/xAdventskalender-30-Tiere-300x239.jpg 300w, https:\/\/dadade.eu\/wp-content\/uploads\/2016\/11\/xAdventskalender-30-Tiere-1024x817.jpg 1024w, https:\/\/dadade.eu\/wp-content\/uploads\/2016\/11\/xAdventskalender-30-Tiere-768x613.jpg 768w, https:\/\/dadade.eu\/wp-content\/uploads\/2016\/11\/xAdventskalender-30-Tiere-1536x1225.jpg 1536w, https:\/\/dadade.eu\/wp-content\/uploads\/2016\/11\/xAdventskalender-30-Tiere-2048x1634.jpg 2048w, https:\/\/dadade.eu\/wp-content\/uploads\/2016\/11\/xAdventskalender-30-Tiere-600x479.jpg 600w, https:\/\/dadade.eu\/wp-content\/uploads\/2016\/11\/xAdventskalender-30-Tiere-64x51.jpg 64w\" alt=\"\" width=\"300\" height=\"239\" \/>&amp; Adventskalender -Tierchen<\/p>\n<p><a href=\"https:\/\/dadade.eu\/?p=15923\"><strong>VIELE TOLLE BILDER<\/strong>\u00a0von flei\u00dfigen Helfer und H\u00e4nden findet ihr hier<\/a><\/p>\n<p>&nbsp;<\/p>\n<p>&nbsp;<\/p>\n","protected":false},"excerpt":{"rendered":"<div id=\"cc-m-13954443088\">\n<p>Hier kauft man die H\u00e4kelanleitung die Anleitung f\u00fcr diesen Fisch \u2013 in mehreren Varianten<\/p>\n<p>Nat\u00fcrlich auch mit Weihnachtsm\u00fctze,<\/p>\n<p>Du suchst eine originelle Geschenkverpackung,<\/p>\n<p>als\u00a0 Geldgeschenk-Verpackung, pers\u00f6nlicher kann man kein Geld verschenken<\/p>\n<p>im Bauch ist Platz f\u00fcr ein kleines Geschenk, ca in der Gr\u00f6\u00dfe eines \u00dc-Ei,<\/p>\n<ol>\n<li>der Fisch, f\u00fcr alle Freunde der Aquaristik<\/li>\n<li>oder 2 Fische, als das Sternzeichen Fische, f\u00fcr alle die von 20.02 bis 20.03, Geburtstag haben<\/li>\n<li>Oder als Kalender-Figuren, bzw. Geschenkverpackung f\u00fcr Weihnachten.<\/li>\n<\/ol>\n<p>Ob als Fisch oder Sternzeichen, diese Verpackung kommt immer gut an.<\/p>\n<p>Mit Wolle der Nadelst\u00e4rke 2 wird der Fisch ungef\u00e4hr ; 15cm hoch<\/p>\n<p>Beim Kauf ab 3 Geschenkverpackungen, im Warenkorb einfach den Gutschein-Code <span style=\"color: #ff0000;\"><strong>Geschenk <\/strong><\/span>eingeben und schon bekommt ihr 20% Mengenrabatt auf die Geschenkverpackungen.<\/p>\n<\/div>\n","protected":false},"featured_media":16313,"template":"","meta":[],"product_brand":[],"product_cat":[57,35,41],"product_tag":[684,685,90,295,1269,1272,89,233,242,694,1271,755,87,1268,688,686,692,298,687,94,93,680,1270,92,1274,1273,180,243,244,294,280,434,1263,1266,682,681,683,695,302,95,96],"class_list":{"0":"post-16302","1":"product","2":"type-product","3":"status-publish","4":"has-post-thumbnail","6":"product_cat-3mittel","7":"product_cat-amigurumi","8":"product_cat-geschenkverpackungen","9":"product_tag-advent","10":"product_tag-adventskalender","11":"product_tag-amigurumi","12":"product_tag-anleitung","13":"product_tag-anleitung-weihnachten","14":"product_tag-aquarium-haekeln","15":"product_tag-baby","16":"product_tag-dekoration","17":"product_tag-dekoration-haekeln","18":"product_tag-feste","19":"product_tag-fisch-haekelanleitung","20":"product_tag-fische","21":"product_tag-geschenk","22":"product_tag-geschenk-haekeln","23":"product_tag-geschenk-saeckchen","24":"product_tag-geschenk-tasche","25":"product_tag-geschenkhuelle-haekeln","26":"product_tag-geschenkverpackung","27":"product_tag-geschenkverpackung-haekeln","28":"product_tag-haekelanleitung","29":"product_tag-haekeln","30":"product_tag-kalender","31":"product_tag-kalender-haekeln","32":"product_tag-kinder","33":"product_tag-koralle-haekeln","34":"product_tag-korallen","35":"product_tag-kuscheltier","36":"product_tag-kuschelwolle","37":"product_tag-kuschelwolle-haekeln","38":"product_tag-mitbringsel","39":"product_tag-muttertag","40":"product_tag-muetze","41":"product_tag-sternzeichen","42":"product_tag-sternzeichen-haekeln","43":"product_tag-tier","44":"product_tag-ueberraschung","45":"product_tag-weihnachten","46":"product_tag-weihnachtsmuetze","47":"product_tag-winter","48":"product_tag-wolle","49":"product_tag-wollreste","51":"first","52":"instock","53":"downloadable","54":"shipping-taxable","55":"purchasable","56":"product-type-simple"},"_links":{"self":[{"href":"https:\/\/dadade.eu\/index.php?rest_route=\/wp\/v2\/product\/16302","targetHints":{"allow":["GET"]}}],"collection":[{"href":"https:\/\/dadade.eu\/index.php?rest_route=\/wp\/v2\/product"}],"about":[{"href":"https:\/\/dadade.eu\/index.php?rest_route=\/wp\/v2\/types\/product"}],"wp:featuredmedia":[{"embeddable":true,"href":"https:\/\/dadade.eu\/index.php?rest_route=\/wp\/v2\/media\/16313"}],"wp:attachment":[{"href":"https:\/\/dadade.eu\/index.php?rest_route=%2Fwp%2Fv2%2Fmedia&parent=16302"}],"wp:term":[{"taxonomy":"product_brand","embeddable":true,"href":"https:\/\/dadade.eu\/index.php?rest_route=%2Fwp%2Fv2%2Fproduct_brand&post=16302"},{"taxonomy":"product_cat","embeddable":true,"href":"https:\/\/dadade.eu\/index.php?rest_route=%2Fwp%2Fv2%2Fproduct_cat&post=16302"},{"taxonomy":"product_tag","embeddable":true,"href":"https:\/\/dadade.eu\/index.php?rest_route=%2Fwp%2Fv2%2Fproduct_tag&post=16302"}],"curies":[{"name":"wp","href":"https:\/\/api.w.org\/{rel}","templated":true}]}}