{"id":15246,"date":"2023-06-12T10:53:06","date_gmt":"2023-06-12T08:53:06","guid":{"rendered":"https:\/\/dadade.eu\/?post_type=product&#038;p=15246"},"modified":"2024-12-04T11:02:04","modified_gmt":"2024-12-04T10:02:04","slug":"fuchs-mit-baby-oder-gans-led-lampe-und-geschenkverpackung-l004","status":"publish","type":"product","link":"https:\/\/dadade.eu\/?product=fuchs-mit-baby-oder-gans-led-lampe-und-geschenkverpackung-l004","title":{"rendered":"Fuchs mit Baby oder Gans, LED-Lampe und Geschenkverpackung (L004)"},"content":{"rendered":"<p><img fetchpriority=\"high\" decoding=\"async\" class=\"alignnone size-medium wp-image-15264\" src=\"https:\/\/dadade.eu\/wp-content\/uploads\/2023\/06\/xMini-Fuchs-6b-300x225.jpg\" alt=\"\" width=\"300\" height=\"225\" srcset=\"https:\/\/dadade.eu\/wp-content\/uploads\/2023\/06\/xMini-Fuchs-6b-300x225.jpg 300w, https:\/\/dadade.eu\/wp-content\/uploads\/2023\/06\/xMini-Fuchs-6b-600x450.jpg 600w, https:\/\/dadade.eu\/wp-content\/uploads\/2023\/06\/xMini-Fuchs-6b-64x48.jpg 64w, https:\/\/dadade.eu\/wp-content\/uploads\/2023\/06\/xMini-Fuchs-6b-1024x768.jpg 1024w, https:\/\/dadade.eu\/wp-content\/uploads\/2023\/06\/xMini-Fuchs-6b-768x576.jpg 768w, https:\/\/dadade.eu\/wp-content\/uploads\/2023\/06\/xMini-Fuchs-6b.jpg 1400w\" sizes=\"(max-width: 300px) 100vw, 300px\" \/>das kleine Fuchs-Baby kann man in die Kugel setzen, oder einfach zum Spielen behalten.<\/p>\n<p><img decoding=\"async\" class=\"alignnone size-medium wp-image-15270\" src=\"https:\/\/dadade.eu\/wp-content\/uploads\/2023\/06\/xMini-Gans-6b-300x225.jpg\" alt=\"\" width=\"300\" height=\"225\" srcset=\"https:\/\/dadade.eu\/wp-content\/uploads\/2023\/06\/xMini-Gans-6b-300x225.jpg 300w, https:\/\/dadade.eu\/wp-content\/uploads\/2023\/06\/xMini-Gans-6b-600x450.jpg 600w, https:\/\/dadade.eu\/wp-content\/uploads\/2023\/06\/xMini-Gans-6b-64x48.jpg 64w, https:\/\/dadade.eu\/wp-content\/uploads\/2023\/06\/xMini-Gans-6b-1024x768.jpg 1024w, https:\/\/dadade.eu\/wp-content\/uploads\/2023\/06\/xMini-Gans-6b-768x576.jpg 768w, https:\/\/dadade.eu\/wp-content\/uploads\/2023\/06\/xMini-Gans-6b.jpg 1400w\" sizes=\"(max-width: 300px) 100vw, 300px\" \/><\/p>\n<p>Die Anleitung ist ausf\u00fchrlich mit vielen Bildern hinterlegt<\/p>\n<p>und wird auf 20 (Fuchs-Kugel) 10 (Fuchs-Baby) und 11 (Gans) Seiten Schritt-f\u00fcr-Schritt beschrieben!<\/p>\n<p>zus\u00e4tzlich geh\u00f6rt noch eine Anleitung f\u00fcr das Zusammenbauen der LED-Kugel dazu.<\/p>\n<p>kleine Idee und Anregung; der Fuchs f\u00fcr Schulanf\u00e4nger der Fuchsklasse<\/p>\n<p><img decoding=\"async\" class=\"alignnone size-medium wp-image-20349\" src=\"https:\/\/dadade.eu\/wp-content\/uploads\/2023\/06\/377586732_2046100182401723_7991094574654343207_n-195x300.jpg\" alt=\"\" width=\"195\" height=\"300\" srcset=\"https:\/\/dadade.eu\/wp-content\/uploads\/2023\/06\/377586732_2046100182401723_7991094574654343207_n-195x300.jpg 195w, https:\/\/dadade.eu\/wp-content\/uploads\/2023\/06\/377586732_2046100182401723_7991094574654343207_n-600x924.jpg 600w, https:\/\/dadade.eu\/wp-content\/uploads\/2023\/06\/377586732_2046100182401723_7991094574654343207_n-64x99.jpg 64w, https:\/\/dadade.eu\/wp-content\/uploads\/2023\/06\/377586732_2046100182401723_7991094574654343207_n-665x1024.jpg 665w, https:\/\/dadade.eu\/wp-content\/uploads\/2023\/06\/377586732_2046100182401723_7991094574654343207_n-768x1182.jpg 768w, https:\/\/dadade.eu\/wp-content\/uploads\/2023\/06\/377586732_2046100182401723_7991094574654343207_n.jpg 934w\" sizes=\"(max-width: 195px) 100vw, 195px\" \/><\/p>\n<p>MEHR VARIANTEN UND IDEEN von flei\u00dfigen Helfer und H\u00e4nden?<\/p>\n<p><a href=\"https:\/\/dadade.eu\/?p=11002\"><b>Klicke hier<\/b><\/a><\/p>\n<p>&nbsp;<\/p>\n<p>&nbsp;<\/p>\n<p>&nbsp;<\/p>\n","protected":false},"excerpt":{"rendered":"<div id=\"cc-m-13954443088\">\n<p>Hier kauft man die H\u00e4kelanleitung f\u00fcr diese originelle Geschenkverpackung &amp; Lampe, Fuchs<\/p>\n<div id=\"cc-m-13758358088\">\n<p>Dieser knuffige Fuchs kann zuerst als Geschenkverpackung mit ihrem Inhalt gl\u00e4nzen, ob mit einem P\u00e4ckchen, S\u00fc\u00dfem, Kugeln, oder einfach Deko!<\/p>\n<\/div>\n<\/div>\n<div id=\"cc-m-13954443188\" class=\"j-module n j-text \">\n<p>Oder einfach mit einer LED-Lichterkette und dem kleinen Fuchs als Lampe hell strahlen.<\/p>\n<p>Diese Geschenk-Kugel hat viele Gestaltungsm\u00f6glichkeiten, der Fuchs bringt das ganze Jahr Freude ins Kinderzimmer!<\/p>\n<p>Sie ist aber auch eine sch\u00f6ne Deko f\u00fcr den Herbst.<\/p>\n<p>die Fuchs-Kugel ist ungef\u00e4hr; 37cm hoch<\/p>\n<p>beide F\u00fcchse mit der Nadelst\u00e4rke 3 geh\u00e4kelt; mit Schachenmayr im Sitzen ca 9cm hoch, im Stehen 13cm (und passt damit perfekt in die Kugel)<\/p>\n<p>oder mit der Himalaya fine im Sitzen ca 17cm hoch, im Stehen 25cm<\/p>\n<p>Mit Wolle der Nadelst\u00e4rke 3 wird die Gans ungef\u00e4hr; 14cm hoch im sitzen und 8cm breit<\/p>\n<p>oder mit der Himalaya fine im Sitzen ca 20cm hoch und 11cm breit<\/p>\n<p>&nbsp;<\/p>\n<\/div>\n","protected":false},"featured_media":15253,"template":"","meta":[],"product_brand":[],"product_cat":[56,793,791,790,66],"product_tag":[90,1209,1208,242,1204,1210,1205,1206,1207,402,400,87,94,93,92,245,180,88,243,244,392,95,96],"class_list":{"0":"post-15246","1":"product","2":"type-product","3":"status-publish","4":"has-post-thumbnail","6":"product_cat-2einfach","7":"product_cat-herbst-halloween-deko-ideen-mit-licht","8":"product_cat-kinderzimmer","9":"product_cat-deko-ideen-mit-licht","10":"product_cat-mini","11":"product_tag-amigurumi","12":"product_tag-baby-fuchs-haekeln","13":"product_tag-baby-fuchs","14":"product_tag-dekoration-haekeln","15":"product_tag-fuchs","16":"product_tag-fuchs-du-hast-die-gans-gestohlen","17":"product_tag-fuchs-haekeln","18":"product_tag-fuchs-lampe","19":"product_tag-fuchs-lampe-haekeln","20":"product_tag-gans","21":"product_tag-gans-haekeln","22":"product_tag-geschenk","23":"product_tag-haekelanleitung","24":"product_tag-haekeln","25":"product_tag-kinder","26":"product_tag-kuschelige-haekeltiere","27":"product_tag-kuscheltier","28":"product_tag-kuscheltier-haekeln","29":"product_tag-kuschelwolle","30":"product_tag-kuschelwolle-haekeln","31":"product_tag-plueschtier-haekeln","32":"product_tag-wolle","33":"product_tag-wollreste","35":"first","36":"instock","37":"shipping-taxable","38":"purchasable","39":"product-type-variable"},"_links":{"self":[{"href":"https:\/\/dadade.eu\/index.php?rest_route=\/wp\/v2\/product\/15246","targetHints":{"allow":["GET"]}}],"collection":[{"href":"https:\/\/dadade.eu\/index.php?rest_route=\/wp\/v2\/product"}],"about":[{"href":"https:\/\/dadade.eu\/index.php?rest_route=\/wp\/v2\/types\/product"}],"wp:featuredmedia":[{"embeddable":true,"href":"https:\/\/dadade.eu\/index.php?rest_route=\/wp\/v2\/media\/15253"}],"wp:attachment":[{"href":"https:\/\/dadade.eu\/index.php?rest_route=%2Fwp%2Fv2%2Fmedia&parent=15246"}],"wp:term":[{"taxonomy":"product_brand","embeddable":true,"href":"https:\/\/dadade.eu\/index.php?rest_route=%2Fwp%2Fv2%2Fproduct_brand&post=15246"},{"taxonomy":"product_cat","embeddable":true,"href":"https:\/\/dadade.eu\/index.php?rest_route=%2Fwp%2Fv2%2Fproduct_cat&post=15246"},{"taxonomy":"product_tag","embeddable":true,"href":"https:\/\/dadade.eu\/index.php?rest_route=%2Fwp%2Fv2%2Fproduct_tag&post=15246"}],"curies":[{"name":"wp","href":"https:\/\/api.w.org\/{rel}","templated":true}]}}