{"id":14778,"date":"2023-01-09T14:50:41","date_gmt":"2023-01-09T13:50:41","guid":{"rendered":"https:\/\/dadade.eu\/?post_type=product&#038;p=14778"},"modified":"2024-04-15T11:29:29","modified_gmt":"2024-04-15T09:29:29","slug":"b500-noch-mehr-babyketten","status":"publish","type":"product","link":"https:\/\/dadade.eu\/?product=b500-noch-mehr-babyketten","title":{"rendered":"B500 noch mehr Babyketten"},"content":{"rendered":"<p><strong>mehr \u00fcber die vielen tollen Baby-Kinder-Ketten oder Anh\u00e4nger f\u00fcr ein Mobile<\/strong><b>,\u00a0<\/b><\/p>\n<p><strong>findet ihr hier, <a href=\"https:\/\/dadade.eu\/?product_cat=baby-ketten-mobile\">bei Baby&amp; Kind, Baby-Ketten &amp; Mobile<\/a><\/strong><\/p>\n<p>&nbsp;<\/p>\n<p><a href=\"https:\/\/dadade.eu\/?product=baby-kinderwagenkette-alpaka-lama-b514\"><strong><u>B514\u00a0 Babykette Alpaka<\/u><\/strong><\/a><\/p>\n<p><u><\/u><strong><u><a href=\"https:\/\/dadade.eu\/?product=baby-kinderwagenkette-elefant-b515\">B515\u00a0 Babykette E<\/a>lefant<\/u><\/strong><\/p>\n<p><a href=\"https:\/\/dadade.eu\/?product=baby-kinderwagenkette-grosser-pilz-b516\"><strong><u>B516\u00a0 Babykette Pilz<\/u><\/strong><\/a><\/p>\n<p><a href=\"https:\/\/dadade.eu\/?product=baby-kinderwagenkette-baer-b517\"><strong><u>B517\u00a0 Babykette B\u00e4r<\/u><\/strong><\/a><\/p>\n<p><a href=\"https:\/\/dadade.eu\/?product=baby-kinderwagenkette-raupe-b518\"><strong><u>B518\u00a0 Babykette Raupe<\/u><\/strong><\/a><\/p>\n<p><a href=\"https:\/\/dadade.eu\/?product=baby-kinderwagenkette-frosch-b520\"><strong><u>B520\u00a0 Babykette Frosch<\/u><\/strong><\/a><\/p>\n<p><a href=\"https:\/\/dadade.eu\/?product=baby-kinderwagenkette-koala-b521\"><strong><u>B521\u00a0 Babykette Koala<\/u><\/strong><\/a><\/p>\n<p><a href=\"https:\/\/dadade.eu\/?product=baby-kinderwagenkette-oder-mobile-flamingo-b551\"><strong><u>B551\u00a0 Babykette Flamingo<\/u><\/strong><\/a><\/p>\n<p><a href=\"https:\/\/dadade.eu\/?product=baby-kette-oder-mobile-dschungel-b552\"><strong><u>B552\u00a0 Babykette<\/u> Dschungel mit Giraffe &amp; Affe<\/strong><\/a><\/p>\n<p>&nbsp;<\/p>\n<p>mehr Bilder, von flei\u00dfigen Helfer und H\u00e4nde<\/p>\n<p><strong><a href=\"https:\/\/dadade.eu\/?p=6461\">KLICKE HIER<\/a><\/strong><\/p>\n<p>&nbsp;<\/p>\n<p>&nbsp;<\/p>\n<p>&nbsp;<\/p>\n","protected":false},"excerpt":{"rendered":"<div id=\"cc-m-13954443088\" class=\"j-module n j-text \">\n<p>Du m\u00f6chtest f\u00fcr dein Baby ein ganz individuelles Geschenk?<\/p>\n<p>Hierfindet man H\u00e4kelanleitungen f\u00fcr diesen kleine Tiere, dem Stern, sowie die Kugeln, usw.<\/p>\n<p>Zus\u00e4tzlich eine detaillierte Anleitung zum Selbermachen eine Kinderwagenkette.<\/p>\n<p>Die einzelnen Elemente kann man in vielen bunten, oder zarten Farben h\u00e4keln und somit Wollreste verarbeiten-<\/p>\n<p>Mit den einzelnen Teilen l\u00e4sst sich au\u00dfer der Kinderwagenkette, auch Schnullerketten, oder Mobiles gestalten,<\/p>\n<p>Oder mit weicher Chenille-Wolle als Kuscheltier,<\/p>\n<p>Ein besonderes Geschenk, nicht nur f\u00fcr den kleinen Erdenb\u00fcrger.<\/p>\n<p>In der Kette sind Rassel eingearbeitet, das animiert zum Spielen, Kuscheln und Greifen.<\/p>\n<p>Auch als Schl\u00fcsselanh\u00e4nger machen sie eine gute Figur, ein Mitbringsel nicht nur f\u00fcr Ostern.<\/p>\n<\/div>\n<div id=\"cc-m-13954443088\" class=\"j-module n j-text \">\n<p><strong><a href=\"https:\/\/dadade.eu\/?product_cat=baby-ketten-mobile\">Baby&amp; Kind, Baby-Ketten &amp; Mobile<\/a><\/strong><\/p>\n<p>&nbsp;<\/p>\n<\/div>\n","protected":false},"featured_media":14779,"template":"","meta":[],"product_brand":[],"product_cat":[16,66],"product_tag":[90,242,260,87,651,93,243,244,181,114,195,296,95,96],"class_list":{"0":"post-14778","1":"product","2":"type-product","3":"status-publish","4":"has-post-thumbnail","6":"product_cat-alle","7":"product_cat-mini","8":"product_tag-amigurumi","9":"product_tag-dekoration-haekeln","10":"product_tag-fruehling","11":"product_tag-geschenk","12":"product_tag-geschenk-idee","13":"product_tag-haekeln","14":"product_tag-kuschelwolle","15":"product_tag-kuschelwolle-haekeln","16":"product_tag-lustig","17":"product_tag-ostern","18":"product_tag-praesent","19":"product_tag-sommer","20":"product_tag-wolle","21":"product_tag-wollreste","23":"first","24":"instock","25":"shipping-taxable","26":"product-type-simple"},"_links":{"self":[{"href":"https:\/\/dadade.eu\/index.php?rest_route=\/wp\/v2\/product\/14778","targetHints":{"allow":["GET"]}}],"collection":[{"href":"https:\/\/dadade.eu\/index.php?rest_route=\/wp\/v2\/product"}],"about":[{"href":"https:\/\/dadade.eu\/index.php?rest_route=\/wp\/v2\/types\/product"}],"wp:featuredmedia":[{"embeddable":true,"href":"https:\/\/dadade.eu\/index.php?rest_route=\/wp\/v2\/media\/14779"}],"wp:attachment":[{"href":"https:\/\/dadade.eu\/index.php?rest_route=%2Fwp%2Fv2%2Fmedia&parent=14778"}],"wp:term":[{"taxonomy":"product_brand","embeddable":true,"href":"https:\/\/dadade.eu\/index.php?rest_route=%2Fwp%2Fv2%2Fproduct_brand&post=14778"},{"taxonomy":"product_cat","embeddable":true,"href":"https:\/\/dadade.eu\/index.php?rest_route=%2Fwp%2Fv2%2Fproduct_cat&post=14778"},{"taxonomy":"product_tag","embeddable":true,"href":"https:\/\/dadade.eu\/index.php?rest_route=%2Fwp%2Fv2%2Fproduct_tag&post=14778"}],"curies":[{"name":"wp","href":"https:\/\/api.w.org\/{rel}","templated":true}]}}

<p><strong>mehr über die vielen tollen Baby-Kinder-Ketten oder Anhänger für ein Mobile</strong><b>, </b></p>
<p><strong>findet ihr hier, <a href="https://dadade.eu/?product_cat=baby-ketten-mobile">bei Baby&amp; Kind, Baby-Ketten &amp; Mobile</a></strong></p>
<p>&nbsp;</p>
<p><a href="https://dadade.eu/?product=baby-kinderwagenkette-alpaka-lama-b514"><strong><u>B514  Babykette Alpaka</u></strong></a></p>
<p><u></u><strong><u><a href="https://dadade.eu/?product=baby-kinderwagenkette-elefant-b515">B515  Babykette E</a>lefant</u></strong></p>
<p><a href="https://dadade.eu/?product=baby-kinderwagenkette-grosser-pilz-b516"><strong><u>B516  Babykette Pilz</u></strong></a></p>
<p><a href="https://dadade.eu/?product=baby-kinderwagenkette-baer-b517"><strong><u>B517  Babykette Bär</u></strong></a></p>
<p><a href="https://dadade.eu/?product=baby-kinderwagenkette-raupe-b518"><strong><u>B518  Babykette Raupe</u></strong></a></p>
<p><a href="https://dadade.eu/?product=baby-kinderwagenkette-frosch-b520"><strong><u>B520  Babykette Frosch</u></strong></a></p>
<p><a href="https://dadade.eu/?product=baby-kinderwagenkette-koala-b521"><strong><u>B521  Babykette Koala</u></strong></a></p>
<p><a href="https://dadade.eu/?product=baby-kinderwagenkette-oder-mobile-flamingo-b551"><strong><u>B551  Babykette Flamingo</u></strong></a></p>
<p><a href="https://dadade.eu/?product=baby-kette-oder-mobile-dschungel-b552"><strong><u>B552  Babykette</u> Dschungel mit Giraffe &amp; Affe</strong></a></p>
<p>&nbsp;</p>
<p>mehr Bilder, von fleißigen Helfer und Hände</p>
<p><strong><a href="https://dadade.eu/?p=6461">KLICKE HIER</a></strong></p>
<p>&nbsp;</p>
<p>&nbsp;</p>
<p>&nbsp;</p>

<div id="cc-m-13954443088" class="j-module n j-text ">
<p>Du möchtest für dein Baby ein ganz individuelles Geschenk?</p>
<p>Hierfindet man Häkelanleitungen für diesen kleine Tiere, dem Stern, sowie die Kugeln, usw.</p>
<p>Zusätzlich eine detaillierte Anleitung zum Selbermachen eine Kinderwagenkette.</p>
<p>Die einzelnen Elemente kann man in vielen bunten, oder zarten Farben häkeln und somit Wollreste verarbeiten-</p>
<p>Mit den einzelnen Teilen lässt sich außer der Kinderwagenkette, auch Schnullerketten, oder Mobiles gestalten,</p>
<p>Oder mit weicher Chenille-Wolle als Kuscheltier,</p>
<p>Ein besonderes Geschenk, nicht nur für den kleinen Erdenbürger.</p>
<p>In der Kette sind Rassel eingearbeitet, das animiert zum Spielen, Kuscheln und Greifen.</p>
<p>Auch als Schlüsselanhänger machen sie eine gute Figur, ein Mitbringsel nicht nur für Ostern.</p>
</div>
<div id="cc-m-13954443088" class="j-module n j-text ">
<p><strong><a href="https://dadade.eu/?product_cat=baby-ketten-mobile">Baby&amp; Kind, Baby-Ketten &amp; Mobile</a></strong></p>
<p>&nbsp;</p>
</div>
