{"id":14559,"date":"2022-07-08T14:23:19","date_gmt":"2022-07-08T12:23:19","guid":{"rendered":"https:\/\/dadade.eu\/?post_type=product&#038;p=14559"},"modified":"2023-06-11T16:19:03","modified_gmt":"2023-06-11T14:19:03","slug":"jasper-der-gaukler-von-den-mittelalter-knirpsen-a522","status":"publish","type":"product","link":"https:\/\/dadade.eu\/?product=jasper-der-gaukler-von-den-mittelalter-knirpsen-a522","title":{"rendered":"Jasper der Gaukler von den Mittelalter-Knirpsen (A522)"},"content":{"rendered":"<p><img fetchpriority=\"high\" decoding=\"async\" class=\"alignnone size-medium wp-image-13361\" src=\"https:\/\/dadade.eu\/wp-content\/uploads\/2023\/05\/x4-Mittelalter-Knirpse-3b-300x225.jpg\" alt=\"\" width=\"300\" height=\"225\" srcset=\"https:\/\/dadade.eu\/wp-content\/uploads\/2023\/05\/x4-Mittelalter-Knirpse-3b-300x225.jpg 300w, https:\/\/dadade.eu\/wp-content\/uploads\/2023\/05\/x4-Mittelalter-Knirpse-3b-600x450.jpg 600w, https:\/\/dadade.eu\/wp-content\/uploads\/2023\/05\/x4-Mittelalter-Knirpse-3b-64x48.jpg 64w, https:\/\/dadade.eu\/wp-content\/uploads\/2023\/05\/x4-Mittelalter-Knirpse-3b-1024x768.jpg 1024w, https:\/\/dadade.eu\/wp-content\/uploads\/2023\/05\/x4-Mittelalter-Knirpse-3b-768x576.jpg 768w, https:\/\/dadade.eu\/wp-content\/uploads\/2023\/05\/x4-Mittelalter-Knirpse-3b.jpg 1400w\" sizes=\"(max-width: 300px) 100vw, 300px\" \/><\/p>\n<p><strong><b>Jasper der n\u00e4rrische Gaukler<\/b><\/strong><\/p>\n<p><strong><b>geh\u00f6rt mit der buckeligen\u00a0<a title=\"A523 Hexe Minerva von Hexenbesen\" href=\"https:\/\/dadade.eu\/?product=hexe-minerva-von-hexenbesen-von-den-mittelalter-knirpsen-a523\">Hexe Minerva von Hexenbesen<\/a><\/b><\/strong><\/p>\n<p><strong>dem ehrw\u00fcrdigen <a href=\"https:\/\/dadade.eu\/?product=moench-bruder-tucky-von-den-mittelalter-knirpsen-a521\">M\u00f6nch Bruder Tucky<\/a><\/strong><\/p>\n<p><b>und <strong><a href=\"https:\/\/dadade.eu\/?product=zauberer-magnus-der-mutige-von-den-mittelalter-knirpsen-a524\">dem weisen Zauberer Magnus der Mutige<\/a>, mit seiner Kr\u00f6te<\/strong><\/b><\/p>\n<p><strong>zu den Mittelalter-Knirpsen, <\/strong><strong>sie sind die treuen Gef\u00e4hrten von <a href=\"https:\/\/dadade.eu\/?product=a501-gluecks-ritter-felix\">Ritter Felix Lucky<\/a><\/strong><\/p>\n<p>&nbsp;<\/p>\n<p>Die Anleitung ist ausf\u00fchrlich mit vielen Bildern hinterlegt und wird auf \u00fcber 30 Seiten Schritt-f\u00fcr-Schritt beschrieben!<\/p>\n<p>Zus\u00e4tzlich liegt auch noch eine Anleitung f\u00fcr eine einfache Hand ohne Finger dabei.<\/p>\n<p>&nbsp;<\/p>\n<p>viele Bilder und Ideen von flei\u00dfigen Helfer und H\u00e4nden findet ihr hier<\/p>\n<p><strong><a href=\"https:\/\/dadade.eu\/?p=13353\" target=\"_blank\" rel=\"noopener\">VIELE TOLLE BILDER<\/a><\/strong><\/p>\n","protected":false},"excerpt":{"rendered":"<div id=\"cc-m-13954443088\" class=\"j-module n j-text \">\n<p>Hier kauft man die H\u00e4kelanleitung f\u00fcr diesen lustigen Narr.<\/p>\n<p>Jasper sorgt direkt f\u00fcr gute Stimmung, er ist \u00fcberall gern gesehen.<\/p>\n<p>Mit dem Kauf erh\u00e4ltst du eine leicht verst\u00e4ndliche H\u00e4kelanleitung im praktischen PDF-Format.<\/p>\n<p>Die Anleitung ist eher was f\u00fcr ge\u00fcbte Anf\u00e4nger.<\/p>\n<p>Mit Nadelst\u00e4rke 4 geh\u00e4kelt, wird Jasper ungef\u00e4hr; im Stehen ungef\u00e4hr; 44cm hoch, im Sitzen 28cm<\/p>\n<p><b><span style=\"color: #ff0000;\">Einzigartig!!!<\/span><\/b><\/p>\n<p><b>wenn ihr die Anleitung hier bei mir direkt kauft <\/b><strong>findet man in der Anleitung einen Gutschein f\u00fcr<\/strong><\/p>\n<p><strong><u><img decoding=\"async\" class=\"alignnone size-medium wp-image-14572\" src=\"https:\/\/dadade.eu\/wp-content\/uploads\/2022\/07\/2022-Sophie-300x147.jpg\" alt=\"\" width=\"300\" height=\"147\" srcset=\"https:\/\/dadade.eu\/wp-content\/uploads\/2022\/07\/2022-Sophie-300x147.jpg 300w, https:\/\/dadade.eu\/wp-content\/uploads\/2022\/07\/2022-Sophie-64x31.jpg 64w, https:\/\/dadade.eu\/wp-content\/uploads\/2022\/07\/2022-Sophie.jpg 350w\" sizes=\"(max-width: 300px) 100vw, 300px\" \/>www.sophieswolle.com <\/u><\/strong><\/p>\n<p><strong>n\u00e4here Angaben findet ihr in der Anleitung<\/strong><\/p>\n<p><strong>vielen Dank\u00a0 Sophie<\/strong><\/p>\n<\/div>\n","protected":false},"featured_media":14560,"template":"","meta":[],"product_brand":[],"product_cat":[57,36,35,50,380,69],"product_tag":[90,89,229,1153,1152,233,1151,341,87,94,93,1057,126,228,231,92,166,139,88,230,91,160,156,159,140,95,96],"class_list":{"0":"post-14559","1":"product","2":"type-product","3":"status-publish","4":"has-post-thumbnail","6":"product_cat-3mittel","7":"product_cat-a5-die-lustigen-knirpse","8":"product_cat-amigurumi","9":"product_cat-fasching-die-5-jahreszeit","10":"product_cat-kuschel-puppe","11":"product_cat-mittel","12":"product_tag-amigurumi","13":"product_tag-baby","14":"product_tag-clown","15":"product_tag-deko-fasching","16":"product_tag-deko-halloween","17":"product_tag-dekoration","18":"product_tag-dekoration-herbst","19":"product_tag-fasching","20":"product_tag-geschenk","21":"product_tag-haekelanleitung","22":"product_tag-haekeln","23":"product_tag-halloween","24":"product_tag-herbst","25":"product_tag-kasper","26":"product_tag-kasper-haekeln","27":"product_tag-kinder","28":"product_tag-knirpse","29":"product_tag-kuschelpuppe","30":"product_tag-kuscheltier-haekeln","31":"product_tag-narr","32":"product_tag-plueschtier","33":"product_tag-pueppchen","34":"product_tag-pueppchen-haekeln","35":"product_tag-puppe","36":"product_tag-puppe-haekeln","37":"product_tag-wolle","38":"product_tag-wollreste","40":"first","41":"instock","42":"downloadable","43":"purchasable","44":"product-type-simple"},"_links":{"self":[{"href":"https:\/\/dadade.eu\/index.php?rest_route=\/wp\/v2\/product\/14559","targetHints":{"allow":["GET"]}}],"collection":[{"href":"https:\/\/dadade.eu\/index.php?rest_route=\/wp\/v2\/product"}],"about":[{"href":"https:\/\/dadade.eu\/index.php?rest_route=\/wp\/v2\/types\/product"}],"wp:featuredmedia":[{"embeddable":true,"href":"https:\/\/dadade.eu\/index.php?rest_route=\/wp\/v2\/media\/14560"}],"wp:attachment":[{"href":"https:\/\/dadade.eu\/index.php?rest_route=%2Fwp%2Fv2%2Fmedia&parent=14559"}],"wp:term":[{"taxonomy":"product_brand","embeddable":true,"href":"https:\/\/dadade.eu\/index.php?rest_route=%2Fwp%2Fv2%2Fproduct_brand&post=14559"},{"taxonomy":"product_cat","embeddable":true,"href":"https:\/\/dadade.eu\/index.php?rest_route=%2Fwp%2Fv2%2Fproduct_cat&post=14559"},{"taxonomy":"product_tag","embeddable":true,"href":"https:\/\/dadade.eu\/index.php?rest_route=%2Fwp%2Fv2%2Fproduct_tag&post=14559"}],"curies":[{"name":"wp","href":"https:\/\/api.w.org\/{rel}","templated":true}]}}