{"id":14181,"date":"2015-10-03T10:00:05","date_gmt":"2015-10-03T08:00:05","guid":{"rendered":"https:\/\/dadade.eu\/?post_type=product&#038;p=14181"},"modified":"2025-12-14T11:55:16","modified_gmt":"2025-12-14T10:55:16","slug":"pilz-pille-mit-seinen-freunden-h402","status":"publish","type":"product","link":"https:\/\/dadade.eu\/?product=pilz-pille-mit-seinen-freunden-h402","title":{"rendered":"Pilz Pille mit seinen Freunden (H402)"},"content":{"rendered":"<p><img decoding=\"async\" class=\"alignnone wp-image-14189\" src=\"https:\/\/dadade.eu\/wp-content\/uploads\/2015\/10\/Pilz-Pille-neu3-300x300.jpg\" alt=\"\" width=\"210\" height=\"210\" srcset=\"https:\/\/dadade.eu\/wp-content\/uploads\/2015\/10\/Pilz-Pille-neu3-300x300.jpg 300w, https:\/\/dadade.eu\/wp-content\/uploads\/2015\/10\/Pilz-Pille-neu3-100x100.jpg 100w, https:\/\/dadade.eu\/wp-content\/uploads\/2015\/10\/Pilz-Pille-neu3-600x600.jpg 600w, https:\/\/dadade.eu\/wp-content\/uploads\/2015\/10\/Pilz-Pille-neu3-64x64.jpg 64w, https:\/\/dadade.eu\/wp-content\/uploads\/2015\/10\/Pilz-Pille-neu3-1024x1024.jpg 1024w, https:\/\/dadade.eu\/wp-content\/uploads\/2015\/10\/Pilz-Pille-neu3-150x150.jpg 150w, https:\/\/dadade.eu\/wp-content\/uploads\/2015\/10\/Pilz-Pille-neu3-768x768.jpg 768w, https:\/\/dadade.eu\/wp-content\/uploads\/2015\/10\/Pilz-Pille-neu3-1536x1536.jpg 1536w, https:\/\/dadade.eu\/wp-content\/uploads\/2015\/10\/Pilz-Pille-neu3-2048x2048.jpg 2048w\" sizes=\"(max-width: 210px) 100vw, 210px\" \/> <img decoding=\"async\" class=\"alignnone wp-image-14190\" src=\"https:\/\/dadade.eu\/wp-content\/uploads\/2015\/10\/Pilz-Pille-neu4-300x300.jpg\" alt=\"\" width=\"208\" height=\"208\" srcset=\"https:\/\/dadade.eu\/wp-content\/uploads\/2015\/10\/Pilz-Pille-neu4-300x300.jpg 300w, https:\/\/dadade.eu\/wp-content\/uploads\/2015\/10\/Pilz-Pille-neu4-100x100.jpg 100w, https:\/\/dadade.eu\/wp-content\/uploads\/2015\/10\/Pilz-Pille-neu4-600x600.jpg 600w, https:\/\/dadade.eu\/wp-content\/uploads\/2015\/10\/Pilz-Pille-neu4-64x64.jpg 64w, https:\/\/dadade.eu\/wp-content\/uploads\/2015\/10\/Pilz-Pille-neu4-1024x1024.jpg 1024w, https:\/\/dadade.eu\/wp-content\/uploads\/2015\/10\/Pilz-Pille-neu4-150x150.jpg 150w, https:\/\/dadade.eu\/wp-content\/uploads\/2015\/10\/Pilz-Pille-neu4-768x768.jpg 768w, https:\/\/dadade.eu\/wp-content\/uploads\/2015\/10\/Pilz-Pille-neu4-1536x1536.jpg 1536w, https:\/\/dadade.eu\/wp-content\/uploads\/2015\/10\/Pilz-Pille-neu4-2048x2048.jpg 2048w\" sizes=\"(max-width: 208px) 100vw, 208px\" \/>Die Freunde sollte man mit mindestens einer Nadelst\u00e4rker d\u00fcnnerer Wolle h\u00e4keln wie den Pilz<\/p>\n<p>Die Anleitung ist ausf\u00fchrlich mit vielen Bildern hinterlegt<\/p>\n<p>und wird auf 23 Seiten Schritt-f\u00fcr-Schritt beschrieben<\/p>\n<p>&nbsp;<\/p>\n<p>viele Bilder und Ideen von flei\u00dfigen Helfer und H\u00e4nden findet ihr hier<\/p>\n<p><span style=\"color: #339966;\"><a style=\"color: #339966;\" href=\"https:\/\/dadade.eu\/?p=13970\"><b>viele Pilze<\/b><\/a><\/span><\/p>\n<p><a href=\"https:\/\/dadade.eu\/?p=14216\"><span style=\"color: #339966;\"><strong>noch mehr vom Herbst &amp; Halloween<\/strong><\/span><\/a><\/p>\n<p>&nbsp;<\/p>\n<p>&nbsp;<\/p>\n<p>&nbsp;<\/p>\n","protected":false},"excerpt":{"rendered":"<div id=\"cc-m-13954443088\" class=\"j-module n j-text \">\n<p>Hier kauft man nur die H\u00e4kelanleitung f\u00fcr den Pilz Pille, mit Regenwurm und Raupe,<\/p>\n<p>Man sucht eine sch\u00f6ne Herbstdekoration,<\/p>\n<p>Worauf warten? Ab an die H\u00e4kelnadel, der Pilz ist schnell geh\u00e4kelt und f\u00fcr Raupe und Wurm kann man sehr gut Wollreste verarbeiten,<\/p>\n<p>Die Anleitung ist einfach gehalten<\/p>\n<p>Die Anleitung ist ausf\u00fchrlich mit vielen Bildern hinterlegt und wird\u00a0 Schritt-f\u00fcr-Schritt beschrieben!<\/p>\n<p>&nbsp;<\/p>\n<p>Mit Wolle der Nadelst\u00e4rke 3 wird der Pilz ungef\u00e4hr; 24cm hoch<\/p>\n<p>Regenwurm und Raupe sind mit Wollreste der Nadelst\u00e4rke 2 geh\u00e4kelt, der Wurm, sowie die Raupe sind je ca 14cm lang<\/p>\n<p>&nbsp;<\/p>\n<\/div>\n","protected":false},"featured_media":14182,"template":"","meta":[],"product_brand":[],"product_cat":[56,48,52,386],"product_tag":[90,295,233,242,182,694,1120,334,87,94,93,1119,1057,126,1122,1118,92,1117,243,244,181,294,125,195,370,1116,1115,1121,183,95,96],"class_list":{"0":"post-14181","1":"product","2":"type-product","3":"status-publish","4":"has-post-thumbnail","6":"product_cat-2einfach","7":"product_cat-haus-deko","8":"product_cat-herbst-halloween","9":"product_cat-silvester","10":"product_tag-amigurumi","11":"product_tag-anleitung","12":"product_tag-dekoration","13":"product_tag-dekoration-haekeln","14":"product_tag-fein","15":"product_tag-feste","16":"product_tag-fliegenpilz","17":"product_tag-geburtstag","18":"product_tag-geschenk","19":"product_tag-haekelanleitung","20":"product_tag-haekeln","21":"product_tag-haekeln-mit-wollreste","22":"product_tag-halloween","23":"product_tag-herbst","24":"product_tag-herbstdekoration","25":"product_tag-insekten","26":"product_tag-kinder","27":"product_tag-kriechtiere","28":"product_tag-kuschelwolle","29":"product_tag-kuschelwolle-haekeln","30":"product_tag-lustig","31":"product_tag-mitbringsel","32":"product_tag-pilz","33":"product_tag-praesent","34":"product_tag-raupe","35":"product_tag-regenwurm","36":"product_tag-tiere","37":"product_tag-wald","38":"product_tag-witzig","39":"product_tag-wolle","40":"product_tag-wollreste","42":"first","43":"instock","44":"downloadable","45":"shipping-taxable","46":"purchasable","47":"product-type-simple"},"_links":{"self":[{"href":"https:\/\/dadade.eu\/index.php?rest_route=\/wp\/v2\/product\/14181","targetHints":{"allow":["GET"]}}],"collection":[{"href":"https:\/\/dadade.eu\/index.php?rest_route=\/wp\/v2\/product"}],"about":[{"href":"https:\/\/dadade.eu\/index.php?rest_route=\/wp\/v2\/types\/product"}],"wp:featuredmedia":[{"embeddable":true,"href":"https:\/\/dadade.eu\/index.php?rest_route=\/wp\/v2\/media\/14182"}],"wp:attachment":[{"href":"https:\/\/dadade.eu\/index.php?rest_route=%2Fwp%2Fv2%2Fmedia&parent=14181"}],"wp:term":[{"taxonomy":"product_brand","embeddable":true,"href":"https:\/\/dadade.eu\/index.php?rest_route=%2Fwp%2Fv2%2Fproduct_brand&post=14181"},{"taxonomy":"product_cat","embeddable":true,"href":"https:\/\/dadade.eu\/index.php?rest_route=%2Fwp%2Fv2%2Fproduct_cat&post=14181"},{"taxonomy":"product_tag","embeddable":true,"href":"https:\/\/dadade.eu\/index.php?rest_route=%2Fwp%2Fv2%2Fproduct_tag&post=14181"}],"curies":[{"name":"wp","href":"https:\/\/api.w.org\/{rel}","templated":true}]}}