{"id":13525,"date":"2022-05-09T13:32:15","date_gmt":"2022-05-09T11:32:15","guid":{"rendered":"https:\/\/dadade.eu\/?post_type=product&#038;p=13525"},"modified":"2023-06-08T19:30:38","modified_gmt":"2023-06-08T17:30:38","slug":"baerli-ben-von-den-gluecksknirpsen-a504","status":"publish","type":"product","link":"https:\/\/dadade.eu\/?product=baerli-ben-von-den-gluecksknirpsen-a504","title":{"rendered":"B\u00e4rli Ben von den Gl\u00fccksknirpsen (A504)"},"content":{"rendered":"<p>Das Gl\u00fccks-B\u00e4rli Ben wurde mit Kleeblatt und Pilz versch\u00f6nert.<\/p>\n<p>Die Anleitung ist ausf\u00fchrlich mit vielen Bildern hinterlegt und schon f\u00fcr Anf\u00e4nger geeignet<\/p>\n<p>Diese Anleitung gibt es exclusiv nur bei<strong> <a href=\"https:\/\/www.sophieswolle.com\/shop\/anleitungen\">Sophie\u00b4s Wollparadies<\/a><\/strong><\/p>\n<p><img fetchpriority=\"high\" decoding=\"async\" class=\"alignnone size-medium wp-image-13530\" src=\"https:\/\/dadade.eu\/wp-content\/uploads\/2023\/05\/x5x-Baerli-Tweed-Big-1-300x225.jpg\" alt=\"\" width=\"300\" height=\"225\" srcset=\"https:\/\/dadade.eu\/wp-content\/uploads\/2023\/05\/x5x-Baerli-Tweed-Big-1-300x225.jpg 300w, https:\/\/dadade.eu\/wp-content\/uploads\/2023\/05\/x5x-Baerli-Tweed-Big-1-600x450.jpg 600w, https:\/\/dadade.eu\/wp-content\/uploads\/2023\/05\/x5x-Baerli-Tweed-Big-1-64x48.jpg 64w, https:\/\/dadade.eu\/wp-content\/uploads\/2023\/05\/x5x-Baerli-Tweed-Big-1-1024x768.jpg 1024w, https:\/\/dadade.eu\/wp-content\/uploads\/2023\/05\/x5x-Baerli-Tweed-Big-1-768x576.jpg 768w, https:\/\/dadade.eu\/wp-content\/uploads\/2023\/05\/x5x-Baerli-Tweed-Big-1.jpg 1400w\" sizes=\"(max-width: 300px) 100vw, 300px\" \/>verschiedene Wolle &#8211; verschiedenen Gr\u00f6\u00dfen<\/p>\n<p><img decoding=\"async\" class=\"alignnone size-medium wp-image-13540\" src=\"https:\/\/dadade.eu\/wp-content\/uploads\/2023\/05\/xBaerli-Tweed-3c-300x225.jpg\" alt=\"\" width=\"300\" height=\"225\" srcset=\"https:\/\/dadade.eu\/wp-content\/uploads\/2023\/05\/xBaerli-Tweed-3c-300x225.jpg 300w, https:\/\/dadade.eu\/wp-content\/uploads\/2023\/05\/xBaerli-Tweed-3c-600x450.jpg 600w, https:\/\/dadade.eu\/wp-content\/uploads\/2023\/05\/xBaerli-Tweed-3c-64x48.jpg 64w, https:\/\/dadade.eu\/wp-content\/uploads\/2023\/05\/xBaerli-Tweed-3c-1024x768.jpg 1024w, https:\/\/dadade.eu\/wp-content\/uploads\/2023\/05\/xBaerli-Tweed-3c-768x576.jpg 768w, https:\/\/dadade.eu\/wp-content\/uploads\/2023\/05\/xBaerli-Tweed-3c.jpg 1400w\" sizes=\"(max-width: 300px) 100vw, 300px\" \/>Ben mit der Himalaya Tweed geh\u00e4kelt wird er ungef\u00e4hr 33cm im Sitzen<\/p>\n<p><img decoding=\"async\" class=\"alignnone size-medium wp-image-13558\" src=\"https:\/\/dadade.eu\/wp-content\/uploads\/2023\/05\/xGluecks-Baerli-Ben-15c-300x225.jpg\" alt=\"\" width=\"300\" height=\"225\" srcset=\"https:\/\/dadade.eu\/wp-content\/uploads\/2023\/05\/xGluecks-Baerli-Ben-15c-300x225.jpg 300w, https:\/\/dadade.eu\/wp-content\/uploads\/2023\/05\/xGluecks-Baerli-Ben-15c-600x450.jpg 600w, https:\/\/dadade.eu\/wp-content\/uploads\/2023\/05\/xGluecks-Baerli-Ben-15c-64x48.jpg 64w, https:\/\/dadade.eu\/wp-content\/uploads\/2023\/05\/xGluecks-Baerli-Ben-15c-1024x768.jpg 1024w, https:\/\/dadade.eu\/wp-content\/uploads\/2023\/05\/xGluecks-Baerli-Ben-15c-768x576.jpg 768w, https:\/\/dadade.eu\/wp-content\/uploads\/2023\/05\/xGluecks-Baerli-Ben-15c.jpg 1400w\" sizes=\"(max-width: 300px) 100vw, 300px\" \/>Ben gibt es auch in Maxi, mit der Himalaya Big geh\u00e4kelt wird er ungef\u00e4hr 42cm im Sitzen<\/p>\n<p>viele Bilder und Ideen von flei\u00dfigen Helfer und H\u00e4nden findet ihr hier<\/p>\n<p><strong><a href=\"https:\/\/dadade.eu\/?p=6244\">VIELE TOLLE BILDER<\/a><\/strong><\/p>\n<p>&nbsp;<\/p>\n<p>&nbsp;<\/p>\n<p>&nbsp;<\/p>\n","protected":false},"excerpt":{"rendered":"<div id=\"cc-m-13954443088\">\n<p>Das B\u00e4rli ist s\u00fc\u00df und geh\u00f6rt zu meiner Serie Gl\u00fccks-Knirpse, die als Maskottchen f\u00fcr eine Krabbelgruppe entwickelt wurden.<\/p>\n<p>Das Gl\u00fccks-B\u00e4rli hat eine Hose und wurde mit Kleeblatt und Pilz versch\u00f6nert<\/p>\n<p>Ich finde es immer wieder faszinierend, wie anders ein Projekt aussieht und wirkt &#8211; mit anderer Wolle und Nadelst\u00e4rke.<\/p>\n<p>HIer hat man den direkten Vergleich.<\/p>\n<p>Diese Anleitung gibt es exclusiv nur bei<strong> <a href=\"https:\/\/sophieswolle.com\/\">Sophie\u00b4s Wollparadies<\/a><\/strong><\/p>\n<\/div>\n<div id=\"cc-m-13954443188\">\n<p>Mit Nadelst\u00e4rke 4 geh\u00e4kelt, wie alle Knirpse, wird das B\u00e4rli im Sitzen ungef\u00e4hr; 24cm hoch<\/p>\n<p>Allerdings haben sich noch ganz viele andere B\u00e4rlis hier eingeschlichen, Gro\u00dfe und Kleine, die Gr\u00f6\u00dfe und Masse siehe weiter unten.<\/p>\n<\/div>\n","protected":false},"featured_media":13526,"template":"","meta":[],"product_brand":[],"product_cat":[55,36,35,69],"product_tag":[90,89,87,112,111,94,93,113,110,92,88,114,91,95,96],"class_list":{"0":"post-13525","1":"product","2":"type-product","3":"status-publish","4":"has-post-thumbnail","6":"product_cat-1sehr-einfach","7":"product_cat-a5-die-lustigen-knirpse","8":"product_cat-amigurumi","9":"product_cat-mittel","10":"product_tag-amigurumi","11":"product_tag-baby","12":"product_tag-geschenk","13":"product_tag-gluecks-hase","14":"product_tag-glueckshase","15":"product_tag-haekelanleitung","16":"product_tag-haekeln","17":"product_tag-hase","18":"product_tag-hase-haekeln","19":"product_tag-kinder","20":"product_tag-kuscheltier-haekeln","21":"product_tag-ostern","22":"product_tag-plueschtier","23":"product_tag-wolle","24":"product_tag-wollreste","26":"first","27":"instock","28":"downloadable","29":"product-type-simple"},"_links":{"self":[{"href":"https:\/\/dadade.eu\/index.php?rest_route=\/wp\/v2\/product\/13525","targetHints":{"allow":["GET"]}}],"collection":[{"href":"https:\/\/dadade.eu\/index.php?rest_route=\/wp\/v2\/product"}],"about":[{"href":"https:\/\/dadade.eu\/index.php?rest_route=\/wp\/v2\/types\/product"}],"wp:featuredmedia":[{"embeddable":true,"href":"https:\/\/dadade.eu\/index.php?rest_route=\/wp\/v2\/media\/13526"}],"wp:attachment":[{"href":"https:\/\/dadade.eu\/index.php?rest_route=%2Fwp%2Fv2%2Fmedia&parent=13525"}],"wp:term":[{"taxonomy":"product_brand","embeddable":true,"href":"https:\/\/dadade.eu\/index.php?rest_route=%2Fwp%2Fv2%2Fproduct_brand&post=13525"},{"taxonomy":"product_cat","embeddable":true,"href":"https:\/\/dadade.eu\/index.php?rest_route=%2Fwp%2Fv2%2Fproduct_cat&post=13525"},{"taxonomy":"product_tag","embeddable":true,"href":"https:\/\/dadade.eu\/index.php?rest_route=%2Fwp%2Fv2%2Fproduct_tag&post=13525"}],"curies":[{"name":"wp","href":"https:\/\/api.w.org\/{rel}","templated":true}]}}