{"id":12316,"date":"2015-04-11T19:20:47","date_gmt":"2015-04-11T17:20:47","guid":{"rendered":"https:\/\/dadade.eu\/?post_type=product&#038;p=12316"},"modified":"2023-06-09T15:09:20","modified_gmt":"2023-06-09T13:09:20","slug":"riff-hai-schluesselanhaenger-zum-kuscheln-a910","status":"publish","type":"product","link":"https:\/\/dadade.eu\/?product=riff-hai-schluesselanhaenger-zum-kuscheln-a910","title":{"rendered":"Riff &#8211; Hai , Schl\u00fcsselanh\u00e4nger &#038; zum Kuscheln (A910)"},"content":{"rendered":"<p><img decoding=\"async\" class=\"alignnone wp-image-12318\" src=\"https:\/\/dadade.eu\/wp-content\/uploads\/2023\/04\/Hai0b-Kopie-300x225.jpg\" alt=\"\" width=\"191\" height=\"143\" srcset=\"https:\/\/dadade.eu\/wp-content\/uploads\/2023\/04\/Hai0b-Kopie-300x225.jpg 300w, https:\/\/dadade.eu\/wp-content\/uploads\/2023\/04\/Hai0b-Kopie-600x450.jpg 600w, https:\/\/dadade.eu\/wp-content\/uploads\/2023\/04\/Hai0b-Kopie-64x48.jpg 64w, https:\/\/dadade.eu\/wp-content\/uploads\/2023\/04\/Hai0b-Kopie-1024x768.jpg 1024w, https:\/\/dadade.eu\/wp-content\/uploads\/2023\/04\/Hai0b-Kopie-768x576.jpg 768w, https:\/\/dadade.eu\/wp-content\/uploads\/2023\/04\/Hai0b-Kopie.jpg 1400w\" sizes=\"(max-width: 191px) 100vw, 191px\" \/>die Anleitung ist f\u00fcr den Schl\u00fcsselanh\u00e4nger &#8211; mit Chiptasche<\/p>\n<p><img decoding=\"async\" class=\"alignnone wp-image-12323\" src=\"https:\/\/dadade.eu\/wp-content\/uploads\/2023\/04\/Schluesselanhaenger-Hai-Kuscheln-2-300x225.jpg\" alt=\"\" width=\"184\" height=\"138\" srcset=\"https:\/\/dadade.eu\/wp-content\/uploads\/2023\/04\/Schluesselanhaenger-Hai-Kuscheln-2-300x225.jpg 300w, https:\/\/dadade.eu\/wp-content\/uploads\/2023\/04\/Schluesselanhaenger-Hai-Kuscheln-2-600x450.jpg 600w, https:\/\/dadade.eu\/wp-content\/uploads\/2023\/04\/Schluesselanhaenger-Hai-Kuscheln-2-64x48.jpg 64w, https:\/\/dadade.eu\/wp-content\/uploads\/2023\/04\/Schluesselanhaenger-Hai-Kuscheln-2-1024x768.jpg 1024w, https:\/\/dadade.eu\/wp-content\/uploads\/2023\/04\/Schluesselanhaenger-Hai-Kuscheln-2-768x576.jpg 768w, https:\/\/dadade.eu\/wp-content\/uploads\/2023\/04\/Schluesselanhaenger-Hai-Kuscheln-2.jpg 1400w\" sizes=\"(max-width: 184px) 100vw, 184px\" \/> + zus\u00e4tzlich eine Extra-Erkl\u00e4rung f\u00fcr das Kuscheltier<\/p>\n<p>Die Anleitung ist ausf\u00fchrlich mit vielen Bildern hinterlegt und wird auf 19 Seiten Schritt-f\u00fcr-Schritt beschrieben<\/p>\n<p>&nbsp;<\/p>\n<p>MEHR VARIANTEN UND IDEEN FINDET IHR HIER<\/p>\n<p><a href=\"https:\/\/dadade.eu\/?p=11262\"><strong>VIELE TOLLE BILDER<\/strong> von flei\u00dfigen Helfer und H\u00e4nden<\/a><\/p>\n<p>&nbsp;<\/p>\n<p>&nbsp;<\/p>\n<p>&nbsp;<\/p>\n","protected":false},"excerpt":{"rendered":"<div id=\"cc-m-13954443088\">\n<p>Hier kauft man die H\u00e4kelanleitung f\u00fcr diesen coolen Hai,<\/p>\n<p><strong>1 als kleiner Gl\u00fccksbringer,<\/strong><\/p>\n<p>der Anh\u00e4nger wird ca 7cm hoch und 12cm lang, kann an eine Handtasche, Ranzen, Autospiegel oder auch Schl\u00fcsselbund geh\u00e4ngt werden.<\/p>\n<p>Schulanf\u00e4nger freuen sich besonders auf die kleinen Anh\u00e4nger, zuerst an die Schult\u00fcte,\u00a0dann an den Ranzen.<\/p>\n<p><strong>2 als Kuscheltier<\/strong><\/p>\n<p>mit Himalaya Dolphin Baby geh\u00e4kelt wird aus dem Anh\u00e4nger Hai, ein weiches Kuscheltier,<\/p>\n<p>der Hai ist nun ca 35cm lang x 16cm hoch<\/p>\n<\/div>\n<div id=\"cc-m-13954443188\" class=\"j-module n j-text \">\n<p>&nbsp;<\/p>\n<p>&nbsp;<\/p>\n<p>&nbsp;<\/p>\n<\/div>\n","protected":false},"featured_media":12328,"template":"","meta":[],"product_brand":[],"product_cat":[56,40,35],"product_tag":[90,89,233,242,87,557,841,996,94,93,92,245,180,88,243,244,91,392,195,820,997,821,822,823,824,373,998,95,96],"class_list":{"0":"post-12316","1":"product","2":"type-product","3":"status-publish","4":"has-post-thumbnail","6":"product_cat-2einfach","7":"product_cat-anhaenger-fuer-schluessel","8":"product_cat-amigurumi","9":"product_tag-amigurumi","10":"product_tag-baby","11":"product_tag-dekoration","12":"product_tag-dekoration-haekeln","13":"product_tag-geschenk","14":"product_tag-gluecksbringer","15":"product_tag-hai","16":"product_tag-hai-haeklen","17":"product_tag-haekelanleitung","18":"product_tag-haekeln","19":"product_tag-kinder","20":"product_tag-kuschelige-haekeltiere","21":"product_tag-kuscheltier","22":"product_tag-kuscheltier-haekeln","23":"product_tag-kuschelwolle","24":"product_tag-kuschelwolle-haekeln","25":"product_tag-plueschtier","26":"product_tag-plueschtier-haekeln","27":"product_tag-praesent","28":"product_tag-schluesselanhaenger","29":"product_tag-schluesselanhaenger-hai","30":"product_tag-schluesselanhaenger-haekeln","31":"product_tag-schluesselring","32":"product_tag-taschenbaumler","33":"product_tag-taschenbaumler-haekeln","34":"product_tag-vatertag","35":"product_tag-vatertags-geschenk","36":"product_tag-wolle","37":"product_tag-wollreste","39":"first","40":"instock","41":"downloadable","42":"shipping-taxable","43":"purchasable","44":"product-type-simple"},"_links":{"self":[{"href":"https:\/\/dadade.eu\/index.php?rest_route=\/wp\/v2\/product\/12316","targetHints":{"allow":["GET"]}}],"collection":[{"href":"https:\/\/dadade.eu\/index.php?rest_route=\/wp\/v2\/product"}],"about":[{"href":"https:\/\/dadade.eu\/index.php?rest_route=\/wp\/v2\/types\/product"}],"wp:featuredmedia":[{"embeddable":true,"href":"https:\/\/dadade.eu\/index.php?rest_route=\/wp\/v2\/media\/12328"}],"wp:attachment":[{"href":"https:\/\/dadade.eu\/index.php?rest_route=%2Fwp%2Fv2%2Fmedia&parent=12316"}],"wp:term":[{"taxonomy":"product_brand","embeddable":true,"href":"https:\/\/dadade.eu\/index.php?rest_route=%2Fwp%2Fv2%2Fproduct_brand&post=12316"},{"taxonomy":"product_cat","embeddable":true,"href":"https:\/\/dadade.eu\/index.php?rest_route=%2Fwp%2Fv2%2Fproduct_cat&post=12316"},{"taxonomy":"product_tag","embeddable":true,"href":"https:\/\/dadade.eu\/index.php?rest_route=%2Fwp%2Fv2%2Fproduct_tag&post=12316"}],"curies":[{"name":"wp","href":"https:\/\/api.w.org\/{rel}","templated":true}]}}