{"id":12180,"date":"2023-04-07T13:58:32","date_gmt":"2023-04-07T11:58:32","guid":{"rendered":"https:\/\/dadade.eu\/?post_type=product&#038;p=12180"},"modified":"2024-12-04T11:03:31","modified_gmt":"2024-12-04T10:03:31","slug":"hosen-anzug-fruehlingserwachen-fuer-puppen-groesse-43cm-p010","status":"publish","type":"product","link":"https:\/\/dadade.eu\/?product=hosen-anzug-fruehlingserwachen-fuer-puppen-groesse-43cm-p010","title":{"rendered":"Hosen-Anzug Fr\u00fchlingserwachen f\u00fcr Puppen-Gr\u00f6\u00dfe 43cm (P010)"},"content":{"rendered":"<p><img decoding=\"async\" class=\"alignnone wp-image-12184\" src=\"https:\/\/dadade.eu\/wp-content\/uploads\/2023\/04\/xFruehlingserwachen-ostern-1-300x225.jpg\" alt=\"\" width=\"197\" height=\"148\" srcset=\"https:\/\/dadade.eu\/wp-content\/uploads\/2023\/04\/xFruehlingserwachen-ostern-1-300x225.jpg 300w, https:\/\/dadade.eu\/wp-content\/uploads\/2023\/04\/xFruehlingserwachen-ostern-1-600x450.jpg 600w, https:\/\/dadade.eu\/wp-content\/uploads\/2023\/04\/xFruehlingserwachen-ostern-1-64x48.jpg 64w, https:\/\/dadade.eu\/wp-content\/uploads\/2023\/04\/xFruehlingserwachen-ostern-1-1024x768.jpg 1024w, https:\/\/dadade.eu\/wp-content\/uploads\/2023\/04\/xFruehlingserwachen-ostern-1-768x576.jpg 768w, https:\/\/dadade.eu\/wp-content\/uploads\/2023\/04\/xFruehlingserwachen-ostern-1.jpg 1400w\" sizes=\"(max-width: 197px) 100vw, 197px\" \/>zu dem Hosen-Anzug gibt es auch noch <strong><a href=\"https:\/\/dadade.eu\/?product=kleid-fruehlingserwachen-fuer-puppen-groesse-43cm-p009\">ein s\u00fc\u00dfes Kleidchen<\/a><\/strong><\/p>\n<p><img decoding=\"async\" class=\"alignnone wp-image-12183\" src=\"https:\/\/dadade.eu\/wp-content\/uploads\/2023\/04\/Fruehlings-Hose-Ente-3-300x225.jpg\" alt=\"\" width=\"201\" height=\"151\" srcset=\"https:\/\/dadade.eu\/wp-content\/uploads\/2023\/04\/Fruehlings-Hose-Ente-3-300x225.jpg 300w, https:\/\/dadade.eu\/wp-content\/uploads\/2023\/04\/Fruehlings-Hose-Ente-3-600x450.jpg 600w, https:\/\/dadade.eu\/wp-content\/uploads\/2023\/04\/Fruehlings-Hose-Ente-3-64x48.jpg 64w, https:\/\/dadade.eu\/wp-content\/uploads\/2023\/04\/Fruehlings-Hose-Ente-3-1024x768.jpg 1024w, https:\/\/dadade.eu\/wp-content\/uploads\/2023\/04\/Fruehlings-Hose-Ente-3-768x576.jpg 768w, https:\/\/dadade.eu\/wp-content\/uploads\/2023\/04\/Fruehlings-Hose-Ente-3.jpg 1400w\" sizes=\"(max-width: 201px) 100vw, 201px\" \/>das putzige Entchen\u00a0 geh\u00f6rt auch dazu<\/p>\n<p>Die Anleitung ist f\u00fcr Anf\u00e4nger geeignet.<\/p>\n<p>Die Anleitung ist ausf\u00fchrlich mit vielen Bildern hinterlegt und wird auf \u00fcber 24 Seiten &amp; 5 Seiten (Muster) Schritt-f\u00fcr-Schritt beschrieben!<\/p>\n<p>Auch das Muster ist extra mit H\u00e4kelschrift und Bilder erkl\u00e4rt, braucht aber evtl. etwas \u00dcbung<\/p>\n<p>&nbsp;<\/p>\n<p>Puppenkleider-Bilder von flei\u00dfigen Helfer und H\u00e4nden?<\/p>\n<p><strong><a href=\"https:\/\/dadade.eu\/?p=7714\">KLICKE HIER<\/a><\/strong><\/p>\n<p>&nbsp;<\/p>\n<p>&nbsp;<\/p>\n<p>&nbsp;<\/p>\n","protected":false},"excerpt":{"rendered":"<div id=\"cc-m-13954443088\" class=\"j-module n j-text \">\n<p>Hier kauft man die H\u00e4kelanleitung f\u00fcr dieses witzige Fr\u00fchlings-Set,<\/p>\n<p>mit Hosen-Anzug, M\u00fctze, Tasche und putzigem Entchen. Auch P\u00fcppis brauchen was zum Kuscheln.<\/p>\n<p>Die Geschenk-Idee f\u00fcr alle Puppenmuttis,<\/p>\n<p>f\u00fcr die Gro\u00dfen- als Deko z.B. f\u00fcr Fr\u00fchling &amp; Ostern oder f\u00fcr die Kleinen &#8211; zum Spielen.<\/p>\n<p>Der Hosen-Anzug ist in allen Farben der Hammer, viele Ideen findet ihr <strong><a href=\"https:\/\/dadade.eu\/?p=7714\">hier.<\/a><\/strong><\/p>\n<p>Mit der Nadelst\u00e4rke 3,5 geh\u00e4kelt passt der Anzug Puppen, Gr\u00f6\u00dfe 43cm,<\/p>\n<p>Mit dem Kauf erh\u00e4lt man eine leicht verst\u00e4ndliche H\u00e4kelanleitung im praktischen PDF-Format.<\/p>\n<p>Die Anleitung ist auch schon f\u00fcr Anf\u00e4nger geeignet.<\/p>\n<p>&nbsp;<\/p>\n<\/div>\n","protected":false},"featured_media":12194,"template":"","meta":[],"product_brand":[],"product_cat":[57,42,428,66,499],"product_tag":[433,89,242,254,397,260,334,87,335,94,93,477,975,179,92,181,973,974,434,114,195,436,482,479,483,440,430,429,970,969,330,95,96],"class_list":{"0":"post-12180","1":"product","2":"type-product","3":"status-publish","4":"has-post-thumbnail","6":"product_cat-3mittel","7":"product_cat-baby","8":"product_cat-fuer-puppenmuttis","9":"product_cat-mini","10":"product_cat-ostern","11":"product_tag-applikation-haekeln","12":"product_tag-baby","13":"product_tag-dekoration-haekeln","14":"product_tag-ente","15":"product_tag-ente-haekeln","16":"product_tag-fruehling","17":"product_tag-geburtstag","18":"product_tag-geschenk","19":"product_tag-geschenkidee-haekeln","20":"product_tag-haekelanleitung","21":"product_tag-haekeln","22":"product_tag-hose","23":"product_tag-hose-haekeln","24":"product_tag-hut","25":"product_tag-kinder","26":"product_tag-lustig","27":"product_tag-mini-ente","28":"product_tag-mini-ente-haekeln","29":"product_tag-muetze","30":"product_tag-ostern","31":"product_tag-praesent","32":"product_tag-puppen-anzug","33":"product_tag-puppen-hose","34":"product_tag-puppen-hut","35":"product_tag-puppen-hut-haekeln","36":"product_tag-puppenanzug-haekeln","37":"product_tag-puppenkleider","38":"product_tag-puppenkleider-haekeln","39":"product_tag-puppentasche-haekeln","40":"product_tag-tasche","41":"product_tag-witziges-geschenk","42":"product_tag-wolle","43":"product_tag-wollreste","45":"first","46":"instock","47":"downloadable","48":"shipping-taxable","49":"purchasable","50":"product-type-simple"},"_links":{"self":[{"href":"https:\/\/dadade.eu\/index.php?rest_route=\/wp\/v2\/product\/12180","targetHints":{"allow":["GET"]}}],"collection":[{"href":"https:\/\/dadade.eu\/index.php?rest_route=\/wp\/v2\/product"}],"about":[{"href":"https:\/\/dadade.eu\/index.php?rest_route=\/wp\/v2\/types\/product"}],"wp:featuredmedia":[{"embeddable":true,"href":"https:\/\/dadade.eu\/index.php?rest_route=\/wp\/v2\/media\/12194"}],"wp:attachment":[{"href":"https:\/\/dadade.eu\/index.php?rest_route=%2Fwp%2Fv2%2Fmedia&parent=12180"}],"wp:term":[{"taxonomy":"product_brand","embeddable":true,"href":"https:\/\/dadade.eu\/index.php?rest_route=%2Fwp%2Fv2%2Fproduct_brand&post=12180"},{"taxonomy":"product_cat","embeddable":true,"href":"https:\/\/dadade.eu\/index.php?rest_route=%2Fwp%2Fv2%2Fproduct_cat&post=12180"},{"taxonomy":"product_tag","embeddable":true,"href":"https:\/\/dadade.eu\/index.php?rest_route=%2Fwp%2Fv2%2Fproduct_tag&post=12180"}],"curies":[{"name":"wp","href":"https:\/\/api.w.org\/{rel}","templated":true}]}}