{"id":12088,"date":"2023-02-05T20:30:23","date_gmt":"2023-02-05T19:30:23","guid":{"rendered":"https:\/\/dadade.eu\/?post_type=product&#038;p=12088"},"modified":"2023-06-12T18:23:00","modified_gmt":"2023-06-12T16:23:00","slug":"a900-schluesselanhaenger-oder-tiere-zum-kuscheln-und-liebhaben","status":"publish","type":"product","link":"https:\/\/dadade.eu\/?product=a900-schluesselanhaenger-oder-tiere-zum-kuscheln-und-liebhaben","title":{"rendered":"A900 Schl\u00fcsselanh\u00e4nger, oder Tiere zum Kuscheln und Liebhaben"},"content":{"rendered":"<p>mehr dazu findet ihr hier;<\/p>\n<p><strong><a href=\"https:\/\/dadade.eu\/?product_cat=amigurumis-zum-kuscheln\">Amigurumi<\/a><a href=\"https:\/\/dadade.eu\/?product_cat=anhaenger-fuer-schluessel\"> &#8211; A9 Anh\u00e4nger f\u00fcr Schl\u00fcssel &amp; mehr<\/a><\/strong><\/p>\n<p>&nbsp;<\/p>\n<p><a href=\"https:\/\/dadade.eu\/?product=drachen-baby-schluesselanhaenger-mit-chiptasche-kuscheltier-mit-rasseln-a903\"><strong><u>A903 kleiner Drache<\/u><\/strong><\/a><\/p>\n<p><a href=\"https:\/\/dadade.eu\/?product=deutschland-eule-schluesselanhaenger-mit-chiptasche-kuscheltier-a904\"><strong><u>A904 Eule<\/u><\/strong><\/a><\/p>\n<p><a href=\"https:\/\/dadade.eu\/?product=schnabeltier-schluesselanhaenger-mit-chiptasche-kuscheltier-a919\"><strong><u>A919 Schnabeltier<\/u><\/strong><\/a><u><\/u><\/p>\n<p><a title=\"A168 Gl\u00fccks-Vogel\" href=\"https:\/\/dadade.eu\/?product=seestern-schluesselanhaenger-mit-chiptasche-kuscheltier-a921\"><strong><u>A921 Seestern<\/u><\/strong><\/a><\/p>\n<p><a title=\"A168 Gl\u00fccks-Vogel\" href=\"https:\/\/dadade.eu\/?product=clown-fisch-schluesselanhaenger-mit-chiptasche-kuscheltier-a906-kopie\"><strong><u>A923 Erdm\u00e4nnchen<\/u><\/strong><\/a><\/p>\n<p>&nbsp;<\/p>\n<p>mehr Bilder, von flei\u00dfigen Helfer und H\u00e4nde<\/p>\n<p><strong><a href=\"https:\/\/dadade.eu\/?page_id=5389\">KLICKE HIER<\/a><\/strong><\/p>\n<p>&nbsp;<\/p>\n<p>&nbsp;<\/p>\n","protected":false},"excerpt":{"rendered":"<p>Als Amigurumi bezeichnet man die Strick- oder H\u00e4kelkunst, mit der kleine Tierpuppen oder Puppen\u00e4hnlichen Objekte hergestellt werden.<\/p>\n<p>Diese Schl\u00fcsselanh\u00e4nger sind mit Baumwolle geh\u00e4kelt und teilweise mit Chiptasche<\/p>\n<p>oder mit Chenillewolle geh\u00e4kelt &#8211; die perfekten Kuscheltiere,\u00a0 \u00fcber die sich jedes Kind freut.<\/p>\n<p>Bei diesen Anleitungen ist immer eine Info f\u00fcr das Umsetzen der Anleitung f\u00fcr ein Kuscheltier dabei.<\/p>\n<p>&nbsp;<\/p>\n<p>Deiner Fantasie sind keine Grenzen gesetzt.<\/p>\n<p>mehr dazu findet ihr hier; <strong><a href=\"https:\/\/dadade.eu\/?product_cat=amigurumis-zum-kuscheln\">Amigurumi<\/a><a href=\"https:\/\/dadade.eu\/?product_cat=anhaenger-fuer-schluessel\"> &#8211; A9 Anh\u00e4nger f\u00fcr Schl\u00fcssel &amp; mehr<\/a><\/strong><\/p>\n<h1 title=\" A9 Anh\u00e4nger f\u00fcr Schl\u00fcssel\"><\/h1>\n<p>&nbsp;<\/p>\n<p>&nbsp;<\/p>\n","protected":false},"featured_media":12362,"template":"","meta":[],"product_brand":[],"product_cat":[16],"product_tag":[90,639,89,233,665,713,339,340,564,563,399,939,87,493,298,557,94,93,92,88,294,91,195,935,937,822,847,848,936,845,846,823,95,96],"class_list":{"0":"post-12088","1":"product","2":"type-product","3":"status-publish","4":"has-post-thumbnail","6":"product_cat-alle","7":"product_tag-amigurumi","8":"product_tag-australien","9":"product_tag-baby","10":"product_tag-dekoration","11":"product_tag-drache","12":"product_tag-drachen-haekeln","13":"product_tag-erdmaennchen","14":"product_tag-erdmaennchen-haekeln","15":"product_tag-eule","16":"product_tag-eule-haekeln","17":"product_tag-fruehlingsbote","18":"product_tag-geldgeschenk","19":"product_tag-geschenk","20":"product_tag-geschenk-kinder","21":"product_tag-geschenkverpackung","22":"product_tag-gluecksbringer","23":"product_tag-haekelanleitung","24":"product_tag-haekeln","25":"product_tag-kinder","26":"product_tag-kuscheltier-haekeln","27":"product_tag-mitbringsel","28":"product_tag-plueschtier","29":"product_tag-praesent","30":"product_tag-ranzen","31":"product_tag-schluesselhaenger","32":"product_tag-schluesselring","33":"product_tag-schnabeltier","34":"product_tag-schnabeltier-haekeln","35":"product_tag-schulanfaenger","36":"product_tag-seestern","37":"product_tag-seestern-haekeln","38":"product_tag-taschenbaumler","39":"product_tag-wolle","40":"product_tag-wollreste","42":"first","43":"instock","44":"shipping-taxable","45":"product-type-simple"},"_links":{"self":[{"href":"https:\/\/dadade.eu\/index.php?rest_route=\/wp\/v2\/product\/12088","targetHints":{"allow":["GET"]}}],"collection":[{"href":"https:\/\/dadade.eu\/index.php?rest_route=\/wp\/v2\/product"}],"about":[{"href":"https:\/\/dadade.eu\/index.php?rest_route=\/wp\/v2\/types\/product"}],"wp:featuredmedia":[{"embeddable":true,"href":"https:\/\/dadade.eu\/index.php?rest_route=\/wp\/v2\/media\/12362"}],"wp:attachment":[{"href":"https:\/\/dadade.eu\/index.php?rest_route=%2Fwp%2Fv2%2Fmedia&parent=12088"}],"wp:term":[{"taxonomy":"product_brand","embeddable":true,"href":"https:\/\/dadade.eu\/index.php?rest_route=%2Fwp%2Fv2%2Fproduct_brand&post=12088"},{"taxonomy":"product_cat","embeddable":true,"href":"https:\/\/dadade.eu\/index.php?rest_route=%2Fwp%2Fv2%2Fproduct_cat&post=12088"},{"taxonomy":"product_tag","embeddable":true,"href":"https:\/\/dadade.eu\/index.php?rest_route=%2Fwp%2Fv2%2Fproduct_tag&post=12088"}],"curies":[{"name":"wp","href":"https:\/\/api.w.org\/{rel}","templated":true}]}}