{"id":12043,"date":"2015-08-05T11:18:41","date_gmt":"2015-08-05T09:18:41","guid":{"rendered":"https:\/\/dadade.eu\/?post_type=product&#038;p=12043"},"modified":"2023-06-09T15:12:36","modified_gmt":"2023-06-09T13:12:36","slug":"der-grosse-drachen-schluesselanhaenger-mit-chiptasche-a902","status":"publish","type":"product","link":"https:\/\/dadade.eu\/?product=der-grosse-drachen-schluesselanhaenger-mit-chiptasche-a902","title":{"rendered":"der gro\u00dfe Drachen, Schl\u00fcsselanh\u00e4nger mit Chiptasche (A902)"},"content":{"rendered":"<p><img fetchpriority=\"high\" decoding=\"async\" class=\"alignnone size-medium wp-image-12051\" src=\"https:\/\/dadade.eu\/wp-content\/uploads\/2023\/04\/2023gr.Drachen0-Kopie-300x225.jpg\" alt=\"\" width=\"300\" height=\"225\" srcset=\"https:\/\/dadade.eu\/wp-content\/uploads\/2023\/04\/2023gr.Drachen0-Kopie-300x225.jpg 300w, https:\/\/dadade.eu\/wp-content\/uploads\/2023\/04\/2023gr.Drachen0-Kopie-scaled-600x450.jpg 600w, https:\/\/dadade.eu\/wp-content\/uploads\/2023\/04\/2023gr.Drachen0-Kopie-scaled-64x48.jpg 64w, https:\/\/dadade.eu\/wp-content\/uploads\/2023\/04\/2023gr.Drachen0-Kopie-1024x768.jpg 1024w, https:\/\/dadade.eu\/wp-content\/uploads\/2023\/04\/2023gr.Drachen0-Kopie-768x576.jpg 768w, https:\/\/dadade.eu\/wp-content\/uploads\/2023\/04\/2023gr.Drachen0-Kopie-1536x1152.jpg 1536w, https:\/\/dadade.eu\/wp-content\/uploads\/2023\/04\/2023gr.Drachen0-Kopie-2048x1536.jpg 2048w\" sizes=\"(max-width: 300px) 100vw, 300px\" \/>der Drachen hat eine praktische Chiptasche<\/p>\n<p>Die Anleitung ist ausf\u00fchrlich mit vielen Bildern hinterlegt und wird auf 21 Seiten Schritt-f\u00fcr-Schritt beschrieben<\/p>\n<p>&nbsp;<\/p>\n<p>MEHR VARIANTEN UND IDEEN FINDET IHR HIER<\/p>\n<p><a href=\"https:\/\/dadade.eu\/?p=11262\"><strong>VIELE TOLLE BILDER<\/strong> von flei\u00dfigen Helfer und H\u00e4nden<\/a><\/p>\n<p>&nbsp;<\/p>\n<p>&nbsp;<\/p>\n<p>&nbsp;<\/p>\n","protected":false},"excerpt":{"rendered":"<div id=\"cc-m-13954443088\">\n<p>Hier kauft man die H\u00e4kelanleitung f\u00fcr den Schl\u00fcssel- oder Autospiegel- Anh\u00e4nger gro\u00dfer Drachen,<\/p>\n<p>das Geschenk auch f\u00fcr M\u00e4nner, die ihr Auto lieben. Oder man h\u00e4ngt den Drachen an einen Schult\u00fcte oder Ranzen. Auch f\u00fcr eine Handtasche ist der Drache geeignet.<\/p>\n<p>Der Anh\u00e4nger hat ein Fach f\u00fcr einen Einkaufs-Chip, oder f\u00fcr einen Euro, weitere Anh\u00e4nger sind \u00a0in meinem Shop erh\u00e4ltlich.<\/p>\n<p><strong>&gt;&gt;Kleine Geschenk erhalten die Freundschaft&lt;&lt;<\/strong><\/p>\n<p>Hier kann man sich nach Lust und Laune austoben,<\/p>\n<p>Wollreste, Pailletten, Perlen, Wackelaugen \u2013<\/p>\n<p>Alles was die Schatzkiste hergibt;<\/p>\n<p><strong>Lasst der Fantasie freien Lauf<\/strong>.<\/p>\n<p>Mit Baumwolle der Nadelst\u00e4rke 2 wird der Drachen ungef\u00e4hr; 10 cm lang, 5 cm breit und 10cm hoch<\/p>\n<\/div>\n<div id=\"cc-m-13954443188\" class=\"j-module n j-text \">\n<p>&nbsp;<\/p>\n<p>&nbsp;<\/p>\n<p>&nbsp;<\/p>\n<\/div>\n","protected":false},"featured_media":12046,"template":"","meta":[],"product_brand":[],"product_cat":[56,40,35,69],"product_tag":[90,833,837,839,233,242,665,929,931,840,834,926,928,87,557,927,94,93,830,831,194,829,195,820,930,821,822,823,824,682,95,96],"class_list":{"0":"post-12043","1":"product","2":"type-product","3":"status-publish","4":"has-post-thumbnail","6":"product_cat-2einfach","7":"product_cat-anhaenger-fuer-schluessel","8":"product_cat-amigurumi","9":"product_cat-mittel","10":"product_tag-amigurumi","11":"product_tag-anhaenger","12":"product_tag-chip","13":"product_tag-chip-tasche","14":"product_tag-dekoration","15":"product_tag-dekoration-haekeln","16":"product_tag-drache","17":"product_tag-drache-haekel","18":"product_tag-drache-mit-chiptasche","19":"product_tag-einkaufs-chip","20":"product_tag-einkaufschip","21":"product_tag-feuerspucker","22":"product_tag-fliegen","23":"product_tag-geschenk","24":"product_tag-gluecksbringer","25":"product_tag-grisu","26":"product_tag-haekelanleitung","27":"product_tag-haekeln","28":"product_tag-key-ring","29":"product_tag-keychains","30":"product_tag-kind","31":"product_tag-originell","32":"product_tag-praesent","33":"product_tag-schluesselanhaenger","34":"product_tag-schluesselanhaenger-drache","35":"product_tag-schluesselanhaenger-haekeln","36":"product_tag-schluesselring","37":"product_tag-taschenbaumler","38":"product_tag-taschenbaumler-haekeln","39":"product_tag-tier","40":"product_tag-wolle","41":"product_tag-wollreste","43":"first","44":"instock","45":"downloadable","46":"shipping-taxable","47":"purchasable","48":"product-type-simple"},"_links":{"self":[{"href":"https:\/\/dadade.eu\/index.php?rest_route=\/wp\/v2\/product\/12043","targetHints":{"allow":["GET"]}}],"collection":[{"href":"https:\/\/dadade.eu\/index.php?rest_route=\/wp\/v2\/product"}],"about":[{"href":"https:\/\/dadade.eu\/index.php?rest_route=\/wp\/v2\/types\/product"}],"wp:featuredmedia":[{"embeddable":true,"href":"https:\/\/dadade.eu\/index.php?rest_route=\/wp\/v2\/media\/12046"}],"wp:attachment":[{"href":"https:\/\/dadade.eu\/index.php?rest_route=%2Fwp%2Fv2%2Fmedia&parent=12043"}],"wp:term":[{"taxonomy":"product_brand","embeddable":true,"href":"https:\/\/dadade.eu\/index.php?rest_route=%2Fwp%2Fv2%2Fproduct_brand&post=12043"},{"taxonomy":"product_cat","embeddable":true,"href":"https:\/\/dadade.eu\/index.php?rest_route=%2Fwp%2Fv2%2Fproduct_cat&post=12043"},{"taxonomy":"product_tag","embeddable":true,"href":"https:\/\/dadade.eu\/index.php?rest_route=%2Fwp%2Fv2%2Fproduct_tag&post=12043"}],"curies":[{"name":"wp","href":"https:\/\/api.w.org\/{rel}","templated":true}]}}