{"id":11968,"date":"2015-04-04T17:32:05","date_gmt":"2015-04-04T15:32:05","guid":{"rendered":"https:\/\/dadade.eu\/?post_type=product&#038;p=11968"},"modified":"2023-08-09T23:19:19","modified_gmt":"2023-08-09T21:19:19","slug":"schmetterling-friedl-und-frieda-zickzack-zum-kuscheln-a129","status":"publish","type":"product","link":"https:\/\/dadade.eu\/?product=schmetterling-friedl-und-frieda-zickzack-zum-kuscheln-a129","title":{"rendered":"Schmetterling Friedl und Frieda Zickzack, zum Kuscheln (A129)"},"content":{"rendered":"<p><img decoding=\"async\" class=\"alignnone wp-image-11969\" src=\"https:\/\/dadade.eu\/wp-content\/uploads\/2023\/04\/Schmetterling13-300x300.jpg\" alt=\"\" width=\"217\" height=\"217\" srcset=\"https:\/\/dadade.eu\/wp-content\/uploads\/2023\/04\/Schmetterling13-300x300.jpg 300w, https:\/\/dadade.eu\/wp-content\/uploads\/2023\/04\/Schmetterling13-scaled-100x100.jpg 100w, https:\/\/dadade.eu\/wp-content\/uploads\/2023\/04\/Schmetterling13-scaled-600x600.jpg 600w, https:\/\/dadade.eu\/wp-content\/uploads\/2023\/04\/Schmetterling13-scaled-64x64.jpg 64w, https:\/\/dadade.eu\/wp-content\/uploads\/2023\/04\/Schmetterling13-1024x1024.jpg 1024w, https:\/\/dadade.eu\/wp-content\/uploads\/2023\/04\/Schmetterling13-150x150.jpg 150w, https:\/\/dadade.eu\/wp-content\/uploads\/2023\/04\/Schmetterling13-768x768.jpg 768w, https:\/\/dadade.eu\/wp-content\/uploads\/2023\/04\/Schmetterling13-1536x1536.jpg 1536w, https:\/\/dadade.eu\/wp-content\/uploads\/2023\/04\/Schmetterling13-2048x2048.jpg 2048w\" sizes=\"(max-width: 217px) 100vw, 217px\" \/>die Anleitung ist auf die erste Version, den Schmetterling Zickzack, aufgebaut, der mit Perlen und Pailletten eine wundersch\u00f6ne Dekoration ist<\/p>\n<p><img decoding=\"async\" class=\"alignnone wp-image-11970\" src=\"https:\/\/dadade.eu\/wp-content\/uploads\/2023\/04\/Schmetterling30-300x300.jpg\" alt=\"\" width=\"219\" height=\"219\" srcset=\"https:\/\/dadade.eu\/wp-content\/uploads\/2023\/04\/Schmetterling30-300x300.jpg 300w, https:\/\/dadade.eu\/wp-content\/uploads\/2023\/04\/Schmetterling30-scaled-100x100.jpg 100w, https:\/\/dadade.eu\/wp-content\/uploads\/2023\/04\/Schmetterling30-scaled-600x600.jpg 600w, https:\/\/dadade.eu\/wp-content\/uploads\/2023\/04\/Schmetterling30-scaled-64x64.jpg 64w, https:\/\/dadade.eu\/wp-content\/uploads\/2023\/04\/Schmetterling30-1024x1024.jpg 1024w, https:\/\/dadade.eu\/wp-content\/uploads\/2023\/04\/Schmetterling30-150x150.jpg 150w, https:\/\/dadade.eu\/wp-content\/uploads\/2023\/04\/Schmetterling30-768x768.jpg 768w, https:\/\/dadade.eu\/wp-content\/uploads\/2023\/04\/Schmetterling30-1536x1536.jpg 1536w, https:\/\/dadade.eu\/wp-content\/uploads\/2023\/04\/Schmetterling30-2048x2048.jpg 2048w\" sizes=\"(max-width: 219px) 100vw, 219px\" \/><strong><a href=\"https:\/\/dadade.eu\/?product=baby-set-jacke-muetze-schuhe-mit-schmetterling-elefant-b110\">diesen Schmetterling gibt es auch noch in einem 3-teiligen Baby-Set<\/a><\/strong><\/p>\n<p>Die Anleitung ist ausf\u00fchrlich mit vielen Bildern hinterlegt und wird auf 39 Seiten &amp; 23 (Extraseiten) Seiten Schritt-f\u00fcr-Schritt beschrieben!<\/p>\n<p>das Zickzack Muster ist f\u00fcr Anf\u00e4nger eine Herausforderung, wird aber mit vielen Bildern Reihe f\u00fcr Reihe erkl\u00e4rt.<\/p>\n<p>MEHR VARIANTEN UND IDEEN FINDET IHR HIER<\/p>\n<p><a href=\"https:\/\/dadade.eu\/?p=11668\"><strong>VIELE TOLLE BILDER<\/strong> von flei\u00dfigen Helfer und H\u00e4nden<\/a><\/p>\n<p>&nbsp;<\/p>\n<p>&nbsp;<\/p>\n<p>&nbsp;<\/p>\n","protected":false},"excerpt":{"rendered":"<div id=\"cc-m-13954443088\">\n<p>Hier kauft man die H\u00e4kelanleitung f\u00fcr den Schmetterling Zickzack<\/p>\n<p><strong>der Schmetterling als Dekoration:<\/strong><\/p>\n<p>Hier kann man sich nach Lust und Laune austoben, Pailletten, Perlen, Wackelaugen \u2013 Alles was die Schatzkiste hergibt;<\/p>\n<p><strong>Lasst der Fantasie freien Lauf<\/strong>.<\/p>\n<p><strong>Oder;<\/strong><\/p>\n<p><strong>der kuschelige Schmetterling mit Chenille-Wolle: Friedl und Frieda Falter<\/strong><\/p>\n<p>Der Schmetterling eignet sich auch hervorragend Wollreste zu verarbeiten<\/p>\n<p>Mit dem Kauf erh\u00e4ltst du eine leicht verst\u00e4ndliche H\u00e4kelanleitung im praktischen PDF-Format.<\/p>\n<p>Die Anleitung ist auch schon f\u00fcr Anf\u00e4nger geeignet.<\/p>\n<p>&nbsp;<\/p>\n<p>Mit Wolle der Nadelst\u00e4rke 3 \u2013 3,5 wird der Schmetterling ungef\u00e4hr; 27 cm breit und 27 cm hoch<\/p>\n<p>Mit der Chenille-Wolle der Nadelst\u00e4rke 4 wird der Schmetterling ungef\u00e4hr; 43 cm breit und 40 cm hoch ( ohne F\u00fchler)<\/p>\n<p>&nbsp;<\/p>\n<\/div>\n<div id=\"cc-m-13954443188\" class=\"j-module n j-text \">\n<p>&nbsp;<\/p>\n<p>&nbsp;<\/p>\n<p>&nbsp;<\/p>\n<\/div>\n","protected":false},"featured_media":11978,"template":"","meta":[],"product_brand":[],"product_cat":[57,35,39,501,69],"product_tag":[90,639,89,242,918,919,260,87,557,94,93,92,234,245,345,180,88,243,244,91,392,390,391,95,96],"class_list":{"0":"post-11968","1":"product","2":"type-product","3":"status-publish","4":"has-post-thumbnail","6":"product_cat-3mittel","7":"product_cat-amigurumi","8":"product_cat-amigurumis-zum-kuscheln","9":"product_cat-ostern-amigurumi","10":"product_cat-mittel","11":"product_tag-amigurumi","12":"product_tag-australien","13":"product_tag-baby","14":"product_tag-dekoration-haekeln","15":"product_tag-falter","16":"product_tag-falter-haekeln","17":"product_tag-fruehling","18":"product_tag-geschenk","19":"product_tag-gluecksbringer","20":"product_tag-haekelanleitung","21":"product_tag-haekeln","22":"product_tag-kinder","23":"product_tag-kinderzimmer","24":"product_tag-kuschelige-haekeltiere","25":"product_tag-kuscheln","26":"product_tag-kuscheltier","27":"product_tag-kuscheltier-haekeln","28":"product_tag-kuschelwolle","29":"product_tag-kuschelwolle-haekeln","30":"product_tag-plueschtier","31":"product_tag-plueschtier-haekeln","32":"product_tag-schmetterling","33":"product_tag-schmetterling-haekeln","34":"product_tag-wolle","35":"product_tag-wollreste","37":"first","38":"instock","39":"downloadable","40":"shipping-taxable","41":"purchasable","42":"product-type-simple"},"_links":{"self":[{"href":"https:\/\/dadade.eu\/index.php?rest_route=\/wp\/v2\/product\/11968","targetHints":{"allow":["GET"]}}],"collection":[{"href":"https:\/\/dadade.eu\/index.php?rest_route=\/wp\/v2\/product"}],"about":[{"href":"https:\/\/dadade.eu\/index.php?rest_route=\/wp\/v2\/types\/product"}],"wp:featuredmedia":[{"embeddable":true,"href":"https:\/\/dadade.eu\/index.php?rest_route=\/wp\/v2\/media\/11978"}],"wp:attachment":[{"href":"https:\/\/dadade.eu\/index.php?rest_route=%2Fwp%2Fv2%2Fmedia&parent=11968"}],"wp:term":[{"taxonomy":"product_brand","embeddable":true,"href":"https:\/\/dadade.eu\/index.php?rest_route=%2Fwp%2Fv2%2Fproduct_brand&post=11968"},{"taxonomy":"product_cat","embeddable":true,"href":"https:\/\/dadade.eu\/index.php?rest_route=%2Fwp%2Fv2%2Fproduct_cat&post=11968"},{"taxonomy":"product_tag","embeddable":true,"href":"https:\/\/dadade.eu\/index.php?rest_route=%2Fwp%2Fv2%2Fproduct_tag&post=11968"}],"curies":[{"name":"wp","href":"https:\/\/api.w.org\/{rel}","templated":true}]}}