{"id":11823,"date":"2019-10-01T23:09:27","date_gmt":"2019-10-01T21:09:27","guid":{"rendered":"https:\/\/dadade.eu\/?post_type=product&#038;p=11823"},"modified":"2024-04-29T08:30:52","modified_gmt":"2024-04-29T06:30:52","slug":"drache-happy-babsy-zum-kuscheln-a141","status":"publish","type":"product","link":"https:\/\/dadade.eu\/?product=drache-happy-babsy-zum-kuscheln-a141","title":{"rendered":"Drache Happy-Babsy, zum Kuscheln (A141)"},"content":{"rendered":"<p>Ein knuffiges, weiches Kuscheltier ist ein Geschenk, das nicht nur Kinderaugen strahlen l\u00e4sst<\/p>\n<p>Ein Blick auf Babsy am Morgen und der Tag beginnt mit einem L\u00e4cheln<\/p>\n<p>Die Anleitung ist ausf\u00fchrlich mit vielen Bildern hinterlegt und wird auf 34 Seiten\u00a0 Seiten Schritt-f\u00fcr-Schritt beschrieben!<\/p>\n<p>&nbsp;<\/p>\n<p>MEHR VARIANTEN UND IDEEN FINDET IHR HIER<\/p>\n<p><a href=\"https:\/\/dadade.eu\/?p=10298\"><strong>VIELE TOLLE BILDER<\/strong> von flei\u00dfigen Helfer und H\u00e4nden<\/a><\/p>\n<p>&nbsp;<\/p>\n<p>&nbsp;<\/p>\n<p>&nbsp;<\/p>\n","protected":false},"excerpt":{"rendered":"<div id=\"cc-m-13954443088\">\n<p>Hier kauft man die H\u00e4kelanleitung f\u00fcr dieses s\u00fc\u00dfe Drachen-M\u00e4dchen,<\/p>\n<p>Happy-Babsy ist eine richtige Grinsebacke, wer muss da nicht mitlachen.<\/p>\n<p>Happy-Babsy vertreibt \u00fcberall die schlechte Laune sofort, ein Drache vor dem man keine Angst haben muss.<\/p>\n<p>Mit dem Kauf erh\u00e4ltst du eine leicht verst\u00e4ndliche H\u00e4kelanleitung im praktischen PDF-Format.<\/p>\n<p>Die Anleitung ist auch schon f\u00fcr Anf\u00e4nger geeignet.<\/p>\n<p>Mit Nadelst\u00e4rke 3 geh\u00e4kelt, wird Babsy ungef\u00e4hr; 32cm hoch und 40cm lang<\/p>\n<p>Mit Nadelst\u00e4rke 2,5 geh\u00e4kelt, ist Babsy 20cm hoch, 25 cm lang.<\/p>\n<p>&nbsp;<\/p>\n<\/div>\n<div id=\"cc-m-13954443188\" class=\"j-module n j-text \">\n<p>&nbsp;<\/p>\n<p>&nbsp;<\/p>\n<p>&nbsp;<\/p>\n<\/div>\n","protected":false},"featured_media":11824,"template":"","meta":[],"product_brand":[],"product_cat":[56,35,39,69],"product_tag":[898,897,90,89,242,87,94,93,92,245,180,88,243,244,91,392,95,96],"class_list":{"0":"post-11823","1":"product","2":"type-product","3":"status-publish","4":"has-post-thumbnail","6":"product_cat-2einfach","7":"product_cat-amigurumi","8":"product_cat-amigurumis-zum-kuscheln","9":"product_cat-mittel","10":"product_tag-ameise","11":"product_tag-ameise-haekeln","12":"product_tag-amigurumi","13":"product_tag-baby","14":"product_tag-dekoration-haekeln","15":"product_tag-geschenk","16":"product_tag-haekelanleitung","17":"product_tag-haekeln","18":"product_tag-kinder","19":"product_tag-kuschelige-haekeltiere","20":"product_tag-kuscheltier","21":"product_tag-kuscheltier-haekeln","22":"product_tag-kuschelwolle","23":"product_tag-kuschelwolle-haekeln","24":"product_tag-plueschtier","25":"product_tag-plueschtier-haekeln","26":"product_tag-wolle","27":"product_tag-wollreste","29":"first","30":"instock","31":"downloadable","32":"shipping-taxable","33":"purchasable","34":"product-type-simple"},"_links":{"self":[{"href":"https:\/\/dadade.eu\/index.php?rest_route=\/wp\/v2\/product\/11823","targetHints":{"allow":["GET"]}}],"collection":[{"href":"https:\/\/dadade.eu\/index.php?rest_route=\/wp\/v2\/product"}],"about":[{"href":"https:\/\/dadade.eu\/index.php?rest_route=\/wp\/v2\/types\/product"}],"wp:featuredmedia":[{"embeddable":true,"href":"https:\/\/dadade.eu\/index.php?rest_route=\/wp\/v2\/media\/11824"}],"wp:attachment":[{"href":"https:\/\/dadade.eu\/index.php?rest_route=%2Fwp%2Fv2%2Fmedia&parent=11823"}],"wp:term":[{"taxonomy":"product_brand","embeddable":true,"href":"https:\/\/dadade.eu\/index.php?rest_route=%2Fwp%2Fv2%2Fproduct_brand&post=11823"},{"taxonomy":"product_cat","embeddable":true,"href":"https:\/\/dadade.eu\/index.php?rest_route=%2Fwp%2Fv2%2Fproduct_cat&post=11823"},{"taxonomy":"product_tag","embeddable":true,"href":"https:\/\/dadade.eu\/index.php?rest_route=%2Fwp%2Fv2%2Fproduct_tag&post=11823"}],"curies":[{"name":"wp","href":"https:\/\/api.w.org\/{rel}","templated":true}]}}