{"id":11398,"date":"2015-07-18T11:26:32","date_gmt":"2015-07-18T09:26:32","guid":{"rendered":"https:\/\/dadade.eu\/?post_type=product&#038;p=11398"},"modified":"2023-06-09T15:07:56","modified_gmt":"2023-06-09T13:07:56","slug":"clown-fisch-schluesselanhaenger-mit-chiptasche-kuscheltier-a906","status":"publish","type":"product","link":"https:\/\/dadade.eu\/?product=clown-fisch-schluesselanhaenger-mit-chiptasche-kuscheltier-a906","title":{"rendered":"Clown &#8211; Fisch, Schl\u00fcsselanh\u00e4nger mit Chiptasche &#038; Kuscheltier (A906)"},"content":{"rendered":"<p><img decoding=\"async\" class=\"alignnone wp-image-11405\" src=\"https:\/\/dadade.eu\/wp-content\/uploads\/2023\/03\/Clownsfisch4-Kopie-300x300.jpg\" alt=\"\" width=\"194\" height=\"194\" srcset=\"https:\/\/dadade.eu\/wp-content\/uploads\/2023\/03\/Clownsfisch4-Kopie-300x300.jpg 300w, https:\/\/dadade.eu\/wp-content\/uploads\/2023\/03\/Clownsfisch4-Kopie-100x100.jpg 100w, https:\/\/dadade.eu\/wp-content\/uploads\/2023\/03\/Clownsfisch4-Kopie-600x600.jpg 600w, https:\/\/dadade.eu\/wp-content\/uploads\/2023\/03\/Clownsfisch4-Kopie-64x64.jpg 64w, https:\/\/dadade.eu\/wp-content\/uploads\/2023\/03\/Clownsfisch4-Kopie-1024x1024.jpg 1024w, https:\/\/dadade.eu\/wp-content\/uploads\/2023\/03\/Clownsfisch4-Kopie-150x150.jpg 150w, https:\/\/dadade.eu\/wp-content\/uploads\/2023\/03\/Clownsfisch4-Kopie-768x768.jpg 768w, https:\/\/dadade.eu\/wp-content\/uploads\/2023\/03\/Clownsfisch4-Kopie-1536x1536.jpg 1536w, https:\/\/dadade.eu\/wp-content\/uploads\/2023\/03\/Clownsfisch4-Kopie-2048x2048.jpg 2048w\" sizes=\"(max-width: 194px) 100vw, 194px\" \/> der Clown-Fisch hat eine praktische Chiptasche, die Anleitung ist f\u00fcr den Schl\u00fcsselanh\u00e4nger &#8211; mit Chiptasche<\/p>\n<p><img decoding=\"async\" class=\"alignnone  wp-image-11410\" src=\"https:\/\/dadade.eu\/wp-content\/uploads\/2015\/07\/xClownsfisch-5-300x225.jpg\" alt=\"\" width=\"191\" height=\"143\" srcset=\"https:\/\/dadade.eu\/wp-content\/uploads\/2015\/07\/xClownsfisch-5-300x225.jpg 300w, https:\/\/dadade.eu\/wp-content\/uploads\/2015\/07\/xClownsfisch-5-600x450.jpg 600w, https:\/\/dadade.eu\/wp-content\/uploads\/2015\/07\/xClownsfisch-5-64x48.jpg 64w, https:\/\/dadade.eu\/wp-content\/uploads\/2015\/07\/xClownsfisch-5-1024x768.jpg 1024w, https:\/\/dadade.eu\/wp-content\/uploads\/2015\/07\/xClownsfisch-5-768x576.jpg 768w, https:\/\/dadade.eu\/wp-content\/uploads\/2015\/07\/xClownsfisch-5.jpg 1400w\" sizes=\"(max-width: 191px) 100vw, 191px\" \/>+ zus\u00e4tzlich eine Extra-Erkl\u00e4rung f\u00fcr das Kuscheltier<\/p>\n<p>Die Anleitung ist ausf\u00fchrlich mit vielen Bildern hinterlegt und wird auf 16 Seiten Schritt-f\u00fcr-Schritt beschrieben!<\/p>\n<p>&nbsp;<\/p>\n<p>&nbsp;<\/p>\n<p>MEHR VARIANTEN UND IDEEN FINDET IHR HIER<\/p>\n<p><a href=\"https:\/\/dadade.eu\/?p=11262\"><strong>VIELE TOLLE BILDER<\/strong> von flei\u00dfigen Helfer und H\u00e4nden<\/a><\/p>\n<p>&nbsp;<\/p>\n<p>&nbsp;<\/p>\n<p>&nbsp;<\/p>\n","protected":false},"excerpt":{"rendered":"<div id=\"cc-m-13954443088\">\n<p>Hier kauft man die H\u00e4kelanleitung f\u00fcr diesen sch\u00f6nen Clownfisch, in 2 Varianten<\/p>\n<p><strong>1 als kleiner Gl\u00fccksbringer,<\/strong><\/p>\n<p>Mit Baumwolle der Nadelst\u00e4rke 2 geh\u00e4kelt wird \u00a0der Fisch ein Anh\u00e4nger. Er hat im Maul ein Fach f\u00fcr einen Einkaufs-Chip, oder f\u00fcr einen Euro, und wird ungef\u00e4hr 9,5cm lang und 5 cm hoch<\/p>\n<p>Er kann an eine Handtasche, Ranzen, Autospiegel oder auch Schl\u00fcsselbund geh\u00e4ngt werden, weitere Schl\u00fcsselanh\u00e4nger findet ihr\u00a0 in meinem Shop.<\/p>\n<p>Schulanf\u00e4nger freuen sich besonders auf die kleinen Anh\u00e4nger, zuerst an die Schult\u00fcte,\u00a0dann an den Ranzen.<\/p>\n<p><strong>2 als Kuscheltier<\/strong><\/p>\n<p>Oder du h\u00e4kelst den Fisch mit der Himalaya Dolphin Baby, dann hast du ein s\u00fc\u00dfes Kuscheltier in der Gr\u00f6\u00dfe von ca 12 x 26cm<\/p>\n<\/div>\n<div id=\"cc-m-13954443188\" class=\"j-module n j-text \">\n<p>H\u00e4kelt doch mal den Fisch als Anh\u00e4nger f\u00fcr die Schult\u00fcte und in Chenille-Wolle als Kuscheltier f\u00fcr in die Schult\u00fcte hinein<\/p>\n<p>&nbsp;<\/p>\n<\/div>\n","protected":false},"featured_media":11399,"template":"","meta":[],"product_brand":[],"product_cat":[56,40,35,69],"product_tag":[90,833,89,837,839,854,853,233,242,840,834,644,852,87,557,94,93,830,831,194,92,245,180,88,243,244,761,851,829,91,392,195,838,820,821,822,823,824,682,832,95,96],"class_list":{"0":"post-11398","1":"product","2":"type-product","3":"status-publish","4":"has-post-thumbnail","6":"product_cat-2einfach","7":"product_cat-anhaenger-fuer-schluessel","8":"product_cat-amigurumi","9":"product_cat-mittel","10":"product_tag-amigurumi","11":"product_tag-anhaenger","12":"product_tag-baby","13":"product_tag-chip","14":"product_tag-chip-tasche","15":"product_tag-clown-fisch-haekeln","16":"product_tag-clownsfisch","17":"product_tag-dekoration","18":"product_tag-dekoration-haekeln","19":"product_tag-einkaufs-chip","20":"product_tag-einkaufschip","21":"product_tag-fisch","22":"product_tag-fisch-haekeln","23":"product_tag-geschenk","24":"product_tag-gluecksbringer","25":"product_tag-haekelanleitung","26":"product_tag-haekeln","27":"product_tag-key-ring","28":"product_tag-keychains","29":"product_tag-kind","30":"product_tag-kinder","31":"product_tag-kuschelige-haekeltiere","32":"product_tag-kuscheltier","33":"product_tag-kuscheltier-haekeln","34":"product_tag-kuschelwolle","35":"product_tag-kuschelwolle-haekeln","36":"product_tag-meer","37":"product_tag-nemo","38":"product_tag-originell","39":"product_tag-plueschtier","40":"product_tag-plueschtier-haekeln","41":"product_tag-praesent","42":"product_tag-samtwolle","43":"product_tag-schluesselanhaenger","44":"product_tag-schluesselanhaenger-haekeln","45":"product_tag-schluesselring","46":"product_tag-taschenbaumler","47":"product_tag-taschenbaumler-haekeln","48":"product_tag-tier","49":"product_tag-wasserbewohner","50":"product_tag-wolle","51":"product_tag-wollreste","53":"first","54":"instock","55":"downloadable","56":"shipping-taxable","57":"purchasable","58":"product-type-simple"},"_links":{"self":[{"href":"https:\/\/dadade.eu\/index.php?rest_route=\/wp\/v2\/product\/11398","targetHints":{"allow":["GET"]}}],"collection":[{"href":"https:\/\/dadade.eu\/index.php?rest_route=\/wp\/v2\/product"}],"about":[{"href":"https:\/\/dadade.eu\/index.php?rest_route=\/wp\/v2\/types\/product"}],"wp:featuredmedia":[{"embeddable":true,"href":"https:\/\/dadade.eu\/index.php?rest_route=\/wp\/v2\/media\/11399"}],"wp:attachment":[{"href":"https:\/\/dadade.eu\/index.php?rest_route=%2Fwp%2Fv2%2Fmedia&parent=11398"}],"wp:term":[{"taxonomy":"product_brand","embeddable":true,"href":"https:\/\/dadade.eu\/index.php?rest_route=%2Fwp%2Fv2%2Fproduct_brand&post=11398"},{"taxonomy":"product_cat","embeddable":true,"href":"https:\/\/dadade.eu\/index.php?rest_route=%2Fwp%2Fv2%2Fproduct_cat&post=11398"},{"taxonomy":"product_tag","embeddable":true,"href":"https:\/\/dadade.eu\/index.php?rest_route=%2Fwp%2Fv2%2Fproduct_tag&post=11398"}],"curies":[{"name":"wp","href":"https:\/\/api.w.org\/{rel}","templated":true}]}}