{"id":11332,"date":"2016-07-17T17:31:55","date_gmt":"2016-07-17T15:31:55","guid":{"rendered":"https:\/\/dadade.eu\/?post_type=product&#038;p=11332"},"modified":"2023-06-09T15:07:25","modified_gmt":"2023-06-09T13:07:25","slug":"schnabeltier-schluesselanhaenger-mit-chiptasche-kuscheltier-a919","status":"publish","type":"product","link":"https:\/\/dadade.eu\/?product=schnabeltier-schluesselanhaenger-mit-chiptasche-kuscheltier-a919","title":{"rendered":"Schnabeltier, Schl\u00fcsselanh\u00e4nger mit Chiptasche &#038; Kuscheltier (A919)"},"content":{"rendered":"<p><img decoding=\"async\" class=\"alignnone wp-image-11346\" src=\"https:\/\/dadade.eu\/wp-content\/uploads\/2023\/03\/Schnabeltier1-Kopie-300x300.jpg\" alt=\"\" width=\"200\" height=\"200\" srcset=\"https:\/\/dadade.eu\/wp-content\/uploads\/2023\/03\/Schnabeltier1-Kopie-300x300.jpg 300w, https:\/\/dadade.eu\/wp-content\/uploads\/2023\/03\/Schnabeltier1-Kopie-100x100.jpg 100w, https:\/\/dadade.eu\/wp-content\/uploads\/2023\/03\/Schnabeltier1-Kopie-600x600.jpg 600w, https:\/\/dadade.eu\/wp-content\/uploads\/2023\/03\/Schnabeltier1-Kopie-64x64.jpg 64w, https:\/\/dadade.eu\/wp-content\/uploads\/2023\/03\/Schnabeltier1-Kopie-1024x1024.jpg 1024w, https:\/\/dadade.eu\/wp-content\/uploads\/2023\/03\/Schnabeltier1-Kopie-150x150.jpg 150w, https:\/\/dadade.eu\/wp-content\/uploads\/2023\/03\/Schnabeltier1-Kopie-768x768.jpg 768w, https:\/\/dadade.eu\/wp-content\/uploads\/2023\/03\/Schnabeltier1-Kopie-1536x1536.jpg 1536w, https:\/\/dadade.eu\/wp-content\/uploads\/2023\/03\/Schnabeltier1-Kopie.jpg 1727w\" sizes=\"(max-width: 200px) 100vw, 200px\" \/> das Schnabeltier hat eine praktische Chiptasche<\/p>\n<p><img decoding=\"async\" class=\"alignnone wp-image-11347\" src=\"https:\/\/dadade.eu\/wp-content\/uploads\/2023\/03\/Schnabeltier2-300x300.jpg\" alt=\"\" width=\"198\" height=\"198\" srcset=\"https:\/\/dadade.eu\/wp-content\/uploads\/2023\/03\/Schnabeltier2-300x300.jpg 300w, https:\/\/dadade.eu\/wp-content\/uploads\/2023\/03\/Schnabeltier2-100x100.jpg 100w, https:\/\/dadade.eu\/wp-content\/uploads\/2023\/03\/Schnabeltier2-600x600.jpg 600w, https:\/\/dadade.eu\/wp-content\/uploads\/2023\/03\/Schnabeltier2-64x64.jpg 64w, https:\/\/dadade.eu\/wp-content\/uploads\/2023\/03\/Schnabeltier2-1024x1024.jpg 1024w, https:\/\/dadade.eu\/wp-content\/uploads\/2023\/03\/Schnabeltier2-150x150.jpg 150w, https:\/\/dadade.eu\/wp-content\/uploads\/2023\/03\/Schnabeltier2-768x768.jpg 768w, https:\/\/dadade.eu\/wp-content\/uploads\/2023\/03\/Schnabeltier2-1536x1536.jpg 1536w, https:\/\/dadade.eu\/wp-content\/uploads\/2023\/03\/Schnabeltier2.jpg 1727w\" sizes=\"(max-width: 198px) 100vw, 198px\" \/>und ist auch eine tolle Dekoration<\/p>\n<p>Die Anleitung ist ausf\u00fchrlich mit vielen Bildern hinterlegt und wird auf 13 Seiten Schritt-f\u00fcr-Schritt beschrieben<\/p>\n<p>&nbsp;<\/p>\n<p>MEHR VARIANTEN UND IDEEN FINDET IHR HIER<\/p>\n<p><a href=\"https:\/\/dadade.eu\/?p=11262\"><strong>VIELE TOLLE BILDER<\/strong> von flei\u00dfigen Helfer und H\u00e4nden<\/a><\/p>\n<p>&nbsp;<\/p>\n<p>&nbsp;<\/p>\n<p>&nbsp;<\/p>\n","protected":false},"excerpt":{"rendered":"<div id=\"cc-m-13954443088\">\n<p>Hier kauft man die H\u00e4kelanleitung f\u00fcr dieses sch\u00f6ne Schnabeltier, in 2 Varianten<\/p>\n<p><strong>1 als kleiner Gl\u00fccksbringer,<\/strong><\/p>\n<p>der Anh\u00e4nger ist ca 12cm lang, 8cm breit, kann an eine Handtasche, Ranzen, Autospiegel oder auch Schl\u00fcsselbund geh\u00e4ngt werden.<\/p>\n<p>Der Anh\u00e4nger hat ein Fach f\u00fcr einen Einkaufs-Chip, oder f\u00fcr einen Euro, weitere Schl\u00fcsselanh\u00e4nger findet ihr\u00a0 in meinem Shop.<\/p>\n<p>Schulanf\u00e4nger freuen sich besonders auf die kleinen Anh\u00e4nger, zuerst an die Schult\u00fcte,\u00a0dann an den Ranzen.<\/p>\n<p><strong>2 als Kuscheltier<\/strong><\/p>\n<p>mit Augen und der Himalaya Dolphin Baby Wolle geh\u00e4kelt,\u00a0 entsteht ein witziges Kuscheltier, 20cm breit und 40 cm lang<\/p>\n<\/div>\n<div id=\"cc-m-13954443188\" class=\"j-module n j-text \">\n<p>&nbsp;<\/p>\n<p>&nbsp;<\/p>\n<p>&nbsp;<\/p>\n<\/div>\n","protected":false},"featured_media":11340,"template":"","meta":[],"product_brand":[],"product_cat":[56,40,35,69],"product_tag":[90,833,639,89,837,839,233,242,840,834,87,557,94,93,830,831,194,92,245,180,88,243,244,829,91,392,195,838,820,821,822,847,848,823,824,682,95,96],"class_list":{"0":"post-11332","1":"product","2":"type-product","3":"status-publish","4":"has-post-thumbnail","6":"product_cat-2einfach","7":"product_cat-anhaenger-fuer-schluessel","8":"product_cat-amigurumi","9":"product_cat-mittel","10":"product_tag-amigurumi","11":"product_tag-anhaenger","12":"product_tag-australien","13":"product_tag-baby","14":"product_tag-chip","15":"product_tag-chip-tasche","16":"product_tag-dekoration","17":"product_tag-dekoration-haekeln","18":"product_tag-einkaufs-chip","19":"product_tag-einkaufschip","20":"product_tag-geschenk","21":"product_tag-gluecksbringer","22":"product_tag-haekelanleitung","23":"product_tag-haekeln","24":"product_tag-key-ring","25":"product_tag-keychains","26":"product_tag-kind","27":"product_tag-kinder","28":"product_tag-kuschelige-haekeltiere","29":"product_tag-kuscheltier","30":"product_tag-kuscheltier-haekeln","31":"product_tag-kuschelwolle","32":"product_tag-kuschelwolle-haekeln","33":"product_tag-originell","34":"product_tag-plueschtier","35":"product_tag-plueschtier-haekeln","36":"product_tag-praesent","37":"product_tag-samtwolle","38":"product_tag-schluesselanhaenger","39":"product_tag-schluesselanhaenger-haekeln","40":"product_tag-schluesselring","41":"product_tag-schnabeltier","42":"product_tag-schnabeltier-haekeln","43":"product_tag-taschenbaumler","44":"product_tag-taschenbaumler-haekeln","45":"product_tag-tier","46":"product_tag-wolle","47":"product_tag-wollreste","49":"first","50":"instock","51":"downloadable","52":"shipping-taxable","53":"purchasable","54":"product-type-simple"},"_links":{"self":[{"href":"https:\/\/dadade.eu\/index.php?rest_route=\/wp\/v2\/product\/11332","targetHints":{"allow":["GET"]}}],"collection":[{"href":"https:\/\/dadade.eu\/index.php?rest_route=\/wp\/v2\/product"}],"about":[{"href":"https:\/\/dadade.eu\/index.php?rest_route=\/wp\/v2\/types\/product"}],"wp:featuredmedia":[{"embeddable":true,"href":"https:\/\/dadade.eu\/index.php?rest_route=\/wp\/v2\/media\/11340"}],"wp:attachment":[{"href":"https:\/\/dadade.eu\/index.php?rest_route=%2Fwp%2Fv2%2Fmedia&parent=11332"}],"wp:term":[{"taxonomy":"product_brand","embeddable":true,"href":"https:\/\/dadade.eu\/index.php?rest_route=%2Fwp%2Fv2%2Fproduct_brand&post=11332"},{"taxonomy":"product_cat","embeddable":true,"href":"https:\/\/dadade.eu\/index.php?rest_route=%2Fwp%2Fv2%2Fproduct_cat&post=11332"},{"taxonomy":"product_tag","embeddable":true,"href":"https:\/\/dadade.eu\/index.php?rest_route=%2Fwp%2Fv2%2Fproduct_tag&post=11332"}],"curies":[{"name":"wp","href":"https:\/\/api.w.org\/{rel}","templated":true}]}}