{"id":11289,"date":"2016-08-16T18:19:53","date_gmt":"2016-08-16T16:19:53","guid":{"rendered":"https:\/\/dadade.eu\/?post_type=product&#038;p=11289"},"modified":"2023-06-09T15:07:13","modified_gmt":"2023-06-09T13:07:13","slug":"seestern-schluesselanhaenger-mit-chiptasche-kuscheltier-a921","status":"publish","type":"product","link":"https:\/\/dadade.eu\/?product=seestern-schluesselanhaenger-mit-chiptasche-kuscheltier-a921","title":{"rendered":"Seestern, Schl\u00fcsselanh\u00e4nger mit Chiptasche &#038; Kuscheltier (A921)"},"content":{"rendered":"<p><img decoding=\"async\" class=\"alignnone wp-image-11304\" src=\"https:\/\/dadade.eu\/wp-content\/uploads\/2023\/03\/xSchluesselanhaenger-Seestern-4-300x225.jpg\" alt=\"\" width=\"219\" height=\"164\" srcset=\"https:\/\/dadade.eu\/wp-content\/uploads\/2023\/03\/xSchluesselanhaenger-Seestern-4-300x225.jpg 300w, https:\/\/dadade.eu\/wp-content\/uploads\/2023\/03\/xSchluesselanhaenger-Seestern-4-600x450.jpg 600w, https:\/\/dadade.eu\/wp-content\/uploads\/2023\/03\/xSchluesselanhaenger-Seestern-4-64x48.jpg 64w, https:\/\/dadade.eu\/wp-content\/uploads\/2023\/03\/xSchluesselanhaenger-Seestern-4-1024x768.jpg 1024w, https:\/\/dadade.eu\/wp-content\/uploads\/2023\/03\/xSchluesselanhaenger-Seestern-4-768x576.jpg 768w, https:\/\/dadade.eu\/wp-content\/uploads\/2023\/03\/xSchluesselanhaenger-Seestern-4.jpg 1400w\" sizes=\"(max-width: 219px) 100vw, 219px\" \/> der Seestern hat eine praktische Chiptasche<\/p>\n<p><img decoding=\"async\" class=\"alignnone  wp-image-11291\" src=\"https:\/\/dadade.eu\/wp-content\/uploads\/2023\/03\/x1Seestern-kuschel-2-300x225.jpg\" alt=\"\" width=\"219\" height=\"164\" srcset=\"https:\/\/dadade.eu\/wp-content\/uploads\/2023\/03\/x1Seestern-kuschel-2-300x225.jpg 300w, https:\/\/dadade.eu\/wp-content\/uploads\/2023\/03\/x1Seestern-kuschel-2-600x450.jpg 600w, https:\/\/dadade.eu\/wp-content\/uploads\/2023\/03\/x1Seestern-kuschel-2-64x48.jpg 64w, https:\/\/dadade.eu\/wp-content\/uploads\/2023\/03\/x1Seestern-kuschel-2-1024x768.jpg 1024w, https:\/\/dadade.eu\/wp-content\/uploads\/2023\/03\/x1Seestern-kuschel-2-768x576.jpg 768w, https:\/\/dadade.eu\/wp-content\/uploads\/2023\/03\/x1Seestern-kuschel-2.jpg 1400w\" sizes=\"(max-width: 219px) 100vw, 219px\" \/>+ zus\u00e4tzlich eine Extra-Erkl\u00e4rung f\u00fcr das Kuscheltier<\/p>\n<p>Die Anleitung ist ausf\u00fchrlich mit vielen Bildern hinterlegt und wird auf 16 Seiten Schritt-f\u00fcr-Schritt beschrieben<\/p>\n<p>&nbsp;<\/p>\n<p>MEHR VARIANTEN UND IDEEN FINDET IHR HIER<\/p>\n<p><a href=\"https:\/\/dadade.eu\/?p=11262\"><strong>VIELE TOLLE BILDER<\/strong> von flei\u00dfigen Helfer und H\u00e4nden<\/a><\/p>\n<p>&nbsp;<\/p>\n<p>&nbsp;<\/p>\n<p>&nbsp;<\/p>\n","protected":false},"excerpt":{"rendered":"<div id=\"cc-m-13954443088\">\n<p>Hier kauft man die H\u00e4kelanleitung f\u00fcr diesen sch\u00f6nen Seestern, in 2 Varianten<\/p>\n<p><strong>1 als kleiner Gl\u00fccksbringer,<\/strong><\/p>\n<p>der Anh\u00e4nger hat einen Durchmesser von ca 11 cm, kann an eine Handtasche, Ranzen, Autospiegel oder auch Schl\u00fcsselbund geh\u00e4ngt werden.<\/p>\n<p>Der Anh\u00e4nger hat ein Fach f\u00fcr einen Einkaufs-Chip, oder f\u00fcr einen Euro, weitere Schl\u00fcsselanh\u00e4nger findet ihr\u00a0 in meinem Shop.<\/p>\n<p>Schulanf\u00e4nger freuen sich besonders auf die kleinen Anh\u00e4nger, zuerst an die Schult\u00fcte,\u00a0dann an den Ranzen.<\/p>\n<p><strong>2 als Kuscheltier<\/strong><\/p>\n<p>mit Augen und der Himalaya Dolphin Baby Wolle geh\u00e4kelt,\u00a0 entsteht ein witziges Kuscheltier, von einen Durchmesser ca 31 cm<\/p>\n<\/div>\n<div id=\"cc-m-13954443188\" class=\"j-module n j-text \">\n<p>Dieser sch\u00f6ne Seestern ist aber auch eine tolle Dekoration.<\/p>\n<p>&nbsp;<\/p>\n<p>&nbsp;<\/p>\n<\/div>\n","protected":false},"featured_media":11296,"template":"","meta":[],"product_brand":[],"product_cat":[56,40,35,69],"product_tag":[90,833,89,837,839,233,242,840,834,87,557,94,93,830,831,194,92,245,180,88,243,244,761,829,91,392,195,838,820,821,822,845,846,823,824,682,832,95,96],"class_list":{"0":"post-11289","1":"product","2":"type-product","3":"status-publish","4":"has-post-thumbnail","6":"product_cat-2einfach","7":"product_cat-anhaenger-fuer-schluessel","8":"product_cat-amigurumi","9":"product_cat-mittel","10":"product_tag-amigurumi","11":"product_tag-anhaenger","12":"product_tag-baby","13":"product_tag-chip","14":"product_tag-chip-tasche","15":"product_tag-dekoration","16":"product_tag-dekoration-haekeln","17":"product_tag-einkaufs-chip","18":"product_tag-einkaufschip","19":"product_tag-geschenk","20":"product_tag-gluecksbringer","21":"product_tag-haekelanleitung","22":"product_tag-haekeln","23":"product_tag-key-ring","24":"product_tag-keychains","25":"product_tag-kind","26":"product_tag-kinder","27":"product_tag-kuschelige-haekeltiere","28":"product_tag-kuscheltier","29":"product_tag-kuscheltier-haekeln","30":"product_tag-kuschelwolle","31":"product_tag-kuschelwolle-haekeln","32":"product_tag-meer","33":"product_tag-originell","34":"product_tag-plueschtier","35":"product_tag-plueschtier-haekeln","36":"product_tag-praesent","37":"product_tag-samtwolle","38":"product_tag-schluesselanhaenger","39":"product_tag-schluesselanhaenger-haekeln","40":"product_tag-schluesselring","41":"product_tag-seestern","42":"product_tag-seestern-haekeln","43":"product_tag-taschenbaumler","44":"product_tag-taschenbaumler-haekeln","45":"product_tag-tier","46":"product_tag-wasserbewohner","47":"product_tag-wolle","48":"product_tag-wollreste","50":"first","51":"instock","52":"downloadable","53":"shipping-taxable","54":"purchasable","55":"product-type-simple"},"_links":{"self":[{"href":"https:\/\/dadade.eu\/index.php?rest_route=\/wp\/v2\/product\/11289","targetHints":{"allow":["GET"]}}],"collection":[{"href":"https:\/\/dadade.eu\/index.php?rest_route=\/wp\/v2\/product"}],"about":[{"href":"https:\/\/dadade.eu\/index.php?rest_route=\/wp\/v2\/types\/product"}],"wp:featuredmedia":[{"embeddable":true,"href":"https:\/\/dadade.eu\/index.php?rest_route=\/wp\/v2\/media\/11296"}],"wp:attachment":[{"href":"https:\/\/dadade.eu\/index.php?rest_route=%2Fwp%2Fv2%2Fmedia&parent=11289"}],"wp:term":[{"taxonomy":"product_brand","embeddable":true,"href":"https:\/\/dadade.eu\/index.php?rest_route=%2Fwp%2Fv2%2Fproduct_brand&post=11289"},{"taxonomy":"product_cat","embeddable":true,"href":"https:\/\/dadade.eu\/index.php?rest_route=%2Fwp%2Fv2%2Fproduct_cat&post=11289"},{"taxonomy":"product_tag","embeddable":true,"href":"https:\/\/dadade.eu\/index.php?rest_route=%2Fwp%2Fv2%2Fproduct_tag&post=11289"}],"curies":[{"name":"wp","href":"https:\/\/api.w.org\/{rel}","templated":true}]}}