{"id":11188,"date":"2017-03-13T18:06:36","date_gmt":"2017-03-13T17:06:36","guid":{"rendered":"https:\/\/dadade.eu\/?post_type=product&#038;p=11188"},"modified":"2023-07-05T14:55:49","modified_gmt":"2023-07-05T12:55:49","slug":"deko-eier-umhaekelt-mit-schmetterling-margerite-h339","status":"publish","type":"product","link":"https:\/\/dadade.eu\/?product=deko-eier-umhaekelt-mit-schmetterling-margerite-h339","title":{"rendered":"Deko-Eier umh\u00e4kelt, mit Schmetterling &#038; Margerite (H339)"},"content":{"rendered":"<p>die Geschenk-Idee f\u00fcr Ostern &#8211; kleine Mitbringsel die \u00fcberall willkommen sind.<\/p>\n<p>Verschenkt die Eier doch mal mit einem sch\u00f6nen Osterstrauch.<\/p>\n<p>Die Anleitung ist ausf\u00fchrlich mit vielen Bildern hinterlegt und wird auf \u00fcber 30 Seiten Schritt-f\u00fcr-Schritt beschrieben!<\/p>\n<p>MEHR VARIANTEN UND IDEEN <strong>f\u00fcr Ostern<\/strong> FINDET IHR HIER<\/p>\n<p>&nbsp;<\/p>\n<p><a href=\"https:\/\/dadade.eu\/?p=15640\"><strong>VIELE TOLLE BILDER<\/strong> von flei\u00dfigen Helfer und H\u00e4nden<\/a><\/p>\n<p>&nbsp;<\/p>\n<p>&nbsp;<\/p>\n<p>&nbsp;<\/p>\n<p>&nbsp;<\/p>\n","protected":false},"excerpt":{"rendered":"<div id=\"cc-m-13954443088\">\n<p>Hier kauft man die H\u00e4kelanleitung \u00a0f\u00fcr diese tolle umh\u00e4kelten Eier, in 2 verschiedenen Gr\u00f6\u00dfen,<br \/>\nsowie der Schmetterling und die Margerite.<\/p>\n<p>Wohin mit den Wollresten?<br \/>\nHier ist die L\u00f6sung, f\u00fcr die Eier braucht man nicht viel Wolle.<br \/>\nDie Farben kann man kreativ ausw\u00e4hlen, je nach Wunsch und Phantasie.<\/p>\n<p>Die Eier sind vielseitig verwendbar;<br \/>\nz.B. als Super-Oster-Mitbringsel oder auch als Dekoration<br \/>\nmit Baumwolle der Nadelst\u00e4rke 2 werden die Eier 12cm + 16cm gro\u00df,<\/p>\n<p>Deiner Kreativit\u00e4t sind keine Grenzen gesetzt<\/p>\n<p>&nbsp;<\/p>\n<\/div>\n<div id=\"cc-m-13954443188\" class=\"j-module n j-text \">\n<p>&nbsp;<\/p>\n<\/div>\n","protected":false},"featured_media":11197,"template":"","meta":[],"product_brand":[],"product_cat":[56,51],"product_tag":[90,282,233,242,260,399,87,94,93,809,280,114,390,95,96],"class_list":{"0":"post-11188","1":"product","2":"type-product","3":"status-publish","4":"has-post-thumbnail","6":"product_cat-2einfach","7":"product_cat-fruehling-ostern","8":"product_tag-amigurumi","9":"product_tag-blume","10":"product_tag-dekoration","11":"product_tag-dekoration-haekeln","12":"product_tag-fruehling","13":"product_tag-fruehlingsbote","14":"product_tag-geschenk","15":"product_tag-haekelanleitung","16":"product_tag-haekeln","17":"product_tag-margarite","18":"product_tag-muttertag","19":"product_tag-ostern","20":"product_tag-schmetterling","21":"product_tag-wolle","22":"product_tag-wollreste","24":"first","25":"instock","26":"downloadable","27":"shipping-taxable","28":"purchasable","29":"product-type-simple"},"_links":{"self":[{"href":"https:\/\/dadade.eu\/index.php?rest_route=\/wp\/v2\/product\/11188","targetHints":{"allow":["GET"]}}],"collection":[{"href":"https:\/\/dadade.eu\/index.php?rest_route=\/wp\/v2\/product"}],"about":[{"href":"https:\/\/dadade.eu\/index.php?rest_route=\/wp\/v2\/types\/product"}],"wp:featuredmedia":[{"embeddable":true,"href":"https:\/\/dadade.eu\/index.php?rest_route=\/wp\/v2\/media\/11197"}],"wp:attachment":[{"href":"https:\/\/dadade.eu\/index.php?rest_route=%2Fwp%2Fv2%2Fmedia&parent=11188"}],"wp:term":[{"taxonomy":"product_brand","embeddable":true,"href":"https:\/\/dadade.eu\/index.php?rest_route=%2Fwp%2Fv2%2Fproduct_brand&post=11188"},{"taxonomy":"product_cat","embeddable":true,"href":"https:\/\/dadade.eu\/index.php?rest_route=%2Fwp%2Fv2%2Fproduct_cat&post=11188"},{"taxonomy":"product_tag","embeddable":true,"href":"https:\/\/dadade.eu\/index.php?rest_route=%2Fwp%2Fv2%2Fproduct_tag&post=11188"}],"curies":[{"name":"wp","href":"https:\/\/api.w.org\/{rel}","templated":true}]}}