{"id":10874,"date":"2016-08-07T20:00:36","date_gmt":"2016-08-07T18:00:36","guid":{"rendered":"https:\/\/dadade.eu\/?post_type=product&#038;p=10874"},"modified":"2023-05-15T16:23:17","modified_gmt":"2023-05-15T14:23:17","slug":"elefant-elo-die-spieluhr-b401","status":"publish","type":"product","link":"https:\/\/dadade.eu\/?product=elefant-elo-die-spieluhr-b401","title":{"rendered":"Elefant ELO, die Spieluhr (B401)"},"content":{"rendered":"<p><a href=\"https:\/\/youtu.be\/R4-mN4SvrMg\" target=\"_blank\" rel=\"noopener\"><img fetchpriority=\"high\" decoding=\"async\" class=\"alignnone wp-image-10876\" src=\"https:\/\/dadade.eu\/wp-content\/uploads\/2023\/03\/Spieluhr-Elefant1-300x300.jpg\" alt=\"\" width=\"228\" height=\"228\" srcset=\"https:\/\/dadade.eu\/wp-content\/uploads\/2023\/03\/Spieluhr-Elefant1-300x300.jpg 300w, https:\/\/dadade.eu\/wp-content\/uploads\/2023\/03\/Spieluhr-Elefant1-100x100.jpg 100w, https:\/\/dadade.eu\/wp-content\/uploads\/2023\/03\/Spieluhr-Elefant1-600x600.jpg 600w, https:\/\/dadade.eu\/wp-content\/uploads\/2023\/03\/Spieluhr-Elefant1-64x64.jpg 64w, https:\/\/dadade.eu\/wp-content\/uploads\/2023\/03\/Spieluhr-Elefant1-1024x1024.jpg 1024w, https:\/\/dadade.eu\/wp-content\/uploads\/2023\/03\/Spieluhr-Elefant1-150x150.jpg 150w, https:\/\/dadade.eu\/wp-content\/uploads\/2023\/03\/Spieluhr-Elefant1-768x768.jpg 768w, https:\/\/dadade.eu\/wp-content\/uploads\/2023\/03\/Spieluhr-Elefant1-1536x1536.jpg 1536w, https:\/\/dadade.eu\/wp-content\/uploads\/2023\/03\/Spieluhr-Elefant1-2048x2048.jpg 2048w\" sizes=\"(max-width: 228px) 100vw, 228px\" \/><\/a><a href=\"https:\/\/www.youtube.com\/watch?v=R4-mN4SvrMg\" target=\"_blank\" rel=\"noopener\"><strong>Hier kann man sich das Video auf Youtube ansehen, klicke auf das Bild<\/strong><\/a><\/p>\n<p>Mit dem Kauf erh\u00e4ltst du eine leicht verst\u00e4ndliche H\u00e4kelanleitung im praktischen PDF-Format.<\/p>\n<p>Die Anleitung ist ausf\u00fchrlich mit vielen Bildern hinterlegt und wird auf auf 30 Seiten Schritt-f\u00fcr-Schritt beschrieben!<\/p>\n<p>Auch das Einbauen der Spieluhr wird Schritt f\u00fcr Schritt erkl\u00e4rt!<\/p>\n<p>noch mehr Bilder von flei\u00dfigen Helfer und\u00a0 H\u00e4nden<\/p>\n<p>mehr Bilder von Spieluhren findet ihr hier<\/p>\n<p><strong><a href=\"https:\/\/dadade.eu\/?p=10708\">KLICKE HIER<\/a><\/strong><\/p>\n<p>&nbsp;<\/p>\n<p>&nbsp;<\/p>\n<p>&nbsp;<\/p>\n","protected":false},"excerpt":{"rendered":"<div id=\"cc-m-13954443088\" class=\"j-module n j-text \">\n<p>Hier kauft man nur die H\u00e4kelanleitung f\u00fcr etwas ganz Neues,<\/p>\n<p>eine Spieluhr, bei der sich keine Schnur um \u00c4rmchen oder Beinchen wickeln kann.<\/p>\n<p>Seht euch das Video an und achtet bitte auf den R\u00fcssel, der R\u00fcssel zieht sich zusammen.<\/p>\n<p>Der Elefant ist ein weiches Kuscheltier zum Kuscheln und Greifen und kann bedenkenlos mit ins Bett genommen werden.<\/p>\n<p>Mit diesem Geschenk hat man etwas ganz Besonderes.<\/p>\n<p>Mit Wolle der Nadelst\u00e4rke 3 \u2013 4 wird der Elefant ungef\u00e4hr; 43cm hoch<\/p>\n<p>Mit dem Kauf erh\u00e4lt man eine leicht verst\u00e4ndliche H\u00e4kelanleitung im praktischen PDF-Format.<\/p>\n<p>Die Anleitung ist auch schon f\u00fcr Anf\u00e4nger geeignet.<\/p>\n<\/div>\n","protected":false},"featured_media":10875,"template":"","meta":[],"product_brand":[],"product_cat":[57,39,42,70,45],"product_tag":[90,89,233,649,650,182,87,197,94,93,194,92,234,180,181,761,236,195,764,235,768,238,196,237,183,95],"class_list":{"0":"post-10874","1":"product","2":"type-product","3":"status-publish","4":"has-post-thumbnail","6":"product_cat-3mittel","7":"product_cat-amigurumis-zum-kuscheln","8":"product_cat-baby","9":"product_cat-maxi","10":"product_cat-spieluhren","11":"product_tag-amigurumi","12":"product_tag-baby","13":"product_tag-dekoration","14":"product_tag-elefant","15":"product_tag-elefant-haekeln","16":"product_tag-fein","17":"product_tag-geschenk","18":"product_tag-greifspielzeug","19":"product_tag-haekelanleitung","20":"product_tag-haekeln","21":"product_tag-kind","22":"product_tag-kinder","23":"product_tag-kinderzimmer","24":"product_tag-kuscheltier","25":"product_tag-lustig","26":"product_tag-meer","27":"product_tag-musik","28":"product_tag-praesent","29":"product_tag-schlange","30":"product_tag-spieluhr","31":"product_tag-spieluhr-elefant","32":"product_tag-spieluhr-haekeln","33":"product_tag-spielzeug","34":"product_tag-taufe","35":"product_tag-witzig","36":"product_tag-wolle","38":"first","39":"instock","40":"downloadable","41":"shipping-taxable","42":"purchasable","43":"product-type-simple"},"_links":{"self":[{"href":"https:\/\/dadade.eu\/index.php?rest_route=\/wp\/v2\/product\/10874","targetHints":{"allow":["GET"]}}],"collection":[{"href":"https:\/\/dadade.eu\/index.php?rest_route=\/wp\/v2\/product"}],"about":[{"href":"https:\/\/dadade.eu\/index.php?rest_route=\/wp\/v2\/types\/product"}],"wp:featuredmedia":[{"embeddable":true,"href":"https:\/\/dadade.eu\/index.php?rest_route=\/wp\/v2\/media\/10875"}],"wp:attachment":[{"href":"https:\/\/dadade.eu\/index.php?rest_route=%2Fwp%2Fv2%2Fmedia&parent=10874"}],"wp:term":[{"taxonomy":"product_brand","embeddable":true,"href":"https:\/\/dadade.eu\/index.php?rest_route=%2Fwp%2Fv2%2Fproduct_brand&post=10874"},{"taxonomy":"product_cat","embeddable":true,"href":"https:\/\/dadade.eu\/index.php?rest_route=%2Fwp%2Fv2%2Fproduct_cat&post=10874"},{"taxonomy":"product_tag","embeddable":true,"href":"https:\/\/dadade.eu\/index.php?rest_route=%2Fwp%2Fv2%2Fproduct_tag&post=10874"}],"curies":[{"name":"wp","href":"https:\/\/api.w.org\/{rel}","templated":true}]}}