{"id":10474,"date":"2019-12-04T22:50:48","date_gmt":"2019-12-04T21:50:48","guid":{"rendered":"https:\/\/dadade.eu\/?post_type=product&#038;p=10474"},"modified":"2023-03-04T23:14:19","modified_gmt":"2023-03-04T22:14:19","slug":"dinosaurier-terry-rex-der-t-rex-a142","status":"publish","type":"product","link":"https:\/\/dadade.eu\/?product=dinosaurier-terry-rex-der-t-rex-a142","title":{"rendered":"Dinosaurier Terry-Rex, der T-Rex (A142)"},"content":{"rendered":"<p>&nbsp;<\/p>\n<p>Die Anleitung ist ausf\u00fchrlich mit vielen Bildern hinterlegt<\/p>\n<p>und wird auf 40 Seiten Schritt-f\u00fcr-Schritt beschrieben!<\/p>\n<p>Sie ist auch schon f\u00fcr Anf\u00e4nger geeignet.<\/p>\n<p>&nbsp;<\/p>\n<p>&nbsp;<\/p>\n<p>MEHR VARIANTEN UND IDEEN von flei\u00dfigen Helfer und H\u00e4nden?<\/p>\n<p><a href=\"https:\/\/dadade.eu\/?p=10298\"><b>Klicke hier<\/b><\/a><\/p>\n<p>&nbsp;<\/p>\n<p>&nbsp;<\/p>\n<p>&nbsp;<\/p>\n","protected":false},"excerpt":{"rendered":"<div id=\"cc-m-13954443088\">\n<p>Hier kauft man die H\u00e4kelanleitung\u00a0f\u00fcr diesen coolen T-Rex,<\/p>\n<p>Dino-Fans, ob Gro\u00df oder Klein, \u00a0werden diesen Dinosaurier lieben.<\/p>\n<p>Der T-Rex ist ein Geschenk, das jedes Kinderherz h\u00f6her schlagen l\u00e4sst,<\/p>\n<p>Er ist mit Strumpfwolle geh\u00e4kelt und mit weicher Watte ausgestopft.<\/p>\n<p>Mit dem Kauf erh\u00e4ltst du eine leicht verst\u00e4ndliche H\u00e4kelanleitung im praktischen PDF-Format.<\/p>\n<p>Die Anleitung ist auch schon f\u00fcr Anf\u00e4nger geeignet.<\/p>\n<p>Mit Nadelst\u00e4rke 2,5 geh\u00e4kelt, wird Terry-Rex ungef\u00e4hr; 40cm hoch x 35cm lang<\/p>\n<p>Mit Nadelst\u00e4rke 3,5 geh\u00e4kelt, wird Terry-Rex ungef\u00e4hr; 55cm hoch x 50cm lang<\/p>\n<\/div>\n","protected":false},"featured_media":10477,"template":"","meta":[],"product_brand":[],"product_cat":[57,35,39,69],"product_tag":[90,730,89,242,667,668,669,670,732,713,734,87,94,93,92,245,180,88,243,244,91,392,731,733,95,96],"class_list":{"0":"post-10474","1":"product","2":"type-product","3":"status-publish","4":"has-post-thumbnail","6":"product_cat-3mittel","7":"product_cat-amigurumi","8":"product_cat-amigurumis-zum-kuscheln","9":"product_cat-mittel","10":"product_tag-amigurumi","11":"product_tag-amigurumi-haekeln","12":"product_tag-baby","13":"product_tag-dekoration-haekeln","14":"product_tag-dino","15":"product_tag-dino-haekeln","16":"product_tag-dinosaurier","17":"product_tag-dinosaurier-haekeln","18":"product_tag-drachen","19":"product_tag-drachen-haekeln","20":"product_tag-drachenhaekeln","21":"product_tag-geschenk","22":"product_tag-haekelanleitung","23":"product_tag-haekeln","24":"product_tag-kinder","25":"product_tag-kuschelige-haekeltiere","26":"product_tag-kuscheltier","27":"product_tag-kuscheltier-haekeln","28":"product_tag-kuschelwolle","29":"product_tag-kuschelwolle-haekeln","30":"product_tag-plueschtier","31":"product_tag-plueschtier-haekeln","32":"product_tag-t-rex","33":"product_tag-t-rex-haekeln","34":"product_tag-wolle","35":"product_tag-wollreste","37":"first","38":"instock","39":"downloadable","40":"shipping-taxable","41":"purchasable","42":"product-type-simple"},"_links":{"self":[{"href":"https:\/\/dadade.eu\/index.php?rest_route=\/wp\/v2\/product\/10474","targetHints":{"allow":["GET"]}}],"collection":[{"href":"https:\/\/dadade.eu\/index.php?rest_route=\/wp\/v2\/product"}],"about":[{"href":"https:\/\/dadade.eu\/index.php?rest_route=\/wp\/v2\/types\/product"}],"wp:featuredmedia":[{"embeddable":true,"href":"https:\/\/dadade.eu\/index.php?rest_route=\/wp\/v2\/media\/10477"}],"wp:attachment":[{"href":"https:\/\/dadade.eu\/index.php?rest_route=%2Fwp%2Fv2%2Fmedia&parent=10474"}],"wp:term":[{"taxonomy":"product_brand","embeddable":true,"href":"https:\/\/dadade.eu\/index.php?rest_route=%2Fwp%2Fv2%2Fproduct_brand&post=10474"},{"taxonomy":"product_cat","embeddable":true,"href":"https:\/\/dadade.eu\/index.php?rest_route=%2Fwp%2Fv2%2Fproduct_cat&post=10474"},{"taxonomy":"product_tag","embeddable":true,"href":"https:\/\/dadade.eu\/index.php?rest_route=%2Fwp%2Fv2%2Fproduct_tag&post=10474"}],"curies":[{"name":"wp","href":"https:\/\/api.w.org\/{rel}","templated":true}]}}