{"id":10248,"date":"2020-08-03T23:13:04","date_gmt":"2020-08-03T21:13:04","guid":{"rendered":"https:\/\/dadade.eu\/?post_type=product&#038;p=10248"},"modified":"2023-03-04T13:54:23","modified_gmt":"2023-03-04T12:54:23","slug":"ara-bella-der-suesse-papagei-a148","status":"publish","type":"product","link":"https:\/\/dadade.eu\/?product=ara-bella-der-suesse-papagei-a148","title":{"rendered":"Ara Bella, der s\u00fc\u00dfe Papagei (A148)"},"content":{"rendered":"<p><img fetchpriority=\"high\" decoding=\"async\" class=\"alignnone size-medium wp-image-10257\" src=\"https:\/\/dadade.eu\/wp-content\/uploads\/2023\/03\/xAra-Bella-und-Ara-Gon-1b-300x225.jpg\" alt=\"\" width=\"300\" height=\"225\" srcset=\"https:\/\/dadade.eu\/wp-content\/uploads\/2023\/03\/xAra-Bella-und-Ara-Gon-1b-300x225.jpg 300w, https:\/\/dadade.eu\/wp-content\/uploads\/2023\/03\/xAra-Bella-und-Ara-Gon-1b-600x450.jpg 600w, https:\/\/dadade.eu\/wp-content\/uploads\/2023\/03\/xAra-Bella-und-Ara-Gon-1b-64x48.jpg 64w, https:\/\/dadade.eu\/wp-content\/uploads\/2023\/03\/xAra-Bella-und-Ara-Gon-1b-1024x768.jpg 1024w, https:\/\/dadade.eu\/wp-content\/uploads\/2023\/03\/xAra-Bella-und-Ara-Gon-1b-768x576.jpg 768w, https:\/\/dadade.eu\/wp-content\/uploads\/2023\/03\/xAra-Bella-und-Ara-Gon-1b.jpg 1400w\" sizes=\"(max-width: 300px) 100vw, 300px\" \/>Ara-Bella liebt ihren Ara-Gon. der Papagei kann man in vielen verschiedenen Farben h\u00e4keln.<\/p>\n<p><img decoding=\"async\" class=\"alignnone size-medium wp-image-10261\" src=\"https:\/\/dadade.eu\/wp-content\/uploads\/2023\/03\/xAra-Bella-Samt-1myboshi-2-300x225.jpg\" alt=\"\" width=\"300\" height=\"225\" srcset=\"https:\/\/dadade.eu\/wp-content\/uploads\/2023\/03\/xAra-Bella-Samt-1myboshi-2-300x225.jpg 300w, https:\/\/dadade.eu\/wp-content\/uploads\/2023\/03\/xAra-Bella-Samt-1myboshi-2-600x450.jpg 600w, https:\/\/dadade.eu\/wp-content\/uploads\/2023\/03\/xAra-Bella-Samt-1myboshi-2-64x48.jpg 64w, https:\/\/dadade.eu\/wp-content\/uploads\/2023\/03\/xAra-Bella-Samt-1myboshi-2-1024x768.jpg 1024w, https:\/\/dadade.eu\/wp-content\/uploads\/2023\/03\/xAra-Bella-Samt-1myboshi-2-768x576.jpg 768w, https:\/\/dadade.eu\/wp-content\/uploads\/2023\/03\/xAra-Bella-Samt-1myboshi-2.jpg 1400w\" sizes=\"(max-width: 300px) 100vw, 300px\" \/>Ara-Bella ist das Maskottchen der Samt Ara von myboshi, gibt es auch als\u00a0myboshi&amp;friends-H\u00e4kelanleitung ,<\/p>\n<p>&nbsp;<\/p>\n<p>Die Anleitung ist ausf\u00fchrlich mit vielen Bildern hinterlegt<\/p>\n<p>und wird auf 30 Seiten Schritt-f\u00fcr-Schritt beschrieben!<\/p>\n<p>die Anleitung ist jedoch eher etwas f\u00fcr schon ge\u00fcbte Anf\u00e4nger, da das Zusammenbauen schon etwas \u00dcbung bedarf.<\/p>\n<p>&nbsp;<\/p>\n<p>&nbsp;<\/p>\n<p>MEHR VARIANTEN UND IDEEN von flei\u00dfigen Helfer und H\u00e4nden?<\/p>\n<p><a href=\"https:\/\/dadade.eu\/?p=10298\"><b>Klicke hier<\/b><\/a><\/p>\n<p>&nbsp;<\/p>\n<p>&nbsp;<\/p>\n<p>&nbsp;<\/p>\n","protected":false},"excerpt":{"rendered":"<div id=\"cc-m-13954443088\">\n<p>Hier kauft man die H\u00e4kelanleitung f\u00fcr dieses originell, kuschelweichen Papagei,<\/p>\n<div id=\"cc-m-13758358088\" class=\"j-module n j-text \">\n<p>Ich bin stolz euch den Papagei\u00a0\u00a0ARA-Bella\u00a0\u00a0vorstellen zu d\u00fcrfen, er ist kein gew\u00f6hnlicher Papagei, sondern er hat die Ehre das Maskottchen f\u00fcr die myboshi Samt &#8211; Wolle\u00a0zu sein.<\/p>\n<\/div>\n<p>Ara-Bella hat auch einen kuscheligen Freund; Ara-Gon.<\/p>\n<p>Mit Chenille-Wolle der Nadelst\u00e4rke 5 geh\u00e4kelt, wird Arabella ungef\u00e4hr;\u00a0 35cm<\/p>\n<p>Mit dem Kauf erh\u00e4lt man eine leicht verst\u00e4ndliche H\u00e4kelanleitung im praktischen PDF-Format.<\/p>\n<p>Die Anleitung ist auch schon f\u00fcr Anf\u00e4nger geeignet.<\/p>\n<\/div>\n<div id=\"cc-m-13954443188\" class=\"j-module n j-text \">\n<p>&nbsp;<\/p>\n<p>&nbsp;<\/p>\n<p>&nbsp;<\/p>\n<\/div>\n","protected":false},"featured_media":10252,"template":"","meta":[],"product_brand":[],"product_cat":[58,35,39,70],"product_tag":[90,709,710,242,87,94,93,92,245,180,88,243,244,712,711,392,95,96],"class_list":{"0":"post-10248","1":"product","2":"type-product","3":"status-publish","4":"has-post-thumbnail","6":"product_cat-4schwer","7":"product_cat-amigurumi","8":"product_cat-amigurumis-zum-kuscheln","9":"product_cat-maxi","10":"product_tag-amigurumi","11":"product_tag-ara","12":"product_tag-ara-haekeln","13":"product_tag-dekoration-haekeln","14":"product_tag-geschenk","15":"product_tag-haekelanleitung","16":"product_tag-haekeln","17":"product_tag-kinder","18":"product_tag-kuschelige-haekeltiere","19":"product_tag-kuscheltier","20":"product_tag-kuscheltier-haekeln","21":"product_tag-kuschelwolle","22":"product_tag-kuschelwolle-haekeln","23":"product_tag-papagei","24":"product_tag-papagei-haekeln","25":"product_tag-plueschtier-haekeln","26":"product_tag-wolle","27":"product_tag-wollreste","29":"first","30":"instock","31":"downloadable","32":"shipping-taxable","33":"purchasable","34":"product-type-simple"},"_links":{"self":[{"href":"https:\/\/dadade.eu\/index.php?rest_route=\/wp\/v2\/product\/10248","targetHints":{"allow":["GET"]}}],"collection":[{"href":"https:\/\/dadade.eu\/index.php?rest_route=\/wp\/v2\/product"}],"about":[{"href":"https:\/\/dadade.eu\/index.php?rest_route=\/wp\/v2\/types\/product"}],"wp:featuredmedia":[{"embeddable":true,"href":"https:\/\/dadade.eu\/index.php?rest_route=\/wp\/v2\/media\/10252"}],"wp:attachment":[{"href":"https:\/\/dadade.eu\/index.php?rest_route=%2Fwp%2Fv2%2Fmedia&parent=10248"}],"wp:term":[{"taxonomy":"product_brand","embeddable":true,"href":"https:\/\/dadade.eu\/index.php?rest_route=%2Fwp%2Fv2%2Fproduct_brand&post=10248"},{"taxonomy":"product_cat","embeddable":true,"href":"https:\/\/dadade.eu\/index.php?rest_route=%2Fwp%2Fv2%2Fproduct_cat&post=10248"},{"taxonomy":"product_tag","embeddable":true,"href":"https:\/\/dadade.eu\/index.php?rest_route=%2Fwp%2Fv2%2Fproduct_tag&post=10248"}],"curies":[{"name":"wp","href":"https:\/\/api.w.org\/{rel}","templated":true}]}}