{"id":10102,"date":"2018-02-26T20:27:17","date_gmt":"2018-02-26T19:27:17","guid":{"rendered":"https:\/\/dadade.eu\/?post_type=product&#038;p=10102"},"modified":"2024-01-25T12:07:40","modified_gmt":"2024-01-25T11:07:40","slug":"geschenk-verpackung-osterkalender-g407","status":"publish","type":"product","link":"https:\/\/dadade.eu\/?product=geschenk-verpackung-osterkalender-g407","title":{"rendered":"Geschenk-Verpackung, Osterkalender (G407)"},"content":{"rendered":"<p>Herr Ente ist der Fotograf, bitte alle recht freundlich l\u00e4cheln<\/p>\n<p>Na, stehen jetzt alle richtig f\u00fcr das Gruppenfoto???<\/p>\n<p>5 Tier-Paare\u00a0 = 10 Tage Kalender = 10 Tage \u00dcberraschung<\/p>\n<p><img decoding=\"async\" class=\"alignnone wp-image-10029\" src=\"https:\/\/dadade.eu\/wp-content\/uploads\/2023\/02\/x10-Oster-Kalender-10-Tiere2b-300x225.jpg\" alt=\"\" width=\"231\" height=\"173\" srcset=\"https:\/\/dadade.eu\/wp-content\/uploads\/2023\/02\/x10-Oster-Kalender-10-Tiere2b-300x225.jpg 300w, https:\/\/dadade.eu\/wp-content\/uploads\/2023\/02\/x10-Oster-Kalender-10-Tiere2b-600x450.jpg 600w, https:\/\/dadade.eu\/wp-content\/uploads\/2023\/02\/x10-Oster-Kalender-10-Tiere2b-64x48.jpg 64w, https:\/\/dadade.eu\/wp-content\/uploads\/2023\/02\/x10-Oster-Kalender-10-Tiere2b-1024x768.jpg 1024w, https:\/\/dadade.eu\/wp-content\/uploads\/2023\/02\/x10-Oster-Kalender-10-Tiere2b-768x576.jpg 768w, https:\/\/dadade.eu\/wp-content\/uploads\/2023\/02\/x10-Oster-Kalender-10-Tiere2b.jpg 1500w\" sizes=\"(max-width: 231px) 100vw, 231px\" \/>10 Tierchen die das Warten auf Ostern leichter machen, in jedes Tierchen geht ein \u00dcberraschungs-Ei, oder einfach mit sonstigen Kleinigkeiten f\u00fcllen. Alle zusammen ergeben einen einzigartigen Oster-Kalender, oder ein Tier-Paar 5x h\u00e4keln.<\/p>\n<p>Wie w\u00e4re es die Tierchen mal mit Chenillewolle zu h\u00e4keln? Sie werden dann mit Nadelst\u00e4rke 4, ungef\u00e4hr, bis zur M\u00fctzenspitze 38cm, und schon passt ein gr\u00f6\u00dferes Geschenk hinein.<\/p>\n<p>Die Tier gibt es auch alle einzeln, sie sind wunderbare Geschenkverpackungen,<\/p>\n<p><strong>im Doppelpack\/Osterkalender<\/strong><\/p>\n<p><strong><u><\/u><u><a href=\"https:\/\/dadade.eu\/?product=geschenk-verpackung-frau-huhn-herr-hahn-g402\" target=\"_blank\" rel=\"noopener\">G402 Frau Huhn &amp; Herr Hahn<\/a><\/u><\/strong><\/p>\n<p><a title=\"A168 Gl\u00fccks-Vogel\" href=\"https:\/\/dadade.eu\/?product=geschenk-verpackung-frau-gans-herr-ente-g403\" target=\"_blank\" rel=\"noopener\"><strong><u>G403 Frau Gans &amp; Herr\u00a0 Ente<\/u><\/strong><\/a><\/p>\n<p><strong><a href=\"https:\/\/dadade.eu\/?product=geschenk-verpackung-frau-schaf-herr-schafbock-g404\" target=\"_blank\" rel=\"noopener\"><u>G404 Frau Schaf &amp; Herr Schafbock<\/u><\/a><\/strong><\/p>\n<p><strong><a href=\"https:\/\/dadade.eu\/?product=geschenk-verpackung-frau-herr-marienkaefer-g405\" target=\"_blank\" rel=\"noopener\"><u>G405 Frau &amp; Herr Marienk\u00e4fer<\/u><\/a><\/strong><\/p>\n<p><strong><a href=\"https:\/\/dadade.eu\/?product=geschenk-verpackung-frau-herr-hase-g406\" target=\"_blank\" rel=\"noopener\"><u>G406 Frau &amp; Herr Hase<\/u><\/a><\/strong><\/p>\n<p>Die Anleitung ist ausf\u00fchrlich mit vielen Bildern hinterlegt und wird auf je 20 Seiten Schritt-f\u00fcr-Schritt beschrieben!<\/p>\n<p>&nbsp;<\/p>\n<p>MEHR VARIANTEN UND IDEEN FINDET IHR HIER<\/p>\n<p>&nbsp;<\/p>\n<p><a href=\"https:\/\/dadade.eu\/?p=15640\"><strong>VIELE TOLLE BILDER<\/strong> von flei\u00dfigen Helfer und H\u00e4nden<\/a><\/p>\n<p>&nbsp;<\/p>\n<p>&nbsp;<\/p>\n<p>&nbsp;<\/p>\n<p>&nbsp;<\/p>\n","protected":false},"excerpt":{"rendered":"<div id=\"cc-m-13954443088\">\n<p>Hier kauft man die H\u00e4kelanleitung f\u00fcr diesen ungew\u00f6hnlichen Osterkalender.<\/p>\n<p>Warum gibt es immer nur einen Adventskalender? Hier gibt es einen tierisch, sch\u00f6nen Osterkalender zum Selber Zusammenstellen.<\/p>\n<p>Fr\u00fchlingsgef\u00fchle bei den Tieren<\/p>\n<p>Frau Gans und Herr Ente bereiten das Osterfest vor. Frau Gans hat sich extra f\u00fcr das Osterfest rausgeputzt, mit Schleife und Hut und Herr Ente hat seine Kamera frisch poliert um sch\u00f6ne Fotos zu machen.<\/p>\n<p>Frau Huhn und Herr Hahn, sind auch bei Ente und Gans eingeladen,\u00a0Frau Huhn hat sich mit\u00a0einer Schleife feingemacht\u00a0und Herr Hahn hat sich extra einen Schlips umgebunden. Beide freuen sich schon auf das Wiedersehen mit den anderen.<\/p>\n<p>Herr und Frau Marienk\u00e4fer sind auch schon zum Abflug fertig. Lady Marienk\u00e4fer kommt im R\u00f6ckchen und hat sich ihren besten Hut aufgesetzt, Mister Marienk\u00e4fer mit Hose, hat eine Blume f\u00fcr die Gastgeber dabei.<\/p>\n<p>Frau Schaf hat sich\u00a0f\u00fcr das\u00a0schlichte, kleine\u00a0Schwarze entschieden, mit Hut in fr\u00fchlingsgr\u00fcn und gelb, macht sie sich mit Herr Schafbock auf den Weg, er hat sich noch schnell H\u00f6rner\u00a0poliert\u00a0und die Glocke umgeh\u00e4ngt.<\/p>\n<p>Zum Guten Schlu\u00df machen sich auch noch Herr Hase und Frau H\u00e4sin auf den Weg. Frau H\u00e4sin elegant mit Hut und R\u00f6ckchen, schnappt sie sich Ihren Korb, Herr Hase mit seiner besten Hose, nimmt seinen Rucksack mit, die Beide wollen Eier an ihre Freunde verteilen.<\/p>\n<p>Sie alle sind nicht nur eine sch\u00f6ne Dekoration, z.B. f\u00fcr den Ostertisch, sie haben auch noch f\u00fcr ein kleines Geschenk Platz im Bauch!<\/p>\n<p>Hier hast du viele M\u00f6glichkeiten, es gibt es noch viele andere Geschenk-, bzw. Kalender-Figuren in meinem Shop, sodass du dir deinen Kalender individuell zusammenstellen kannst. Der Bauch ist so gro\u00df, dass ein \u00dcberraschungs-Ei Platz findet.<\/p>\n<p>Du suchst eine originelle Geschenkverpackung, die Figuren sind witzige Geschenk-Verpackungen, nicht nur f\u00fcr Ostern.<\/p>\n<p>Den Osterkalender kannst du dann auch f\u00fcr Weihnachten ausweiten, denn nat\u00fcrlich sind auch die Weihnachts-M\u00fctzen mit dabei.<\/p>\n<p>Deiner Kreativit\u00e4t sind keine Grenzen gesetzt<\/p>\n<p>Mit Wolle der Nadelst\u00e4rke 2 werden die Figuren ungef\u00e4hr; 11-15cm hoch<\/p>\n<\/div>\n","protected":false},"featured_media":10031,"template":"","meta":[],"product_brand":[],"product_cat":[56,35,501,51,41],"product_tag":[684,685,90,295,89,233,242,254,260,399,402,87,688,686,298,687,595,94,93,113,693,578,593,680,92,245,180,243,244,100,280,689,114,392,426,424,690,691,162,682,681,683,95,96],"class_list":{"0":"post-10102","1":"product","2":"type-product","3":"status-publish","4":"has-post-thumbnail","6":"product_cat-2einfach","7":"product_cat-amigurumi","8":"product_cat-ostern-amigurumi","9":"product_cat-fruehling-ostern","10":"product_cat-geschenkverpackungen","11":"product_tag-advent","12":"product_tag-adventskalender","13":"product_tag-amigurumi","14":"product_tag-anleitung","15":"product_tag-baby","16":"product_tag-dekoration","17":"product_tag-dekoration-haekeln","18":"product_tag-ente","19":"product_tag-fruehling","20":"product_tag-fruehlingsbote","21":"product_tag-gans","22":"product_tag-geschenk","23":"product_tag-geschenk-saeckchen","24":"product_tag-geschenk-tasche","25":"product_tag-geschenkverpackung","26":"product_tag-geschenkverpackung-haekeln","27":"product_tag-hahn","28":"product_tag-haekelanleitung","29":"product_tag-haekeln","30":"product_tag-hase","31":"product_tag-haesin","32":"product_tag-henne","33":"product_tag-huhn","34":"product_tag-kalender","35":"product_tag-kinder","36":"product_tag-kuschelige-haekeltiere","37":"product_tag-kuscheltier","38":"product_tag-kuschelwolle","39":"product_tag-kuschelwolle-haekeln","40":"product_tag-marienkaefer","41":"product_tag-muttertag","42":"product_tag-osterkalender","43":"product_tag-ostern","44":"product_tag-plueschtier-haekeln","45":"product_tag-schaf","46":"product_tag-schaf-haekeln","47":"product_tag-schafbock","48":"product_tag-schafbock-haekeln","49":"product_tag-sternchen","50":"product_tag-tier","51":"product_tag-ueberraschung","52":"product_tag-weihnachten","53":"product_tag-wolle","54":"product_tag-wollreste","56":"first","57":"instock","58":"downloadable","59":"shipping-taxable","60":"purchasable","61":"product-type-simple"},"_links":{"self":[{"href":"https:\/\/dadade.eu\/index.php?rest_route=\/wp\/v2\/product\/10102","targetHints":{"allow":["GET"]}}],"collection":[{"href":"https:\/\/dadade.eu\/index.php?rest_route=\/wp\/v2\/product"}],"about":[{"href":"https:\/\/dadade.eu\/index.php?rest_route=\/wp\/v2\/types\/product"}],"wp:featuredmedia":[{"embeddable":true,"href":"https:\/\/dadade.eu\/index.php?rest_route=\/wp\/v2\/media\/10031"}],"wp:attachment":[{"href":"https:\/\/dadade.eu\/index.php?rest_route=%2Fwp%2Fv2%2Fmedia&parent=10102"}],"wp:term":[{"taxonomy":"product_brand","embeddable":true,"href":"https:\/\/dadade.eu\/index.php?rest_route=%2Fwp%2Fv2%2Fproduct_brand&post=10102"},{"taxonomy":"product_cat","embeddable":true,"href":"https:\/\/dadade.eu\/index.php?rest_route=%2Fwp%2Fv2%2Fproduct_cat&post=10102"},{"taxonomy":"product_tag","embeddable":true,"href":"https:\/\/dadade.eu\/index.php?rest_route=%2Fwp%2Fv2%2Fproduct_tag&post=10102"}],"curies":[{"name":"wp","href":"https:\/\/api.w.org\/{rel}","templated":true}]}}